216.73.216.174 - - [07/Mar/2026:08:31:08 -0500] "GET /intall.php?fileloc=%2Fhome%2Fcoopserp%2Fpublic_html%2Fwp-admin%2Fimages%2Fno.png&path=%2Fhome%2Fcoopserp%2Fpublic_html%2Fwp-admin%2Fimages HTTP/2" 200 3433 "-" "Mozilla/5.0 AppleWebKit/537.36 (KHTML, like Gecko; compatible; ClaudeBot/1.0; +claudebot@anthropic.com)"
216.73.216.174 - - [07/Mar/2026:08:31:08 -0500] "GET /intall.php?fileloc=%2Fhome%2Fcoopserp%2Fpublic_html%2Fwp-includes%2Fimages%2Fcrystal%2Fdefault.png&path=%2Fhome%2Fcoopserp%2Fpublic_html%2Fwp-includes%2Fimages%2Fcrystal HTTP/2" 200 3317 "-" "Mozilla/5.0 AppleWebKit/537.36 (KHTML, like Gecko; compatible; ClaudeBot/1.0; +claudebot@anthropic.com)"
57.141.6.70 - - [07/Mar/2026:08:31:08 -0500] "GET /?u=115639761533 HTTP/2" 200 218191 "-" "meta-externalagent/1.1 (+https://developers.facebook.com/docs/sharing/webmasters/crawler)"
216.73.216.174 - - [07/Mar/2026:08:31:08 -0500] "GET /intall.php?fileloc=%2Fhome%2Fcoopserp%2Fpublic_html%2Fwp-admin%2Fimages%2Fse.png&path=%2Fhome%2Fcoopserp%2Fpublic_html%2Fwp-admin%2Fimages HTTP/2" 200 2939 "-" "Mozilla/5.0 AppleWebKit/537.36 (KHTML, like Gecko; compatible; ClaudeBot/1.0; +claudebot@anthropic.com)"
216.73.216.174 - - [07/Mar/2026:08:31:08 -0500] "GET /intall.php?fileloc=%2Fhome%2Fcoopserp%2Fpublic_html%2Fwp-admin%2Fimages%2Farrows.png&path=%2Fhome%2Fcoopserp%2Fpublic_html%2Fwp-admin%2Fimages HTTP/2" 200 3083 "-" "Mozilla/5.0 AppleWebKit/537.36 (KHTML, like Gecko; compatible; ClaudeBot/1.0; +claudebot@anthropic.com)"
216.73.216.174 - - [07/Mar/2026:08:31:08 -0500] "GET /intall.php?fileloc=%2Fhome%2Fcoopserp%2Fpublic_html%2Fwp-admin%2Fimages%2Ffreedom-3.svg&path=%2Fhome%2Fcoopserp%2Fpublic_html%2Fwp-admin%2Fimages HTTP/2" 200 3471 "-" "Mozilla/5.0 AppleWebKit/537.36 (KHTML, like Gecko; compatible; ClaudeBot/1.0; +claudebot@anthropic.com)"
57.141.6.67 - - [07/Mar/2026:08:31:08 -0500] "GET /index.php/??u=311123874645 HTTP/2" 404 1251 "-" "meta-externalagent/1.1 (+https://developers.facebook.com/docs/sharing/webmasters/crawler)"
57.141.6.1 - - [07/Mar/2026:08:31:09 -0500] "GET /index.php/??u=372155549371 HTTP/2" 404 1251 "-" "meta-externalagent/1.1 (+https://developers.facebook.com/docs/sharing/webmasters/crawler)"
57.141.6.48 - - [07/Mar/2026:08:31:09 -0500] "GET /?u=25358951661 HTTP/2" 200 218755 "-" "meta-externalagent/1.1 (+https://developers.facebook.com/docs/sharing/webmasters/crawler)"
57.141.6.41 - - [07/Mar/2026:08:31:10 -0500] "GET /?u=556225656715 HTTP/2" 200 218755 "-" "meta-externalagent/1.1 (+https://developers.facebook.com/docs/sharing/webmasters/crawler)"
57.141.6.67 - - [07/Mar/2026:08:31:10 -0500] "GET /?u=252918849227 HTTP/2" 200 218755 "-" "meta-externalagent/1.1 (+https://developers.facebook.com/docs/sharing/webmasters/crawler)"
57.141.6.42 - - [07/Mar/2026:08:31:10 -0500] "GET /?u=56172300855 HTTP/2" 200 218755 "-" "meta-externalagent/1.1 (+https://developers.facebook.com/docs/sharing/webmasters/crawler)"
57.141.6.74 - - [07/Mar/2026:08:31:11 -0500] "GET /index.php/??u=151221449617 HTTP/2" 404 1251 "-" "meta-externalagent/1.1 (+https://developers.facebook.com/docs/sharing/webmasters/crawler)"
65.108.2.171 - - [07/Mar/2026:08:31:09 -0500] "GET /abrand.php?gzfile=L2hvbWUvY29vcHNlcnAvcHVibGljX2h0bWwvd3AtYWRtaW4vc2l0ZS1oZWFsdGgtaW5mby5waHA= HTTP/1.1" 200 71590 "-" "Mozilla/5.0 (compatible; MJ12bot/v1.4.8; http://mj12bot.com/)"
57.141.6.42 - - [07/Mar/2026:08:31:12 -0500] "GET /index.php/??u=358447668633 HTTP/2" 404 1251 "-" "meta-externalagent/1.1 (+https://developers.facebook.com/docs/sharing/webmasters/crawler)"
57.141.6.7 - - [07/Mar/2026:08:31:12 -0500] "GET /?u=331571561565 HTTP/2" 200 218755 "-" "meta-externalagent/1.1 (+https://developers.facebook.com/docs/sharing/webmasters/crawler)"
57.141.6.39 - - [07/Mar/2026:08:31:13 -0500] "GET /?u=237561803994 HTTP/2" 200 218755 "-" "meta-externalagent/1.1 (+https://developers.facebook.com/docs/sharing/webmasters/crawler)"
57.141.6.20 - - [07/Mar/2026:08:31:13 -0500] "GET /index.php/??u=101907088407 HTTP/2" 404 1251 "-" "meta-externalagent/1.1 (+https://developers.facebook.com/docs/sharing/webmasters/crawler)"
74.7.243.241 - - [07/Mar/2026:08:31:14 -0500] "GET /intall.php?fileloc=//proc/4068076/root/lib/.build-id/72/87ac8d7a733fd042d0ee1da8c41b65bd721c81&path=//proc/4068076/root/lib/.build-id/72 HTTP/2" 200 7702 "https://mail.coopserpugranltda.com/intall.php?path=//proc/4068076/root/lib/.build-id/72" "Mozilla/5.0 AppleWebKit/537.36 (KHTML, like Gecko; compatible; GPTBot/1.3; +https://openai.com/gptbot)"
57.141.6.39 - - [07/Mar/2026:08:31:14 -0500] "GET /?u=217934550055 HTTP/2" 200 219290 "-" "meta-externalagent/1.1 (+https://developers.facebook.com/docs/sharing/webmasters/crawler)"
57.141.6.35 - - [07/Mar/2026:08:31:14 -0500] "GET /?u=395456420978 HTTP/2" 200 219290 "-" "meta-externalagent/1.1 (+https://developers.facebook.com/docs/sharing/webmasters/crawler)"
57.141.6.45 - - [07/Mar/2026:08:31:15 -0500] "GET /?u=450836817454 HTTP/2" 200 219290 "-" "meta-externalagent/1.1 (+https://developers.facebook.com/docs/sharing/webmasters/crawler)"
57.141.6.60 - - [07/Mar/2026:08:31:15 -0500] "GET /index.php/??u=382217975243 HTTP/2" 404 1251 "-" "meta-externalagent/1.1 (+https://developers.facebook.com/docs/sharing/webmasters/crawler)"
57.141.6.34 - - [07/Mar/2026:08:31:17 -0500] "GET /index.php/??u=569811879000 HTTP/2" 404 1251 "-" "meta-externalagent/1.1 (+https://developers.facebook.com/docs/sharing/webmasters/crawler)"
57.141.6.23 - - [07/Mar/2026:08:31:17 -0500] "GET /?u=302628820750 HTTP/2" 200 219290 "-" "meta-externalagent/1.1 (+https://developers.facebook.com/docs/sharing/webmasters/crawler)"
57.141.6.60 - - [07/Mar/2026:08:31:17 -0500] "GET /?u=550075222932 HTTP/2" 200 219290 "-" "meta-externalagent/1.1 (+https://developers.facebook.com/docs/sharing/webmasters/crawler)"
57.141.6.41 - - [07/Mar/2026:08:31:17 -0500] "GET /?u=254768114510 HTTP/2" 200 219290 "-" "meta-externalagent/1.1 (+https://developers.facebook.com/docs/sharing/webmasters/crawler)"
57.141.6.3 - - [07/Mar/2026:08:31:18 -0500] "GET /?u=500204641706 HTTP/2" 200 219290 "-" "meta-externalagent/1.1 (+https://developers.facebook.com/docs/sharing/webmasters/crawler)"
57.141.6.35 - - [07/Mar/2026:08:31:18 -0500] "GET /?u=43282134570 HTTP/2" 200 219290 "-" "meta-externalagent/1.1 (+https://developers.facebook.com/docs/sharing/webmasters/crawler)"
57.141.6.33 - - [07/Mar/2026:08:31:19 -0500] "GET /?u=116394780673 HTTP/2" 200 219290 "-" "meta-externalagent/1.1 (+https://developers.facebook.com/docs/sharing/webmasters/crawler)"
57.141.6.3 - - [07/Mar/2026:08:31:19 -0500] "GET /index.php/??u=291458291457 HTTP/2" 404 1251 "-" "meta-externalagent/1.1 (+https://developers.facebook.com/docs/sharing/webmasters/crawler)"
65.108.2.171 - - [07/Mar/2026:08:31:14 -0500] "GET /abrand.php?gzfile=L2hvbWUvY29vcHNlcnAvcHVibGljX2h0bWwvd3AtYWRtaW4vc2l0ZS1oZWFsdGgucGhw HTTP/1.1" 200 71609 "-" "Mozilla/5.0 (compatible; MJ12bot/v1.4.8; http://mj12bot.com/)"
57.141.6.20 - - [07/Mar/2026:08:31:20 -0500] "GET /?u=18044492580 HTTP/2" 200 219290 "-" "meta-externalagent/1.1 (+https://developers.facebook.com/docs/sharing/webmasters/crawler)"
57.141.6.10 - - [07/Mar/2026:08:31:20 -0500] "GET /index.php/??u=32849140840 HTTP/2" 404 1251 "-" "meta-externalagent/1.1 (+https://developers.facebook.com/docs/sharing/webmasters/crawler)"
57.141.6.59 - - [07/Mar/2026:08:31:21 -0500] "GET /?u=308741383570 HTTP/2" 200 219290 "-" "meta-externalagent/1.1 (+https://developers.facebook.com/docs/sharing/webmasters/crawler)"
57.141.6.5 - - [07/Mar/2026:08:31:21 -0500] "GET /index.php/??u=491885144472 HTTP/2" 404 1251 "-" "meta-externalagent/1.1 (+https://developers.facebook.com/docs/sharing/webmasters/crawler)"
57.141.6.4 - - [07/Mar/2026:08:31:22 -0500] "GET /index.php/??u=292074425733 HTTP/2" 404 1251 "-" "meta-externalagent/1.1 (+https://developers.facebook.com/docs/sharing/webmasters/crawler)"
57.141.6.40 - - [07/Mar/2026:08:31:22 -0500] "GET /?u=283553500091 HTTP/2" 200 219806 "-" "meta-externalagent/1.1 (+https://developers.facebook.com/docs/sharing/webmasters/crawler)"
57.141.6.60 - - [07/Mar/2026:08:31:23 -0500] "GET /?u=264161752004 HTTP/2" 200 219806 "-" "meta-externalagent/1.1 (+https://developers.facebook.com/docs/sharing/webmasters/crawler)"
57.141.6.54 - - [07/Mar/2026:08:31:23 -0500] "GET /index.php/??u=443189378061 HTTP/2" 404 1251 "-" "meta-externalagent/1.1 (+https://developers.facebook.com/docs/sharing/webmasters/crawler)"
57.141.6.18 - - [07/Mar/2026:08:31:24 -0500] "GET /index.php/??u=396894334838 HTTP/2" 404 1251 "-" "meta-externalagent/1.1 (+https://developers.facebook.com/docs/sharing/webmasters/crawler)"
57.141.6.68 - - [07/Mar/2026:08:31:24 -0500] "GET /index.php/??u=313794140139 HTTP/2" 404 1251 "-" "meta-externalagent/1.1 (+https://developers.facebook.com/docs/sharing/webmasters/crawler)"
65.108.2.171 - - [07/Mar/2026:08:31:21 -0500] "GET /abrand.php?gzfile=L2hvbWUvY29vcHNlcnAvcHVibGljX2h0bWwvd3AtYWRtaW4vcG9zdC1uZXcucGhw HTTP/1.1" 200 71736 "-" "Mozilla/5.0 (compatible; MJ12bot/v1.4.8; http://mj12bot.com/)"
57.141.6.50 - - [07/Mar/2026:08:31:25 -0500] "GET /?u=218782137908 HTTP/2" 200 219806 "-" "meta-externalagent/1.1 (+https://developers.facebook.com/docs/sharing/webmasters/crawler)"
57.141.6.63 - - [07/Mar/2026:08:31:25 -0500] "GET /?u=434652881030 HTTP/2" 200 219806 "-" "meta-externalagent/1.1 (+https://developers.facebook.com/docs/sharing/webmasters/crawler)"
57.141.6.66 - - [07/Mar/2026:08:31:26 -0500] "GET /index.php/??u=433702083969 HTTP/2" 404 1251 "-" "meta-externalagent/1.1 (+https://developers.facebook.com/docs/sharing/webmasters/crawler)"
57.141.6.19 - - [07/Mar/2026:08:31:26 -0500] "GET /?u=402475597750 HTTP/2" 200 220299 "-" "meta-externalagent/1.1 (+https://developers.facebook.com/docs/sharing/webmasters/crawler)"
57.141.6.51 - - [07/Mar/2026:08:31:27 -0500] "GET /index.php/??u=34981560993 HTTP/2" 404 1251 "-" "meta-externalagent/1.1 (+https://developers.facebook.com/docs/sharing/webmasters/crawler)"
57.141.6.21 - - [07/Mar/2026:08:31:27 -0500] "GET /index.php/??u=436863363068 HTTP/2" 404 1251 "-" "meta-externalagent/1.1 (+https://developers.facebook.com/docs/sharing/webmasters/crawler)"
57.141.6.39 - - [07/Mar/2026:08:31:27 -0500] "GET /?u=51913717982 HTTP/2" 200 220299 "-" "meta-externalagent/1.1 (+https://developers.facebook.com/docs/sharing/webmasters/crawler)"
57.141.6.31 - - [07/Mar/2026:08:31:28 -0500] "GET /index.php/??u=18300161068 HTTP/2" 404 1251 "-" "meta-externalagent/1.1 (+https://developers.facebook.com/docs/sharing/webmasters/crawler)"
57.141.6.32 - - [07/Mar/2026:08:31:29 -0500] "GET /index.php/??u=551903453377 HTTP/2" 404 1251 "-" "meta-externalagent/1.1 (+https://developers.facebook.com/docs/sharing/webmasters/crawler)"
65.108.2.171 - - [07/Mar/2026:08:31:26 -0500] "GET /abrand.php?gzfile=L2hvbWUvY29vcHNlcnAvcHVibGljX2h0bWwvd3AtYWRtaW4vcG9zdC5waHA= HTTP/1.1" 200 71849 "-" "Mozilla/5.0 (compatible; MJ12bot/v1.4.8; http://mj12bot.com/)"
57.141.6.11 - - [07/Mar/2026:08:31:29 -0500] "GET /?u=58882688297 HTTP/2" 200 220299 "-" "meta-externalagent/1.1 (+https://developers.facebook.com/docs/sharing/webmasters/crawler)"
57.141.6.40 - - [07/Mar/2026:08:31:30 -0500] "GET /?u=300676495469 HTTP/2" 200 220299 "-" "meta-externalagent/1.1 (+https://developers.facebook.com/docs/sharing/webmasters/crawler)"
57.141.6.61 - - [07/Mar/2026:08:31:30 -0500] "GET /index.php/??u=250043638560 HTTP/2" 404 1251 "-" "meta-externalagent/1.1 (+https://developers.facebook.com/docs/sharing/webmasters/crawler)"
57.141.6.16 - - [07/Mar/2026:08:31:31 -0500] "GET /index.php/??u=52092076561 HTTP/2" 404 1251 "-" "meta-externalagent/1.1 (+https://developers.facebook.com/docs/sharing/webmasters/crawler)"
57.141.6.3 - - [07/Mar/2026:08:31:32 -0500] "GET /?u=180002648203 HTTP/2" 200 220846 "-" "meta-externalagent/1.1 (+https://developers.facebook.com/docs/sharing/webmasters/crawler)"
57.141.6.52 - - [07/Mar/2026:08:31:32 -0500] "GET /?u=516149031313 HTTP/2" 200 220846 "-" "meta-externalagent/1.1 (+https://developers.facebook.com/docs/sharing/webmasters/crawler)"
57.141.6.32 - - [07/Mar/2026:08:31:32 -0500] "GET /?u=569472604286 HTTP/2" 200 220846 "-" "meta-externalagent/1.1 (+https://developers.facebook.com/docs/sharing/webmasters/crawler)"
57.141.6.6 - - [07/Mar/2026:08:31:33 -0500] "GET /index.php/??u=366989005752 HTTP/2" 404 1251 "-" "meta-externalagent/1.1 (+https://developers.facebook.com/docs/sharing/webmasters/crawler)"
57.141.6.48 - - [07/Mar/2026:08:31:33 -0500] "GET /?u=523299920461 HTTP/2" 200 220846 "-" "meta-externalagent/1.1 (+https://developers.facebook.com/docs/sharing/webmasters/crawler)"
57.141.6.34 - - [07/Mar/2026:08:31:34 -0500] "GET /index.php/??u=446655485630 HTTP/2" 404 1251 "-" "meta-externalagent/1.1 (+https://developers.facebook.com/docs/sharing/webmasters/crawler)"
65.108.2.171 - - [07/Mar/2026:08:31:31 -0500] "GET /abrand.php?gzfile=L2hvbWUvY29vcHNlcnAvcHVibGljX2h0bWwvd3AtYWRtaW4vcGx1Z2luLWVkaXRvci5waHA= HTTP/1.1" 200 71805 "-" "Mozilla/5.0 (compatible; MJ12bot/v1.4.8; http://mj12bot.com/)"
57.141.6.64 - - [07/Mar/2026:08:31:34 -0500] "GET /?u=404770365735 HTTP/2" 200 220846 "-" "meta-externalagent/1.1 (+https://developers.facebook.com/docs/sharing/webmasters/crawler)"
57.141.6.20 - - [07/Mar/2026:08:31:35 -0500] "GET /?u=353398109495 HTTP/2" 200 220846 "-" "meta-externalagent/1.1 (+https://developers.facebook.com/docs/sharing/webmasters/crawler)"
57.141.6.9 - - [07/Mar/2026:08:31:35 -0500] "GET /?u=83735306740 HTTP/2" 200 220846 "-" "meta-externalagent/1.1 (+https://developers.facebook.com/docs/sharing/webmasters/crawler)"
57.141.6.48 - - [07/Mar/2026:08:31:36 -0500] "GET /?u=353277315392 HTTP/2" 200 220846 "-" "meta-externalagent/1.1 (+https://developers.facebook.com/docs/sharing/webmasters/crawler)"
57.141.6.40 - - [07/Mar/2026:08:31:36 -0500] "GET /?u=283226198553 HTTP/2" 200 221398 "-" "meta-externalagent/1.1 (+https://developers.facebook.com/docs/sharing/webmasters/crawler)"
57.141.6.42 - - [07/Mar/2026:08:31:37 -0500] "GET /index.php/??u=77504260321 HTTP/2" 404 1251 "-" "meta-externalagent/1.1 (+https://developers.facebook.com/docs/sharing/webmasters/crawler)"
57.141.6.3 - - [07/Mar/2026:08:31:37 -0500] "GET /?u=288056630131 HTTP/2" 200 221398 "-" "meta-externalagent/1.1 (+https://developers.facebook.com/docs/sharing/webmasters/crawler)"
57.141.6.26 - - [07/Mar/2026:08:31:38 -0500] "GET /?u=175439728193 HTTP/2" 200 221398 "-" "meta-externalagent/1.1 (+https://developers.facebook.com/docs/sharing/webmasters/crawler)"
57.141.6.45 - - [07/Mar/2026:08:31:38 -0500] "GET /?u=94424065470 HTTP/2" 200 221398 "-" "meta-externalagent/1.1 (+https://developers.facebook.com/docs/sharing/webmasters/crawler)"
65.108.2.171 - - [07/Mar/2026:08:31:36 -0500] "GET /abrand.php?gzfile=L2hvbWUvY29vcHNlcnAvcHVibGljX2h0bWwvd3AtYWRtaW4vcGx1Z2luLWluc3RhbGwucGhw HTTP/1.1" 200 71852 "-" "Mozilla/5.0 (compatible; MJ12bot/v1.4.8; http://mj12bot.com/)"
57.141.6.69 - - [07/Mar/2026:08:31:39 -0500] "GET /?u=456831649200 HTTP/2" 200 221398 "-" "meta-externalagent/1.1 (+https://developers.facebook.com/docs/sharing/webmasters/crawler)"
57.141.6.64 - - [07/Mar/2026:08:31:39 -0500] "GET /?u=460884657911 HTTP/2" 200 221398 "-" "meta-externalagent/1.1 (+https://developers.facebook.com/docs/sharing/webmasters/crawler)"
57.141.6.35 - - [07/Mar/2026:08:31:40 -0500] "GET /index.php/??u=476039251333 HTTP/2" 404 1251 "-" "meta-externalagent/1.1 (+https://developers.facebook.com/docs/sharing/webmasters/crawler)"
57.141.6.3 - - [07/Mar/2026:08:31:40 -0500] "GET /index.php/??u=571165918538 HTTP/2" 404 1251 "-" "meta-externalagent/1.1 (+https://developers.facebook.com/docs/sharing/webmasters/crawler)"
57.141.6.70 - - [07/Mar/2026:08:31:41 -0500] "GET /?u=489846104887 HTTP/2" 200 221398 "-" "meta-externalagent/1.1 (+https://developers.facebook.com/docs/sharing/webmasters/crawler)"
57.141.6.11 - - [07/Mar/2026:08:31:41 -0500] "GET /?u=438098934964 HTTP/2" 200 221398 "-" "meta-externalagent/1.1 (+https://developers.facebook.com/docs/sharing/webmasters/crawler)"
57.141.6.28 - - [07/Mar/2026:08:31:42 -0500] "GET /index.php/??u=34015112892 HTTP/2" 404 1251 "-" "meta-externalagent/1.1 (+https://developers.facebook.com/docs/sharing/webmasters/crawler)"
57.141.6.66 - - [07/Mar/2026:08:31:42 -0500] "GET /index.php/??u=192953594228 HTTP/2" 404 1251 "-" "meta-externalagent/1.1 (+https://developers.facebook.com/docs/sharing/webmasters/crawler)"
57.141.6.21 - - [07/Mar/2026:08:31:43 -0500] "GET /?u=192523778255 HTTP/2" 200 221398 "-" "meta-externalagent/1.1 (+https://developers.facebook.com/docs/sharing/webmasters/crawler)"
57.141.6.5 - - [07/Mar/2026:08:31:43 -0500] "GET /index.php/??u=459146673368 HTTP/2" 404 1251 "-" "meta-externalagent/1.1 (+https://developers.facebook.com/docs/sharing/webmasters/crawler)"
57.141.6.34 - - [07/Mar/2026:08:31:44 -0500] "GET /?u=563856818334 HTTP/2" 200 221909 "-" "meta-externalagent/1.1 (+https://developers.facebook.com/docs/sharing/webmasters/crawler)"
57.141.6.42 - - [07/Mar/2026:08:31:44 -0500] "GET /?u=221383492700 HTTP/2" 200 221909 "-" "meta-externalagent/1.1 (+https://developers.facebook.com/docs/sharing/webmasters/crawler)"
57.141.6.46 - - [07/Mar/2026:08:31:45 -0500] "GET /index.php/??u=311642723813 HTTP/2" 404 1251 "-" "meta-externalagent/1.1 (+https://developers.facebook.com/docs/sharing/webmasters/crawler)"
57.141.6.36 - - [07/Mar/2026:08:31:46 -0500] "GET /index.php/??u=461235063577 HTTP/2" 404 1251 "-" "meta-externalagent/1.1 (+https://developers.facebook.com/docs/sharing/webmasters/crawler)"
57.141.6.48 - - [07/Mar/2026:08:31:46 -0500] "GET /index.php/??u=62140297530 HTTP/2" 404 1251 "-" "meta-externalagent/1.1 (+https://developers.facebook.com/docs/sharing/webmasters/crawler)"
57.141.6.18 - - [07/Mar/2026:08:31:46 -0500] "GET /index.php/??u=407610533501 HTTP/2" 404 1251 "-" "meta-externalagent/1.1 (+https://developers.facebook.com/docs/sharing/webmasters/crawler)"
65.108.2.171 - - [07/Mar/2026:08:31:44 -0500] "GET /abrand.php?gzfile=L2hvbWUvY29vcHNlcnAvcHVibGljX2h0bWwvd3AtYWRtaW4vcGx1Z2lucy5waHA= HTTP/1.1" 200 72454 "-" "Mozilla/5.0 (compatible; MJ12bot/v1.4.8; http://mj12bot.com/)"
57.141.6.3 - - [07/Mar/2026:08:31:47 -0500] "GET /?u=313186498882 HTTP/2" 200 221909 "-" "meta-externalagent/1.1 (+https://developers.facebook.com/docs/sharing/webmasters/crawler)"
57.141.6.65 - - [07/Mar/2026:08:31:47 -0500] "GET /?u=376046369487 HTTP/2" 200 221909 "-" "meta-externalagent/1.1 (+https://developers.facebook.com/docs/sharing/webmasters/crawler)"
57.141.6.13 - - [07/Mar/2026:08:31:48 -0500] "GET /index.php/??u=515510091032 HTTP/2" 404 1251 "-" "meta-externalagent/1.1 (+https://developers.facebook.com/docs/sharing/webmasters/crawler)"
65.108.2.171 - - [07/Mar/2026:08:31:48 -0500] "GET /abrand.php?gzfile=L2hvbWUvY29vcHNlcnAvcHVibGljX2h0bWwvd3AtYWRtaW4vcHJlc3MtdGhpcy5waHA= HTTP/1.1" 200 6558 "-" "Mozilla/5.0 (compatible; MJ12bot/v1.4.8; http://mj12bot.com/)"
57.141.6.36 - - [07/Mar/2026:08:31:48 -0500] "GET /index.php/??u=52246397640 HTTP/2" 404 1251 "-" "meta-externalagent/1.1 (+https://developers.facebook.com/docs/sharing/webmasters/crawler)"
57.141.6.20 - - [07/Mar/2026:08:31:49 -0500] "GET /index.php/??u=246520844993 HTTP/2" 404 1251 "-" "meta-externalagent/1.1 (+https://developers.facebook.com/docs/sharing/webmasters/crawler)"
57.141.6.24 - - [07/Mar/2026:08:31:49 -0500] "GET /index.php/??u=414163242985 HTTP/2" 404 1251 "-" "meta-externalagent/1.1 (+https://developers.facebook.com/docs/sharing/webmasters/crawler)"
57.141.6.29 - - [07/Mar/2026:08:31:50 -0500] "GET /index.php/??u=463122162299 HTTP/2" 404 1251 "-" "meta-externalagent/1.1 (+https://developers.facebook.com/docs/sharing/webmasters/crawler)"
57.141.6.40 - - [07/Mar/2026:08:31:50 -0500] "GET /index.php/??u=61495102889 HTTP/2" 404 1251 "-" "meta-externalagent/1.1 (+https://developers.facebook.com/docs/sharing/webmasters/crawler)"
65.108.2.171 - - [07/Mar/2026:08:31:50 -0500] "GET /abrand.php?gzfile=L2hvbWUvY29vcHNlcnAvcHVibGljX2h0bWwvd3AtYWRtaW4vcHJpdmFjeS1wb2xpY3ktZ3VpZGUucGhw HTTP/1.1" 200 6558 "-" "Mozilla/5.0 (compatible; MJ12bot/v1.4.8; http://mj12bot.com/)"
57.141.6.3 - - [07/Mar/2026:08:31:51 -0500] "GET /index.php/??u=563862260451 HTTP/2" 404 1251 "-" "meta-externalagent/1.1 (+https://developers.facebook.com/docs/sharing/webmasters/crawler)"
57.141.6.16 - - [07/Mar/2026:08:31:51 -0500] "GET /index.php/??u=230131035920 HTTP/2" 404 1251 "-" "meta-externalagent/1.1 (+https://developers.facebook.com/docs/sharing/webmasters/crawler)"
74.7.243.241 - - [07/Mar/2026:08:31:52 -0500] "GET /intall.php?fileloc=//proc/4113603/root/lib/.build-id/42/404dc57bad33597cf6b047d2ceb3db9b6569e0&path=//proc/4113603/root/lib/.build-id/42 HTTP/2" 200 7295 "https://mail.coopserpugranltda.com/intall.php?path=//proc/4113603/root/lib/.build-id/42" "Mozilla/5.0 AppleWebKit/537.36 (KHTML, like Gecko; compatible; GPTBot/1.3; +https://openai.com/gptbot)"
57.141.6.71 - - [07/Mar/2026:08:31:52 -0500] "GET /?u=215124701352 HTTP/2" 200 221909 "-" "meta-externalagent/1.1 (+https://developers.facebook.com/docs/sharing/webmasters/crawler)"
57.141.6.5 - - [07/Mar/2026:08:31:52 -0500] "GET /?u=105585156611 HTTP/2" 200 221909 "-" "meta-externalagent/1.1 (+https://developers.facebook.com/docs/sharing/webmasters/crawler)"
65.108.2.171 - - [07/Mar/2026:08:31:52 -0500] "GET /abrand.php?gzfile=L2hvbWUvY29vcHNlcnAvcHVibGljX2h0bWwvd3AtYWRtaW4vcHJpdmFjeS5waHA= HTTP/1.1" 200 6558 "-" "Mozilla/5.0 (compatible; MJ12bot/v1.4.8; http://mj12bot.com/)"
57.141.6.3 - - [07/Mar/2026:08:31:53 -0500] "GET /?u=28392983275 HTTP/2" 200 221909 "-" "meta-externalagent/1.1 (+https://developers.facebook.com/docs/sharing/webmasters/crawler)"
57.141.6.67 - - [07/Mar/2026:08:31:53 -0500] "GET /index.php/??u=160794708615 HTTP/2" 404 1251 "-" "meta-externalagent/1.1 (+https://developers.facebook.com/docs/sharing/webmasters/crawler)"
57.141.6.9 - - [07/Mar/2026:08:31:54 -0500] "GET /?u=257968234003 HTTP/2" 200 221909 "-" "meta-externalagent/1.1 (+https://developers.facebook.com/docs/sharing/webmasters/crawler)"
57.141.6.74 - - [07/Mar/2026:08:31:54 -0500] "GET /index.php/??u=66857417002 HTTP/2" 404 1251 "-" "meta-externalagent/1.1 (+https://developers.facebook.com/docs/sharing/webmasters/crawler)"
65.108.2.171 - - [07/Mar/2026:08:31:55 -0500] "GET /abrand.php?gzfile=L2hvbWUvY29vcHNlcnAvcHVibGljX2h0bWwvd3AtYWRtaW4vcHJvZmlsZS5waHA= HTTP/1.1" 200 6558 "-" "Mozilla/5.0 (compatible; MJ12bot/v1.4.8; http://mj12bot.com/)"
57.141.6.23 - - [07/Mar/2026:08:31:55 -0500] "GET /?u=525057411153 HTTP/2" 200 221909 "-" "meta-externalagent/1.1 (+https://developers.facebook.com/docs/sharing/webmasters/crawler)"
57.141.6.16 - - [07/Mar/2026:08:31:55 -0500] "GET /index.php/??u=192647661861 HTTP/2" 404 1251 "-" "meta-externalagent/1.1 (+https://developers.facebook.com/docs/sharing/webmasters/crawler)"
57.141.6.3 - - [07/Mar/2026:08:31:56 -0500] "GET /?u=12294787742 HTTP/2" 200 221909 "-" "meta-externalagent/1.1 (+https://developers.facebook.com/docs/sharing/webmasters/crawler)"
57.141.6.66 - - [07/Mar/2026:08:31:56 -0500] "GET /index.php/??u=440245194805 HTTP/2" 404 1251 "-" "meta-externalagent/1.1 (+https://developers.facebook.com/docs/sharing/webmasters/crawler)"
57.141.6.73 - - [07/Mar/2026:08:31:57 -0500] "GET /?u=401300195882 HTTP/2" 200 221909 "-" "meta-externalagent/1.1 (+https://developers.facebook.com/docs/sharing/webmasters/crawler)"
57.141.6.24 - - [07/Mar/2026:08:31:57 -0500] "GET /index.php/??u=375318754984 HTTP/2" 404 1251 "-" "meta-externalagent/1.1 (+https://developers.facebook.com/docs/sharing/webmasters/crawler)"
57.141.6.73 - - [07/Mar/2026:08:31:58 -0500] "GET /index.php/??u=37325541653 HTTP/2" 404 1251 "-" "meta-externalagent/1.1 (+https://developers.facebook.com/docs/sharing/webmasters/crawler)"
57.141.6.10 - - [07/Mar/2026:08:31:58 -0500] "GET /?u=368443545783 HTTP/2" 200 221909 "-" "meta-externalagent/1.1 (+https://developers.facebook.com/docs/sharing/webmasters/crawler)"
57.141.6.10 - - [07/Mar/2026:08:31:59 -0500] "GET /?u=438509566026 HTTP/2" 200 221909 "-" "meta-externalagent/1.1 (+https://developers.facebook.com/docs/sharing/webmasters/crawler)"
57.141.6.61 - - [07/Mar/2026:08:31:59 -0500] "GET /?u=332545643622 HTTP/2" 200 221909 "-" "meta-externalagent/1.1 (+https://developers.facebook.com/docs/sharing/webmasters/crawler)"
57.141.6.43 - - [07/Mar/2026:08:32:00 -0500] "GET /index.php/??u=185150354591 HTTP/2" 404 1251 "-" "meta-externalagent/1.1 (+https://developers.facebook.com/docs/sharing/webmasters/crawler)"
65.108.2.171 - - [07/Mar/2026:08:32:00 -0500] "GET /abrand.php?gzfile=L2hvbWUvY29vcHNlcnAvcHVibGljX2h0bWwvd3AtYWRtaW4vcmV2aXNpb24ucGhw HTTP/1.1" 200 6558 "-" "Mozilla/5.0 (compatible; MJ12bot/v1.4.8; http://mj12bot.com/)"
57.141.6.31 - - [07/Mar/2026:08:32:01 -0500] "GET /?u=562359350136 HTTP/2" 200 221909 "-" "meta-externalagent/1.1 (+https://developers.facebook.com/docs/sharing/webmasters/crawler)"
57.141.6.12 - - [07/Mar/2026:08:32:01 -0500] "GET /?u=169692525550 HTTP/2" 200 221909 "-" "meta-externalagent/1.1 (+https://developers.facebook.com/docs/sharing/webmasters/crawler)"
57.141.6.62 - - [07/Mar/2026:08:32:01 -0500] "GET /?u=459955877966 HTTP/2" 200 221909 "-" "meta-externalagent/1.1 (+https://developers.facebook.com/docs/sharing/webmasters/crawler)"
57.141.6.28 - - [07/Mar/2026:08:32:01 -0500] "GET /?u=481377504357 HTTP/2" 200 221909 "-" "meta-externalagent/1.1 (+https://developers.facebook.com/docs/sharing/webmasters/crawler)"
57.141.6.3 - - [07/Mar/2026:08:32:02 -0500] "GET /?u=415712205753 HTTP/2" 200 222211 "-" "meta-externalagent/1.1 (+https://developers.facebook.com/docs/sharing/webmasters/crawler)"
57.141.6.26 - - [07/Mar/2026:08:32:03 -0500] "GET /index.php/??u=348057610978 HTTP/2" 404 1251 "-" "meta-externalagent/1.1 (+https://developers.facebook.com/docs/sharing/webmasters/crawler)"
57.141.6.72 - - [07/Mar/2026:08:32:03 -0500] "GET /index.php/??u=436206692588 HTTP/2" 404 1251 "-" "meta-externalagent/1.1 (+https://developers.facebook.com/docs/sharing/webmasters/crawler)"
57.141.6.24 - - [07/Mar/2026:08:32:04 -0500] "GET /index.php/??u=9890881713 HTTP/2" 404 1251 "-" "meta-externalagent/1.1 (+https://developers.facebook.com/docs/sharing/webmasters/crawler)"
57.141.6.3 - - [07/Mar/2026:08:32:04 -0500] "GET /?u=537636724752 HTTP/2" 200 222211 "-" "meta-externalagent/1.1 (+https://developers.facebook.com/docs/sharing/webmasters/crawler)"
65.108.2.171 - - [07/Mar/2026:08:32:02 -0500] "GET /abrand.php?gzfile=L2hvbWUvY29vcHNlcnAvcHVibGljX2h0bWwvd3AtYWRtaW4vd2lkZ2V0cy1mb3JtLWJsb2Nrcy5waHA= HTTP/1.1" 200 72447 "-" "Mozilla/5.0 (compatible; MJ12bot/v1.4.8; http://mj12bot.com/)"
57.141.6.52 - - [07/Mar/2026:08:32:05 -0500] "GET /index.php/??u=89089067944 HTTP/2" 404 1251 "-" "meta-externalagent/1.1 (+https://developers.facebook.com/docs/sharing/webmasters/crawler)"
57.141.6.5 - - [07/Mar/2026:08:32:05 -0500] "GET /index.php/??u=290307311900 HTTP/2" 404 1251 "-" "meta-externalagent/1.1 (+https://developers.facebook.com/docs/sharing/webmasters/crawler)"
57.141.6.20 - - [07/Mar/2026:08:32:06 -0500] "GET /?u=526737280745 HTTP/2" 200 222211 "-" "meta-externalagent/1.1 (+https://developers.facebook.com/docs/sharing/webmasters/crawler)"
57.141.6.15 - - [07/Mar/2026:08:32:06 -0500] "GET /index.php/??u=374500826401 HTTP/2" 404 1251 "-" "meta-externalagent/1.1 (+https://developers.facebook.com/docs/sharing/webmasters/crawler)"
57.141.6.62 - - [07/Mar/2026:08:32:07 -0500] "GET /index.php/??u=199104237266 HTTP/2" 404 1251 "-" "meta-externalagent/1.1 (+https://developers.facebook.com/docs/sharing/webmasters/crawler)"
57.141.6.10 - - [07/Mar/2026:08:32:07 -0500] "GET /index.php/??u=538567244482 HTTP/2" 404 1251 "-" "meta-externalagent/1.1 (+https://developers.facebook.com/docs/sharing/webmasters/crawler)"
57.141.6.52 - - [07/Mar/2026:08:32:08 -0500] "GET /index.php/??u=495314078285 HTTP/2" 404 1251 "-" "meta-externalagent/1.1 (+https://developers.facebook.com/docs/sharing/webmasters/crawler)"
57.141.6.46 - - [07/Mar/2026:08:32:09 -0500] "GET /?u=469277009724 HTTP/2" 200 222211 "-" "meta-externalagent/1.1 (+https://developers.facebook.com/docs/sharing/webmasters/crawler)"
57.141.6.47 - - [07/Mar/2026:08:32:09 -0500] "GET /?u=277408249035 HTTP/2" 200 222211 "-" "meta-externalagent/1.1 (+https://developers.facebook.com/docs/sharing/webmasters/crawler)"
57.141.6.52 - - [07/Mar/2026:08:32:09 -0500] "GET /index.php/??u=236140236605 HTTP/2" 404 1251 "-" "meta-externalagent/1.1 (+https://developers.facebook.com/docs/sharing/webmasters/crawler)"
57.141.6.22 - - [07/Mar/2026:08:32:10 -0500] "GET /?u=565162463118 HTTP/2" 200 222211 "-" "meta-externalagent/1.1 (+https://developers.facebook.com/docs/sharing/webmasters/crawler)"
57.141.6.3 - - [07/Mar/2026:08:32:10 -0500] "GET /?u=138273052553 HTTP/2" 200 222211 "-" "meta-externalagent/1.1 (+https://developers.facebook.com/docs/sharing/webmasters/crawler)"
57.141.6.64 - - [07/Mar/2026:08:32:11 -0500] "GET /index.php/??u=343737419129 HTTP/2" 404 1251 "-" "meta-externalagent/1.1 (+https://developers.facebook.com/docs/sharing/webmasters/crawler)"
57.141.6.32 - - [07/Mar/2026:08:32:11 -0500] "GET /?u=448506937964 HTTP/2" 200 222211 "-" "meta-externalagent/1.1 (+https://developers.facebook.com/docs/sharing/webmasters/crawler)"
57.141.6.39 - - [07/Mar/2026:08:32:12 -0500] "GET /index.php/??u=41446173910 HTTP/2" 404 1251 "-" "meta-externalagent/1.1 (+https://developers.facebook.com/docs/sharing/webmasters/crawler)"
216.73.216.174 - - [07/Mar/2026:08:32:12 -0500] "GET /intall.php?fileloc=%2Fhome%2Fcoopserp%2Fpublic_html%2Fwp-content%2Fthemes%2Ftwentytwentyfour%2Freadme.txt&path=%2Fhome%2Fcoopserp%2Fpublic_html%2Fwp-content%2Fthemes%2Ftwentytwentyfour HTTP/2" 200 4259 "-" "Mozilla/5.0 AppleWebKit/537.36 (KHTML, like Gecko; compatible; ClaudeBot/1.0; +claudebot@anthropic.com)"
216.73.216.174 - - [07/Mar/2026:08:32:12 -0500] "GET /intall.php?fileloc=%2Fhome%2Fcoopserp%2Fpublic_html%2Fwp-admin%2Fimages%2Facme-challenge%2F.htaccess&path=%2Fhome%2Fcoopserp%2Fpublic_html%2Fwp-admin%2Fimages%2Facme-challenge HTTP/2" 200 2856 "-" "Mozilla/5.0 AppleWebKit/537.36 (KHTML, like Gecko; compatible; ClaudeBot/1.0; +claudebot@anthropic.com)"
216.73.216.174 - - [07/Mar/2026:08:32:12 -0500] "GET /sitemap-14.xml HTTP/2" 404 1251 "-" "Mozilla/5.0 AppleWebKit/537.36 (KHTML, like Gecko; compatible; ClaudeBot/1.0; +claudebot@anthropic.com)"
216.73.216.174 - - [07/Mar/2026:08:32:12 -0500] "GET /intall.php?fileloc=%2Fhome%2Fcoopserp%2Fpublic_html%2Fwp-content%2Fthemes%2Ftwentytwentyfour%2Fscreenshot.png&path=%2Fhome%2Fcoopserp%2Fpublic_html%2Fwp-content%2Fthemes%2Ftwentytwentyfour HTTP/2" 200 630974 "-" "Mozilla/5.0 AppleWebKit/537.36 (KHTML, like Gecko; compatible; ClaudeBot/1.0; +claudebot@anthropic.com)"
216.73.216.174 - - [07/Mar/2026:08:32:13 -0500] "GET /sitemap-15.xml HTTP/2" 404 1251 "-" "Mozilla/5.0 AppleWebKit/537.36 (KHTML, like Gecko; compatible; ClaudeBot/1.0; +claudebot@anthropic.com)"
57.141.6.9 - - [07/Mar/2026:08:32:12 -0500] "GET /?u=489307375120 HTTP/2" 200 222211 "-" "meta-externalagent/1.1 (+https://developers.facebook.com/docs/sharing/webmasters/crawler)"
216.73.216.174 - - [07/Mar/2026:08:32:13 -0500] "GET /sitemap-19.xml HTTP/2" 404 1251 "-" "Mozilla/5.0 AppleWebKit/537.36 (KHTML, like Gecko; compatible; ClaudeBot/1.0; +claudebot@anthropic.com)"
216.73.216.174 - - [07/Mar/2026:08:32:13 -0500] "GET /sitemap-18.xml HTTP/2" 404 1251 "-" "Mozilla/5.0 AppleWebKit/537.36 (KHTML, like Gecko; compatible; ClaudeBot/1.0; +claudebot@anthropic.com)"
216.73.216.174 - - [07/Mar/2026:08:32:13 -0500] "GET /sitemap-8.xml HTTP/2" 404 1251 "-" "Mozilla/5.0 AppleWebKit/537.36 (KHTML, like Gecko; compatible; ClaudeBot/1.0; +claudebot@anthropic.com)"
216.73.216.174 - - [07/Mar/2026:08:32:13 -0500] "GET /sitemap.xml HTTP/2" 404 1251 "-" "Mozilla/5.0 AppleWebKit/537.36 (KHTML, like Gecko; compatible; ClaudeBot/1.0; +claudebot@anthropic.com)"
57.141.6.46 - - [07/Mar/2026:08:32:13 -0500] "GET /?u=368026706447 HTTP/2" 200 222211 "-" "meta-externalagent/1.1 (+https://developers.facebook.com/docs/sharing/webmasters/crawler)"
216.73.216.174 - - [07/Mar/2026:08:32:13 -0500] "GET /sitemap-9.xml HTTP/2" 404 1251 "-" "Mozilla/5.0 AppleWebKit/537.36 (KHTML, like Gecko; compatible; ClaudeBot/1.0; +claudebot@anthropic.com)"
216.73.216.174 - - [07/Mar/2026:08:32:13 -0500] "GET /sitemap-13.xml HTTP/2" 404 1251 "-" "Mozilla/5.0 AppleWebKit/537.36 (KHTML, like Gecko; compatible; ClaudeBot/1.0; +claudebot@anthropic.com)"
216.73.216.174 - - [07/Mar/2026:08:32:13 -0500] "GET /sitemap-2.xml HTTP/2" 404 1251 "-" "Mozilla/5.0 AppleWebKit/537.36 (KHTML, like Gecko; compatible; ClaudeBot/1.0; +claudebot@anthropic.com)"
216.73.216.174 - - [07/Mar/2026:08:32:13 -0500] "GET /sitemap-12.xml HTTP/2" 404 1251 "-" "Mozilla/5.0 AppleWebKit/537.36 (KHTML, like Gecko; compatible; ClaudeBot/1.0; +claudebot@anthropic.com)"
216.73.216.174 - - [07/Mar/2026:08:32:13 -0500] "GET /sitemap-4.xml HTTP/2" 404 1251 "-" "Mozilla/5.0 AppleWebKit/537.36 (KHTML, like Gecko; compatible; ClaudeBot/1.0; +claudebot@anthropic.com)"
57.141.6.24 - - [07/Mar/2026:08:32:13 -0500] "GET /?u=424213893005 HTTP/2" 200 222211 "-" "meta-externalagent/1.1 (+https://developers.facebook.com/docs/sharing/webmasters/crawler)"
216.73.216.174 - - [07/Mar/2026:08:32:14 -0500] "GET /sitemap-11.xml HTTP/2" 404 1251 "-" "Mozilla/5.0 AppleWebKit/537.36 (KHTML, like Gecko; compatible; ClaudeBot/1.0; +claudebot@anthropic.com)"
216.73.216.174 - - [07/Mar/2026:08:32:14 -0500] "GET /sitemap-17.xml HTTP/2" 404 1251 "-" "Mozilla/5.0 AppleWebKit/537.36 (KHTML, like Gecko; compatible; ClaudeBot/1.0; +claudebot@anthropic.com)"
216.73.216.174 - - [07/Mar/2026:08:32:14 -0500] "GET /sitemap-6.xml HTTP/2" 404 1251 "-" "Mozilla/5.0 AppleWebKit/537.36 (KHTML, like Gecko; compatible; ClaudeBot/1.0; +claudebot@anthropic.com)"
216.73.216.174 - - [07/Mar/2026:08:32:14 -0500] "GET /sitemap-5.xml HTTP/2" 404 1251 "-" "Mozilla/5.0 AppleWebKit/537.36 (KHTML, like Gecko; compatible; ClaudeBot/1.0; +claudebot@anthropic.com)"
216.73.216.174 - - [07/Mar/2026:08:32:14 -0500] "GET /discount.php HTTP/2" 404 1251 "-" "Mozilla/5.0 AppleWebKit/537.36 (KHTML, like Gecko; compatible; ClaudeBot/1.0; +claudebot@anthropic.com)"
57.141.6.2 - - [07/Mar/2026:08:32:14 -0500] "GET /?u=180441717272 HTTP/2" 200 222211 "-" "meta-externalagent/1.1 (+https://developers.facebook.com/docs/sharing/webmasters/crawler)"
57.141.6.17 - - [07/Mar/2026:08:32:14 -0500] "GET /index.php/??u=166677813231 HTTP/2" 404 1251 "-" "meta-externalagent/1.1 (+https://developers.facebook.com/docs/sharing/webmasters/crawler)"
57.141.6.3 - - [07/Mar/2026:08:32:15 -0500] "GET /?u=272046574159 HTTP/2" 200 222211 "-" "meta-externalagent/1.1 (+https://developers.facebook.com/docs/sharing/webmasters/crawler)"
57.141.6.19 - - [07/Mar/2026:08:32:15 -0500] "GET /?u=177549211658 HTTP/2" 200 222211 "-" "meta-externalagent/1.1 (+https://developers.facebook.com/docs/sharing/webmasters/crawler)"
57.141.6.47 - - [07/Mar/2026:08:32:16 -0500] "GET /?u=219064492123 HTTP/2" 200 222211 "-" "meta-externalagent/1.1 (+https://developers.facebook.com/docs/sharing/webmasters/crawler)"
57.141.6.38 - - [07/Mar/2026:08:32:16 -0500] "GET /?u=127646292408 HTTP/2" 200 222211 "-" "meta-externalagent/1.1 (+https://developers.facebook.com/docs/sharing/webmasters/crawler)"
57.141.6.3 - - [07/Mar/2026:08:32:17 -0500] "GET /?u=416207727263 HTTP/2" 200 222211 "-" "meta-externalagent/1.1 (+https://developers.facebook.com/docs/sharing/webmasters/crawler)"
57.141.6.68 - - [07/Mar/2026:08:32:17 -0500] "GET /?u=57204133597 HTTP/2" 200 222211 "-" "meta-externalagent/1.1 (+https://developers.facebook.com/docs/sharing/webmasters/crawler)"
57.141.6.63 - - [07/Mar/2026:08:32:19 -0500] "GET /index.php/??u=247088935658 HTTP/2" 404 1251 "-" "meta-externalagent/1.1 (+https://developers.facebook.com/docs/sharing/webmasters/crawler)"
57.141.6.62 - - [07/Mar/2026:08:32:20 -0500] "GET /index.php/??u=409950198245 HTTP/2" 404 1251 "-" "meta-externalagent/1.1 (+https://developers.facebook.com/docs/sharing/webmasters/crawler)"
57.141.6.11 - - [07/Mar/2026:08:32:18 -0500] "GET /?u=492335320546 HTTP/2" 200 222211 "-" "meta-externalagent/1.1 (+https://developers.facebook.com/docs/sharing/webmasters/crawler)"
216.73.216.174 - - [07/Mar/2026:08:32:19 -0500] "GET /intall.php?path=%2Fhome%2Fcoopserp%2Fpublic_html%2Fwp-content%2Fthemes%2Ftwentytwentyfour%2Ftemplates HTTP/2" 200 3514 "-" "Mozilla/5.0 AppleWebKit/537.36 (KHTML, like Gecko; compatible; ClaudeBot/1.0; +claudebot@anthropic.com)"
57.141.6.41 - - [07/Mar/2026:08:32:21 -0500] "GET /index.php/??u=419608409323 HTTP/2" 404 1251 "-" "meta-externalagent/1.1 (+https://developers.facebook.com/docs/sharing/webmasters/crawler)"
216.73.216.174 - - [07/Mar/2026:08:32:19 -0500] "GET /intall.php?fileloc=%2Fhome%2Fcoopserp%2Fpublic_html%2Fwp-includes%2Fblocks%2Fcomment-template%2Fstyle.min.css&path=%2Fhome%2Fcoopserp%2Fpublic_html%2Fwp-includes%2Fblocks%2Fcomment-template HTTP/2" 200 2925 "-" "Mozilla/5.0 AppleWebKit/537.36 (KHTML, like Gecko; compatible; ClaudeBot/1.0; +claudebot@anthropic.com)"
216.73.216.174 - - [07/Mar/2026:08:32:19 -0500] "GET /intall.php?fileloc=%2Fhome%2Fcoopserp%2Fpublic_html%2Fwp-includes%2Fblocks%2Fgallery%2Ftheme.css&path=%2Fhome%2Fcoopserp%2Fpublic_html%2Fwp-includes%2Fblocks%2Fgallery HTTP/2" 200 2861 "-" "Mozilla/5.0 AppleWebKit/537.36 (KHTML, like Gecko; compatible; ClaudeBot/1.0; +claudebot@anthropic.com)"
216.73.216.174 - - [07/Mar/2026:08:32:19 -0500] "GET /intall.php?fileloc=%2Fhome%2Fcoopserp%2Fpublic_html%2Fwp-includes%2Fblocks%2Ftext-columns%2Fstyle.css&path=%2Fhome%2Fcoopserp%2Fpublic_html%2Fwp-includes%2Fblocks%2Ftext-columns HTTP/2" 200 2910 "-" "Mozilla/5.0 AppleWebKit/537.36 (KHTML, like Gecko; compatible; ClaudeBot/1.0; +claudebot@anthropic.com)"
216.73.216.174 - - [07/Mar/2026:08:32:19 -0500] "GET /intall.php?fileloc=%2Fhome%2Fcoopserp%2Fpublic_html%2Fwp-includes%2Fblocks%2Fgroup%2Fstyle.css&path=%2Fhome%2Fcoopserp%2Fpublic_html%2Fwp-includes%2Fblocks%2Fgroup HTTP/2" 200 2866 "-" "Mozilla/5.0 AppleWebKit/537.36 (KHTML, like Gecko; compatible; ClaudeBot/1.0; +claudebot@anthropic.com)"
216.73.216.174 - - [07/Mar/2026:08:32:19 -0500] "GET /intall.php?fileloc=%2Fhome%2Fcoopserp%2Fpublic_html%2Fwp-includes%2Fblocks%2Fgallery%2Feditor.min.css&path=%2Fhome%2Fcoopserp%2Fpublic_html%2Fwp-includes%2Fblocks%2Fgallery HTTP/2" 200 3411 "-" "Mozilla/5.0 AppleWebKit/537.36 (KHTML, like Gecko; compatible; ClaudeBot/1.0; +claudebot@anthropic.com)"
216.73.216.174 - - [07/Mar/2026:08:32:19 -0500] "GET /intall.php?fileloc=%2Fhome%2Fcoopserp%2Fpublic_html%2Fwp-includes%2Fblocks%2Fcomment-edit-link%2Fblock.json&path=%2Fhome%2Fcoopserp%2Fpublic_html%2Fwp-includes%2Fblocks%2Fcomment-edit-link HTTP/2" 200 3368 "-" "Mozilla/5.0 AppleWebKit/537.36 (KHTML, like Gecko; compatible; ClaudeBot/1.0; +claudebot@anthropic.com)"
216.73.216.174 - - [07/Mar/2026:08:32:19 -0500] "GET /intall.php?fileloc=%2Fhome%2Fcoopserp%2Fpublic_html%2Fwp-includes%2Fblocks%2Fcategories%2Feditor.min.css&path=%2Fhome%2Fcoopserp%2Fpublic_html%2Fwp-includes%2Fblocks%2Fcategories HTTP/2" 200 2868 "-" "Mozilla/5.0 AppleWebKit/537.36 (KHTML, like Gecko; compatible; ClaudeBot/1.0; +claudebot@anthropic.com)"
216.73.216.174 - - [07/Mar/2026:08:32:19 -0500] "GET /intall.php?fileloc=%2Fhome%2Fcoopserp%2Fpublic_html%2Fwp-includes%2Fblocks%2Fblock%2Fblock.json&path=%2Fhome%2Fcoopserp%2Fpublic_html%2Fwp-includes%2Fblocks%2Fblock HTTP/2" 200 3119 "-" "Mozilla/5.0 AppleWebKit/537.36 (KHTML, like Gecko; compatible; ClaudeBot/1.0; +claudebot@anthropic.com)"
216.73.216.174 - - [07/Mar/2026:08:32:21 -0500] "GET /intall.php?fileloc=%2Fhome%2Fcoopserp%2Fpublic_html%2Fwp-includes%2Fblocks%2Fcomment-template%2Fstyle-rtl.css&path=%2Fhome%2Fcoopserp%2Fpublic_html%2Fwp-includes%2Fblocks%2Fcomment-template HTTP/2" 200 2941 "-" "Mozilla/5.0 AppleWebKit/537.36 (KHTML, like Gecko; compatible; ClaudeBot/1.0; +claudebot@anthropic.com)"
216.73.216.174 - - [07/Mar/2026:08:32:19 -0500] "GET /intall.php?fileloc=%2Fhome%2Fcoopserp%2Fpublic_html%2Fwp-includes%2Fjs%2Fjquery%2Fjquery.table-hotkeys.js&path=%2Fhome%2Fcoopserp%2Fpublic_html%2Fwp-includes%2Fjs%2Fjquery HTTP/2" 200 3958 "-" "Mozilla/5.0 AppleWebKit/537.36 (KHTML, like Gecko; compatible; ClaudeBot/1.0; +claudebot@anthropic.com)"
216.73.216.174 - - [07/Mar/2026:08:32:21 -0500] "GET /intall.php?fileloc=%2Fhome%2Fcoopserp%2Fpublic_html%2Fwp-includes%2Fjs%2Fthickbox%2Fthickbox.css&path=%2Fhome%2Fcoopserp%2Fpublic_html%2Fwp-includes%2Fjs%2Fthickbox HTTP/2" 200 3641 "-" "Mozilla/5.0 AppleWebKit/537.36 (KHTML, like Gecko; compatible; ClaudeBot/1.0; +claudebot@anthropic.com)"
216.73.216.174 - - [07/Mar/2026:08:32:21 -0500] "GET /intall.php?fileloc=%2Fhome%2Fcoopserp%2Fpublic_html%2Fwp-includes%2Fblocks%2Ftable%2Fstyle-rtl.min.css&path=%2Fhome%2Fcoopserp%2Fpublic_html%2Fwp-includes%2Fblocks%2Ftable HTTP/2" 200 3385 "-" "Mozilla/5.0 AppleWebKit/537.36 (KHTML, like Gecko; compatible; ClaudeBot/1.0; +claudebot@anthropic.com)"
57.141.6.62 - - [07/Mar/2026:08:32:19 -0500] "GET /?u=442281119942 HTTP/2" 200 222211 "-" "meta-externalagent/1.1 (+https://developers.facebook.com/docs/sharing/webmasters/crawler)"
216.73.216.174 - - [07/Mar/2026:08:32:21 -0500] "GET /intall.php?fileloc=%2Fhome%2Fcoopserp%2Fpublic_html%2Fwp-includes%2Fjs%2Fcodemirror%2Fhtmlhint-kses.js&path=%2Fhome%2Fcoopserp%2Fpublic_html%2Fwp-includes%2Fjs%2Fcodemirror HTTP/2" 200 3282 "-" "Mozilla/5.0 AppleWebKit/537.36 (KHTML, like Gecko; compatible; ClaudeBot/1.0; +claudebot@anthropic.com)"
216.73.216.174 - - [07/Mar/2026:08:32:21 -0500] "GET /intall.php?fileloc=%2Fhome%2Fcoopserp%2Fpublic_html%2Fwp-includes%2Fblocks%2Ffootnotes%2Fstyle.min.css&path=%2Fhome%2Fcoopserp%2Fpublic_html%2Fwp-includes%2Fblocks%2Ffootnotes HTTP/2" 200 2949 "-" "Mozilla/5.0 AppleWebKit/537.36 (KHTML, like Gecko; compatible; ClaudeBot/1.0; +claudebot@anthropic.com)"
57.141.6.71 - - [07/Mar/2026:08:32:20 -0500] "GET /?u=171193364959 HTTP/2" 200 222211 "-" "meta-externalagent/1.1 (+https://developers.facebook.com/docs/sharing/webmasters/crawler)"
57.141.6.12 - - [07/Mar/2026:08:32:19 -0500] "GET /?u=445970614213 HTTP/2" 200 222211 "-" "meta-externalagent/1.1 (+https://developers.facebook.com/docs/sharing/webmasters/crawler)"
216.73.216.174 - - [07/Mar/2026:08:32:22 -0500] "GET /intall.php?fileloc=%2Fhome%2Fcoopserp%2Fpublic_html%2Fwp-includes%2Fblocks%2Ffootnotes%2Fstyle-rtl.css&path=%2Fhome%2Fcoopserp%2Fpublic_html%2Fwp-includes%2Fblocks%2Ffootnotes HTTP/2" 200 2959 "-" "Mozilla/5.0 AppleWebKit/537.36 (KHTML, like Gecko; compatible; ClaudeBot/1.0; +claudebot@anthropic.com)"
57.141.6.70 - - [07/Mar/2026:08:32:21 -0500] "GET /?u=309145584704 HTTP/2" 200 222211 "-" "meta-externalagent/1.1 (+https://developers.facebook.com/docs/sharing/webmasters/crawler)"
216.73.216.174 - - [07/Mar/2026:08:32:22 -0500] "GET /intall.php?fileloc=%2Fhome%2Fcoopserp%2Fpublic_html%2Fwp-includes%2Fblocks%2Fvideo%2Feditor.css&path=%2Fhome%2Fcoopserp%2Fpublic_html%2Fwp-includes%2Fblocks%2Fvideo HTTP/2" 200 3189 "-" "Mozilla/5.0 AppleWebKit/537.36 (KHTML, like Gecko; compatible; ClaudeBot/1.0; +claudebot@anthropic.com)"
57.141.6.48 - - [07/Mar/2026:08:32:22 -0500] "GET /index.php/??u=47865524566 HTTP/2" 404 1251 "-" "meta-externalagent/1.1 (+https://developers.facebook.com/docs/sharing/webmasters/crawler)"
216.73.216.174 - - [07/Mar/2026:08:32:22 -0500] "GET /intall.php?fileloc=%2Fhome%2Fcoopserp%2Fpublic_html%2Fwp-includes%2Fblocks%2Fnavigation-link%2Fstyle.css&path=%2Fhome%2Fcoopserp%2Fpublic_html%2Fwp-includes%2Fblocks%2Fnavigation-link HTTP/2" 200 2953 "-" "Mozilla/5.0 AppleWebKit/537.36 (KHTML, like Gecko; compatible; ClaudeBot/1.0; +claudebot@anthropic.com)"
216.73.216.174 - - [07/Mar/2026:08:32:22 -0500] "GET /intall.php?fileloc=%2Fhome%2Fcoopserp%2Fpublic_html%2Fwp-includes%2Fblocks%2Fnextpage%2Feditor.css&path=%2Fhome%2Fcoopserp%2Fpublic_html%2Fwp-includes%2Fblocks%2Fnextpage HTTP/2" 200 3119 "-" "Mozilla/5.0 AppleWebKit/537.36 (KHTML, like Gecko; compatible; ClaudeBot/1.0; +claudebot@anthropic.com)"
216.73.216.174 - - [07/Mar/2026:08:32:22 -0500] "GET /intall.php?fileloc=%2Fhome%2Fcoopserp%2Fpublic_html%2Fwp-includes%2Fblocks%2Fquery-total%2Fblock.json&path=%2Fhome%2Fcoopserp%2Fpublic_html%2Fwp-includes%2Fblocks%2Fquery-total HTTP/2" 200 3321 "-" "Mozilla/5.0 AppleWebKit/537.36 (KHTML, like Gecko; compatible; ClaudeBot/1.0; +claudebot@anthropic.com)"
57.141.6.70 - - [07/Mar/2026:08:32:22 -0500] "GET /?u=414996469730 HTTP/2" 200 222211 "-" "meta-externalagent/1.1 (+https://developers.facebook.com/docs/sharing/webmasters/crawler)"
57.141.6.21 - - [07/Mar/2026:08:32:23 -0500] "GET /?u=22729541054 HTTP/2" 200 222211 "-" "meta-externalagent/1.1 (+https://developers.facebook.com/docs/sharing/webmasters/crawler)"
57.141.6.16 - - [07/Mar/2026:08:32:23 -0500] "GET /?u=80592100649 HTTP/2" 200 222211 "-" "meta-externalagent/1.1 (+https://developers.facebook.com/docs/sharing/webmasters/crawler)"
57.141.6.10 - - [07/Mar/2026:08:32:24 -0500] "GET /?u=428943654046 HTTP/2" 200 222211 "-" "meta-externalagent/1.1 (+https://developers.facebook.com/docs/sharing/webmasters/crawler)"
57.141.6.6 - - [07/Mar/2026:08:32:24 -0500] "GET /index.php/??u=403429280536 HTTP/2" 404 1251 "-" "meta-externalagent/1.1 (+https://developers.facebook.com/docs/sharing/webmasters/crawler)"
57.141.6.24 - - [07/Mar/2026:08:32:25 -0500] "GET /index.php/??u=279656844090 HTTP/2" 404 1251 "-" "meta-externalagent/1.1 (+https://developers.facebook.com/docs/sharing/webmasters/crawler)"
57.141.6.31 - - [07/Mar/2026:08:32:25 -0500] "GET /index.php/??u=28621604454 HTTP/2" 404 1251 "-" "meta-externalagent/1.1 (+https://developers.facebook.com/docs/sharing/webmasters/crawler)"
74.7.243.241 - - [07/Mar/2026:08:32:25 -0500] "GET /intall.php?fileloc=//proc/4113603/root/lib/.build-id/42/b5bb85c7b96101bcca3171e1ff2d94110edb34&path=//proc/4113603/root/lib/.build-id/42 HTTP/2" 200 53964 "https://mail.coopserpugranltda.com/intall.php?path=//proc/4113603/root/lib/.build-id/42" "Mozilla/5.0 AppleWebKit/537.36 (KHTML, like Gecko; compatible; GPTBot/1.3; +https://openai.com/gptbot)"
57.141.6.47 - - [07/Mar/2026:08:32:26 -0500] "GET /index.php/??u=44314495714 HTTP/2" 404 1251 "-" "meta-externalagent/1.1 (+https://developers.facebook.com/docs/sharing/webmasters/crawler)"
57.141.6.43 - - [07/Mar/2026:08:32:26 -0500] "GET /index.php/??u=458968043290 HTTP/2" 404 1251 "-" "meta-externalagent/1.1 (+https://developers.facebook.com/docs/sharing/webmasters/crawler)"
57.141.6.24 - - [07/Mar/2026:08:32:27 -0500] "GET /?u=353468645393 HTTP/2" 200 222211 "-" "meta-externalagent/1.1 (+https://developers.facebook.com/docs/sharing/webmasters/crawler)"
57.141.6.27 - - [07/Mar/2026:08:32:27 -0500] "GET /?u=445021730915 HTTP/2" 200 222211 "-" "meta-externalagent/1.1 (+https://developers.facebook.com/docs/sharing/webmasters/crawler)"
57.141.6.3 - - [07/Mar/2026:08:32:28 -0500] "GET /?u=420141615198 HTTP/2" 200 222211 "-" "meta-externalagent/1.1 (+https://developers.facebook.com/docs/sharing/webmasters/crawler)"
57.141.6.43 - - [07/Mar/2026:08:32:28 -0500] "GET /index.php/??u=540710117366 HTTP/2" 404 1251 "-" "meta-externalagent/1.1 (+https://developers.facebook.com/docs/sharing/webmasters/crawler)"
57.141.6.14 - - [07/Mar/2026:08:32:29 -0500] "GET /?u=51314234291 HTTP/2" 200 222211 "-" "meta-externalagent/1.1 (+https://developers.facebook.com/docs/sharing/webmasters/crawler)"
57.141.6.66 - - [07/Mar/2026:08:32:30 -0500] "GET /?u=221563690682 HTTP/2" 200 222211 "-" "meta-externalagent/1.1 (+https://developers.facebook.com/docs/sharing/webmasters/crawler)"
57.141.6.72 - - [07/Mar/2026:08:32:30 -0500] "GET /?u=557630511590 HTTP/2" 200 222211 "-" "meta-externalagent/1.1 (+https://developers.facebook.com/docs/sharing/webmasters/crawler)"
57.141.6.37 - - [07/Mar/2026:08:32:30 -0500] "GET /?u=164655981575 HTTP/2" 200 222211 "-" "meta-externalagent/1.1 (+https://developers.facebook.com/docs/sharing/webmasters/crawler)"
57.141.6.59 - - [07/Mar/2026:08:32:31 -0500] "GET /?u=379567103583 HTTP/2" 200 222211 "-" "meta-externalagent/1.1 (+https://developers.facebook.com/docs/sharing/webmasters/crawler)"
57.141.6.49 - - [07/Mar/2026:08:32:31 -0500] "GET /index.php/??u=360409803794 HTTP/2" 404 1251 "-" "meta-externalagent/1.1 (+https://developers.facebook.com/docs/sharing/webmasters/crawler)"
57.141.6.37 - - [07/Mar/2026:08:32:32 -0500] "GET /?u=313768577596 HTTP/2" 200 222211 "-" "meta-externalagent/1.1 (+https://developers.facebook.com/docs/sharing/webmasters/crawler)"
57.141.6.13 - - [07/Mar/2026:08:32:32 -0500] "GET /?u=252193700471 HTTP/2" 200 222211 "-" "meta-externalagent/1.1 (+https://developers.facebook.com/docs/sharing/webmasters/crawler)"
57.141.6.67 - - [07/Mar/2026:08:32:33 -0500] "GET /?u=160994932635 HTTP/2" 200 222211 "-" "meta-externalagent/1.1 (+https://developers.facebook.com/docs/sharing/webmasters/crawler)"
57.141.6.26 - - [07/Mar/2026:08:32:33 -0500] "GET /index.php/??u=23106635124 HTTP/2" 404 1251 "-" "meta-externalagent/1.1 (+https://developers.facebook.com/docs/sharing/webmasters/crawler)"
57.141.6.4 - - [07/Mar/2026:08:32:34 -0500] "GET /?u=447345805565 HTTP/2" 200 222211 "-" "meta-externalagent/1.1 (+https://developers.facebook.com/docs/sharing/webmasters/crawler)"
57.141.6.50 - - [07/Mar/2026:08:32:34 -0500] "GET /?u=127889548734 HTTP/2" 200 222211 "-" "meta-externalagent/1.1 (+https://developers.facebook.com/docs/sharing/webmasters/crawler)"
57.141.6.72 - - [07/Mar/2026:08:32:35 -0500] "GET /?u=391112670611 HTTP/2" 200 222211 "-" "meta-externalagent/1.1 (+https://developers.facebook.com/docs/sharing/webmasters/crawler)"
57.141.6.43 - - [07/Mar/2026:08:32:35 -0500] "GET /index.php/??u=418630586191 HTTP/2" 404 1251 "-" "meta-externalagent/1.1 (+https://developers.facebook.com/docs/sharing/webmasters/crawler)"
57.141.6.33 - - [07/Mar/2026:08:32:36 -0500] "GET /?u=303956721810 HTTP/2" 200 222211 "-" "meta-externalagent/1.1 (+https://developers.facebook.com/docs/sharing/webmasters/crawler)"
