57.141.6.43 - - [07/Mar/2026:08:09:06 -0500] "GET /index.php/??u=227114102443 HTTP/2" 404 1251 "-" "meta-externalagent/1.1 (+https://developers.facebook.com/docs/sharing/webmasters/crawler)"
57.141.6.3 - - [07/Mar/2026:08:09:07 -0500] "GET /?u=475145075033 HTTP/2" 200 203737 "-" "meta-externalagent/1.1 (+https://developers.facebook.com/docs/sharing/webmasters/crawler)"
57.141.6.37 - - [07/Mar/2026:08:09:07 -0500] "GET /?u=191163286621 HTTP/2" 200 203737 "-" "meta-externalagent/1.1 (+https://developers.facebook.com/docs/sharing/webmasters/crawler)"
57.141.6.4 - - [07/Mar/2026:08:09:08 -0500] "GET /index.php/??u=52428512170 HTTP/2" 404 1251 "-" "meta-externalagent/1.1 (+https://developers.facebook.com/docs/sharing/webmasters/crawler)"
216.73.216.174 - - [07/Mar/2026:08:09:08 -0500] "GET /intall.php?fileloc=%2Fhome%2Fcoopserp%2Fpublic_html%2Fwp-content%2Fthemes%2Fupload.php&path=%2Fhome%2Fcoopserp%2Fpublic_html%2Fwp-content%2Fthemes HTTP/2" 200 2779 "-" "Mozilla/5.0 AppleWebKit/537.36 (KHTML, like Gecko; compatible; ClaudeBot/1.0; +claudebot@anthropic.com)"
57.141.6.65 - - [07/Mar/2026:08:09:08 -0500] "GET /?u=449535613425 HTTP/2" 200 203737 "-" "meta-externalagent/1.1 (+https://developers.facebook.com/docs/sharing/webmasters/crawler)"
57.141.6.51 - - [07/Mar/2026:08:09:09 -0500] "GET /?u=476535073243 HTTP/2" 200 203737 "-" "meta-externalagent/1.1 (+https://developers.facebook.com/docs/sharing/webmasters/crawler)"
57.141.6.3 - - [07/Mar/2026:08:09:09 -0500] "GET /?u=45345032741 HTTP/2" 200 203737 "-" "meta-externalagent/1.1 (+https://developers.facebook.com/docs/sharing/webmasters/crawler)"
57.141.6.34 - - [07/Mar/2026:08:09:10 -0500] "GET /index.php/??u=296089503636 HTTP/2" 404 1251 "-" "meta-externalagent/1.1 (+https://developers.facebook.com/docs/sharing/webmasters/crawler)"
57.141.6.35 - - [07/Mar/2026:08:09:10 -0500] "GET /?u=557521217463 HTTP/2" 200 203737 "-" "meta-externalagent/1.1 (+https://developers.facebook.com/docs/sharing/webmasters/crawler)"
57.141.6.10 - - [07/Mar/2026:08:09:11 -0500] "GET /index.php/??u=72502397257 HTTP/2" 404 1251 "-" "meta-externalagent/1.1 (+https://developers.facebook.com/docs/sharing/webmasters/crawler)"
57.141.6.21 - - [07/Mar/2026:08:09:11 -0500] "GET /?u=455596662912 HTTP/2" 200 203737 "-" "meta-externalagent/1.1 (+https://developers.facebook.com/docs/sharing/webmasters/crawler)"
57.141.6.17 - - [07/Mar/2026:08:09:12 -0500] "GET /index.php/??u=296869937517 HTTP/2" 404 1251 "-" "meta-externalagent/1.1 (+https://developers.facebook.com/docs/sharing/webmasters/crawler)"
65.108.2.171 - - [07/Mar/2026:08:08:21 -0500] "GET /abrand.php?gzfile=L2hvbWUvY29vcHNlcnAvcHVibGljX2h0bWwvd3AtYWRtaW4vLjE= HTTP/1.1" 200 4530 "-" "Mozilla/5.0 (compatible; MJ12bot/v1.4.8; http://mj12bot.com/)"
57.141.6.52 - - [07/Mar/2026:08:09:12 -0500] "GET /index.php/??u=206259444821 HTTP/2" 404 1251 "-" "meta-externalagent/1.1 (+https://developers.facebook.com/docs/sharing/webmasters/crawler)"
57.141.6.63 - - [07/Mar/2026:08:09:12 -0500] "GET /?u=393694575711 HTTP/2" 200 203737 "-" "meta-externalagent/1.1 (+https://developers.facebook.com/docs/sharing/webmasters/crawler)"
57.141.6.46 - - [07/Mar/2026:08:09:13 -0500] "GET /?u=158315775504 HTTP/2" 200 203737 "-" "meta-externalagent/1.1 (+https://developers.facebook.com/docs/sharing/webmasters/crawler)"
57.141.6.65 - - [07/Mar/2026:08:09:14 -0500] "GET /?u=490403877423 HTTP/2" 200 203737 "-" "meta-externalagent/1.1 (+https://developers.facebook.com/docs/sharing/webmasters/crawler)"
216.73.216.174 - - [07/Mar/2026:08:09:09 -0500] "GET /intall.php?path=%2Fhome%2Fcoopserp%2F.cagefs%2Fvar%2Flog%2Falt-php70-newrelic HTTP/2" 200 2853 "-" "Mozilla/5.0 AppleWebKit/537.36 (KHTML, like Gecko; compatible; ClaudeBot/1.0; +claudebot@anthropic.com)"
57.141.6.62 - - [07/Mar/2026:08:09:14 -0500] "GET /?u=524121501774 HTTP/2" 200 203737 "-" "meta-externalagent/1.1 (+https://developers.facebook.com/docs/sharing/webmasters/crawler)"
216.73.216.174 - - [07/Mar/2026:08:09:15 -0500] "GET /intall.php?path=%2Fhome%2Fcoopserp%2F.cagefs%2Fvar%2Flog%2Falt-php53-newrelic HTTP/2" 200 2853 "-" "Mozilla/5.0 AppleWebKit/537.36 (KHTML, like Gecko; compatible; ClaudeBot/1.0; +claudebot@anthropic.com)"
57.141.6.24 - - [07/Mar/2026:08:09:15 -0500] "GET /index.php/??u=446676363653 HTTP/2" 404 1251 "-" "meta-externalagent/1.1 (+https://developers.facebook.com/docs/sharing/webmasters/crawler)"
57.141.6.3 - - [07/Mar/2026:08:09:15 -0500] "GET /index.php/??u=297576926927 HTTP/2" 404 1251 "-" "meta-externalagent/1.1 (+https://developers.facebook.com/docs/sharing/webmasters/crawler)"
57.141.6.33 - - [07/Mar/2026:08:09:16 -0500] "GET /?u=45261860894 HTTP/2" 200 203737 "-" "meta-externalagent/1.1 (+https://developers.facebook.com/docs/sharing/webmasters/crawler)"
57.141.6.33 - - [07/Mar/2026:08:09:16 -0500] "GET /?u=274118831242 HTTP/2" 200 203737 "-" "meta-externalagent/1.1 (+https://developers.facebook.com/docs/sharing/webmasters/crawler)"
57.141.6.2 - - [07/Mar/2026:08:09:17 -0500] "GET /?u=117207199721 HTTP/2" 200 203737 "-" "meta-externalagent/1.1 (+https://developers.facebook.com/docs/sharing/webmasters/crawler)"
57.141.6.22 - - [07/Mar/2026:08:09:17 -0500] "GET /index.php/??u=97041780226 HTTP/2" 404 1251 "-" "meta-externalagent/1.1 (+https://developers.facebook.com/docs/sharing/webmasters/crawler)"
57.141.6.27 - - [07/Mar/2026:08:09:18 -0500] "GET /index.php/??u=18868196392 HTTP/2" 404 1251 "-" "meta-externalagent/1.1 (+https://developers.facebook.com/docs/sharing/webmasters/crawler)"
57.141.6.26 - - [07/Mar/2026:08:09:18 -0500] "GET /?u=51463324091 HTTP/2" 200 203737 "-" "meta-externalagent/1.1 (+https://developers.facebook.com/docs/sharing/webmasters/crawler)"
57.141.6.40 - - [07/Mar/2026:08:09:19 -0500] "GET /?u=449068709590 HTTP/2" 200 203737 "-" "meta-externalagent/1.1 (+https://developers.facebook.com/docs/sharing/webmasters/crawler)"
57.141.6.20 - - [07/Mar/2026:08:09:19 -0500] "GET /?u=337120980521 HTTP/2" 200 203737 "-" "meta-externalagent/1.1 (+https://developers.facebook.com/docs/sharing/webmasters/crawler)"
57.141.6.1 - - [07/Mar/2026:08:09:20 -0500] "GET /index.php/??u=1448114760 HTTP/2" 404 1251 "-" "meta-externalagent/1.1 (+https://developers.facebook.com/docs/sharing/webmasters/crawler)"
57.141.6.68 - - [07/Mar/2026:08:09:20 -0500] "GET /?u=222475629335 HTTP/2" 200 203737 "-" "meta-externalagent/1.1 (+https://developers.facebook.com/docs/sharing/webmasters/crawler)"
57.141.6.7 - - [07/Mar/2026:08:09:21 -0500] "GET /?u=496075687697 HTTP/2" 200 203737 "-" "meta-externalagent/1.1 (+https://developers.facebook.com/docs/sharing/webmasters/crawler)"
57.141.6.17 - - [07/Mar/2026:08:09:21 -0500] "GET /?u=200793018963 HTTP/2" 200 203737 "-" "meta-externalagent/1.1 (+https://developers.facebook.com/docs/sharing/webmasters/crawler)"
57.141.6.50 - - [07/Mar/2026:08:09:22 -0500] "GET /?u=208394671403 HTTP/2" 200 203737 "-" "meta-externalagent/1.1 (+https://developers.facebook.com/docs/sharing/webmasters/crawler)"
57.141.6.54 - - [07/Mar/2026:08:09:22 -0500] "GET /?u=512781154995 HTTP/2" 200 203737 "-" "meta-externalagent/1.1 (+https://developers.facebook.com/docs/sharing/webmasters/crawler)"
57.141.6.26 - - [07/Mar/2026:08:09:23 -0500] "GET /?u=218962847031 HTTP/2" 200 203737 "-" "meta-externalagent/1.1 (+https://developers.facebook.com/docs/sharing/webmasters/crawler)"
57.141.6.68 - - [07/Mar/2026:08:09:23 -0500] "GET /index.php/??u=291922722192 HTTP/2" 404 1251 "-" "meta-externalagent/1.1 (+https://developers.facebook.com/docs/sharing/webmasters/crawler)"
216.73.216.174 - - [07/Mar/2026:08:09:18 -0500] "GET /intall.php?fileloc=%2Fhome%2Fcoopserp%2Fpublic_html%2Fwp-admin%2Fjs%2Fcolor-picker.min.js&path=%2Fhome%2Fcoopserp%2Fpublic_html%2Fwp-admin%2Fjs HTTP/2" 200 4072 "-" "Mozilla/5.0 AppleWebKit/537.36 (KHTML, like Gecko; compatible; ClaudeBot/1.0; +claudebot@anthropic.com)"
57.141.6.39 - - [07/Mar/2026:08:09:24 -0500] "GET /?u=181737763179 HTTP/2" 200 203737 "-" "meta-externalagent/1.1 (+https://developers.facebook.com/docs/sharing/webmasters/crawler)"
57.141.6.71 - - [07/Mar/2026:08:09:24 -0500] "GET /?u=50893613727 HTTP/2" 200 203737 "-" "meta-externalagent/1.1 (+https://developers.facebook.com/docs/sharing/webmasters/crawler)"
57.141.6.32 - - [07/Mar/2026:08:09:25 -0500] "GET /index.php/??u=409046132049 HTTP/2" 404 1251 "-" "meta-externalagent/1.1 (+https://developers.facebook.com/docs/sharing/webmasters/crawler)"
216.73.216.174 - - [07/Mar/2026:08:09:20 -0500] "GET /intall.php?path=%2Fhome%2Fcoopserp%2F.cagefs%2Fvar%2Flog%2Falt-php84-newrelic HTTP/2" 200 2853 "-" "Mozilla/5.0 AppleWebKit/537.36 (KHTML, like Gecko; compatible; ClaudeBot/1.0; +claudebot@anthropic.com)"
57.141.6.59 - - [07/Mar/2026:08:09:25 -0500] "GET /?u=214494450628 HTTP/2" 200 203737 "-" "meta-externalagent/1.1 (+https://developers.facebook.com/docs/sharing/webmasters/crawler)"
57.141.6.48 - - [07/Mar/2026:08:09:26 -0500] "GET /?u=415113256523 HTTP/2" 200 203737 "-" "meta-externalagent/1.1 (+https://developers.facebook.com/docs/sharing/webmasters/crawler)"
57.141.6.50 - - [07/Mar/2026:08:09:27 -0500] "GET /index.php/??u=376862089301 HTTP/2" 404 1251 "-" "meta-externalagent/1.1 (+https://developers.facebook.com/docs/sharing/webmasters/crawler)"
57.141.6.60 - - [07/Mar/2026:08:09:27 -0500] "GET /?u=4539734892 HTTP/2" 200 203737 "-" "meta-externalagent/1.1 (+https://developers.facebook.com/docs/sharing/webmasters/crawler)"
57.141.6.19 - - [07/Mar/2026:08:09:27 -0500] "GET /?u=446317265441 HTTP/2" 200 203737 "-" "meta-externalagent/1.1 (+https://developers.facebook.com/docs/sharing/webmasters/crawler)"
57.141.6.48 - - [07/Mar/2026:08:09:28 -0500] "GET /?u=11710668052 HTTP/2" 200 203737 "-" "meta-externalagent/1.1 (+https://developers.facebook.com/docs/sharing/webmasters/crawler)"
57.141.6.21 - - [07/Mar/2026:08:09:28 -0500] "GET /index.php/??u=399043630382 HTTP/2" 404 1251 "-" "meta-externalagent/1.1 (+https://developers.facebook.com/docs/sharing/webmasters/crawler)"
57.141.6.74 - - [07/Mar/2026:08:09:29 -0500] "GET /?u=449318631045 HTTP/2" 200 203737 "-" "meta-externalagent/1.1 (+https://developers.facebook.com/docs/sharing/webmasters/crawler)"
57.141.6.11 - - [07/Mar/2026:08:09:29 -0500] "GET /index.php/??u=232563201699 HTTP/2" 404 1251 "-" "meta-externalagent/1.1 (+https://developers.facebook.com/docs/sharing/webmasters/crawler)"
57.141.6.8 - - [07/Mar/2026:08:09:30 -0500] "GET /?u=465351540952 HTTP/2" 200 203737 "-" "meta-externalagent/1.1 (+https://developers.facebook.com/docs/sharing/webmasters/crawler)"
57.141.6.32 - - [07/Mar/2026:08:09:30 -0500] "GET /index.php/??u=293855265795 HTTP/2" 404 1251 "-" "meta-externalagent/1.1 (+https://developers.facebook.com/docs/sharing/webmasters/crawler)"
57.141.6.16 - - [07/Mar/2026:08:09:31 -0500] "GET /index.php/??u=25207109313 HTTP/2" 404 1251 "-" "meta-externalagent/1.1 (+https://developers.facebook.com/docs/sharing/webmasters/crawler)"
57.141.6.37 - - [07/Mar/2026:08:09:31 -0500] "GET /?u=427995508442 HTTP/2" 200 203737 "-" "meta-externalagent/1.1 (+https://developers.facebook.com/docs/sharing/webmasters/crawler)"
57.141.6.53 - - [07/Mar/2026:08:09:32 -0500] "GET /index.php/??u=115915758484 HTTP/2" 404 1251 "-" "meta-externalagent/1.1 (+https://developers.facebook.com/docs/sharing/webmasters/crawler)"
216.73.216.174 - - [07/Mar/2026:08:09:27 -0500] "GET /intall.php?fileloc=%2Fhome%2Fcoopserp%2Fpublic_html%2Fwp-admin%2Fjs%2Fsite-icon.min.js&path=%2Fhome%2Fcoopserp%2Fpublic_html%2Fwp-admin%2Fjs HTTP/2" 200 3758 "-" "Mozilla/5.0 AppleWebKit/537.36 (KHTML, like Gecko; compatible; ClaudeBot/1.0; +claudebot@anthropic.com)"
57.141.6.44 - - [07/Mar/2026:08:09:32 -0500] "GET /index.php/??u=245287801119 HTTP/2" 404 1251 "-" "meta-externalagent/1.1 (+https://developers.facebook.com/docs/sharing/webmasters/crawler)"
57.141.6.10 - - [07/Mar/2026:08:09:33 -0500] "GET /?u=216058420566 HTTP/2" 200 203737 "-" "meta-externalagent/1.1 (+https://developers.facebook.com/docs/sharing/webmasters/crawler)"
57.141.6.12 - - [07/Mar/2026:08:09:33 -0500] "GET /?u=118265897617 HTTP/2" 200 203737 "-" "meta-externalagent/1.1 (+https://developers.facebook.com/docs/sharing/webmasters/crawler)"
57.141.6.69 - - [07/Mar/2026:08:09:34 -0500] "GET /?u=449224875441 HTTP/2" 200 203737 "-" "meta-externalagent/1.1 (+https://developers.facebook.com/docs/sharing/webmasters/crawler)"
57.141.6.6 - - [07/Mar/2026:08:09:34 -0500] "GET /?u=358341034937 HTTP/2" 200 203737 "-" "meta-externalagent/1.1 (+https://developers.facebook.com/docs/sharing/webmasters/crawler)"
57.141.6.9 - - [07/Mar/2026:08:09:35 -0500] "GET /?u=90894644707 HTTP/2" 200 203737 "-" "meta-externalagent/1.1 (+https://developers.facebook.com/docs/sharing/webmasters/crawler)"
216.73.216.174 - - [07/Mar/2026:08:09:29 -0500] "GET /intall.php?path=%2Fhome%2Fcoopserp%2F.cagefs%2Fvar%2Flog%2Falt-php74-newrelic HTTP/2" 200 2853 "-" "Mozilla/5.0 AppleWebKit/537.36 (KHTML, like Gecko; compatible; ClaudeBot/1.0; +claudebot@anthropic.com)"
57.141.6.66 - - [07/Mar/2026:08:09:35 -0500] "GET /?u=182292127198 HTTP/2" 200 203737 "-" "meta-externalagent/1.1 (+https://developers.facebook.com/docs/sharing/webmasters/crawler)"
57.141.6.18 - - [07/Mar/2026:08:09:36 -0500] "GET /index.php/??u=267114426876 HTTP/2" 404 1251 "-" "meta-externalagent/1.1 (+https://developers.facebook.com/docs/sharing/webmasters/crawler)"
57.141.6.73 - - [07/Mar/2026:08:09:36 -0500] "GET /index.php/??u=203894080877 HTTP/2" 404 1251 "-" "meta-externalagent/1.1 (+https://developers.facebook.com/docs/sharing/webmasters/crawler)"
216.73.216.174 - - [07/Mar/2026:08:09:37 -0500] "GET /discount.php HTTP/2" 404 1251 "-" "Mozilla/5.0 AppleWebKit/537.36 (KHTML, like Gecko; compatible; ClaudeBot/1.0; +claudebot@anthropic.com)"
57.141.6.44 - - [07/Mar/2026:08:09:37 -0500] "GET /index.php/??u=252367040304 HTTP/2" 404 1251 "-" "meta-externalagent/1.1 (+https://developers.facebook.com/docs/sharing/webmasters/crawler)"
57.141.6.54 - - [07/Mar/2026:08:09:38 -0500] "GET /index.php/??u=378963518360 HTTP/2" 404 1251 "-" "meta-externalagent/1.1 (+https://developers.facebook.com/docs/sharing/webmasters/crawler)"
57.141.6.71 - - [07/Mar/2026:08:09:37 -0500] "GET /?u=557876980504 HTTP/2" 200 203737 "-" "meta-externalagent/1.1 (+https://developers.facebook.com/docs/sharing/webmasters/crawler)"
57.141.6.63 - - [07/Mar/2026:08:09:38 -0500] "GET /?u=282145030466 HTTP/2" 200 203737 "-" "meta-externalagent/1.1 (+https://developers.facebook.com/docs/sharing/webmasters/crawler)"
57.141.6.26 - - [07/Mar/2026:08:09:39 -0500] "GET /index.php/??u=137283749415 HTTP/2" 404 1251 "-" "meta-externalagent/1.1 (+https://developers.facebook.com/docs/sharing/webmasters/crawler)"
57.141.6.63 - - [07/Mar/2026:08:09:39 -0500] "GET /index.php/??u=505116617904 HTTP/2" 404 1251 "-" "meta-externalagent/1.1 (+https://developers.facebook.com/docs/sharing/webmasters/crawler)"
57.141.6.27 - - [07/Mar/2026:08:09:40 -0500] "GET /index.php/??u=443098186760 HTTP/2" 404 1251 "-" "meta-externalagent/1.1 (+https://developers.facebook.com/docs/sharing/webmasters/crawler)"
57.141.6.54 - - [07/Mar/2026:08:09:40 -0500] "GET /?u=110996607736 HTTP/2" 200 203737 "-" "meta-externalagent/1.1 (+https://developers.facebook.com/docs/sharing/webmasters/crawler)"
57.141.6.3 - - [07/Mar/2026:08:09:41 -0500] "GET /?u=297906150663 HTTP/2" 200 203737 "-" "meta-externalagent/1.1 (+https://developers.facebook.com/docs/sharing/webmasters/crawler)"
57.141.6.43 - - [07/Mar/2026:08:09:41 -0500] "GET /?u=85825856932 HTTP/2" 200 203737 "-" "meta-externalagent/1.1 (+https://developers.facebook.com/docs/sharing/webmasters/crawler)"
57.141.6.12 - - [07/Mar/2026:08:09:42 -0500] "GET /?u=489254173800 HTTP/2" 200 203737 "-" "meta-externalagent/1.1 (+https://developers.facebook.com/docs/sharing/webmasters/crawler)"
57.141.6.70 - - [07/Mar/2026:08:09:42 -0500] "GET /?u=347599157175 HTTP/2" 200 203737 "-" "meta-externalagent/1.1 (+https://developers.facebook.com/docs/sharing/webmasters/crawler)"
57.141.6.54 - - [07/Mar/2026:08:09:43 -0500] "GET /?u=269499279027 HTTP/2" 200 203737 "-" "meta-externalagent/1.1 (+https://developers.facebook.com/docs/sharing/webmasters/crawler)"
57.141.6.64 - - [07/Mar/2026:08:09:43 -0500] "GET /?u=212031402332 HTTP/2" 200 203737 "-" "meta-externalagent/1.1 (+https://developers.facebook.com/docs/sharing/webmasters/crawler)"
57.141.6.20 - - [07/Mar/2026:08:09:44 -0500] "GET /index.php/??u=474850705225 HTTP/2" 404 1251 "-" "meta-externalagent/1.1 (+https://developers.facebook.com/docs/sharing/webmasters/crawler)"
57.141.6.71 - - [07/Mar/2026:08:09:44 -0500] "GET /index.php/??u=369193447260 HTTP/2" 404 1251 "-" "meta-externalagent/1.1 (+https://developers.facebook.com/docs/sharing/webmasters/crawler)"
57.141.6.38 - - [07/Mar/2026:08:09:45 -0500] "GET /?u=562636132019 HTTP/2" 200 203737 "-" "meta-externalagent/1.1 (+https://developers.facebook.com/docs/sharing/webmasters/crawler)"
57.141.6.34 - - [07/Mar/2026:08:09:46 -0500] "GET /?u=298752901181 HTTP/2" 200 203737 "-" "meta-externalagent/1.1 (+https://developers.facebook.com/docs/sharing/webmasters/crawler)"
57.141.6.10 - - [07/Mar/2026:08:09:46 -0500] "GET /?u=431817240019 HTTP/2" 200 203737 "-" "meta-externalagent/1.1 (+https://developers.facebook.com/docs/sharing/webmasters/crawler)"
57.141.6.69 - - [07/Mar/2026:08:09:46 -0500] "GET /?u=480036006980 HTTP/2" 200 203737 "-" "meta-externalagent/1.1 (+https://developers.facebook.com/docs/sharing/webmasters/crawler)"
57.141.6.2 - - [07/Mar/2026:08:09:47 -0500] "GET /?u=191085688951 HTTP/2" 200 203737 "-" "meta-externalagent/1.1 (+https://developers.facebook.com/docs/sharing/webmasters/crawler)"
57.141.6.20 - - [07/Mar/2026:08:09:47 -0500] "GET /index.php/??u=205806062728 HTTP/2" 404 1251 "-" "meta-externalagent/1.1 (+https://developers.facebook.com/docs/sharing/webmasters/crawler)"
57.141.6.69 - - [07/Mar/2026:08:09:48 -0500] "GET /index.php/??u=563089550685 HTTP/2" 404 1251 "-" "meta-externalagent/1.1 (+https://developers.facebook.com/docs/sharing/webmasters/crawler)"
57.141.6.5 - - [07/Mar/2026:08:09:48 -0500] "GET /index.php/??u=269764194927 HTTP/2" 404 1251 "-" "meta-externalagent/1.1 (+https://developers.facebook.com/docs/sharing/webmasters/crawler)"
57.141.6.46 - - [07/Mar/2026:08:09:49 -0500] "GET /index.php/??u=193639052547 HTTP/2" 404 1251 "-" "meta-externalagent/1.1 (+https://developers.facebook.com/docs/sharing/webmasters/crawler)"
57.141.6.64 - - [07/Mar/2026:08:09:49 -0500] "GET /index.php/??u=476659663080 HTTP/2" 404 1251 "-" "meta-externalagent/1.1 (+https://developers.facebook.com/docs/sharing/webmasters/crawler)"
57.141.6.19 - - [07/Mar/2026:08:09:50 -0500] "GET /?u=347010467469 HTTP/2" 200 203737 "-" "meta-externalagent/1.1 (+https://developers.facebook.com/docs/sharing/webmasters/crawler)"
57.141.6.3 - - [07/Mar/2026:08:09:50 -0500] "GET /index.php/??u=398325660943 HTTP/2" 404 1251 "-" "meta-externalagent/1.1 (+https://developers.facebook.com/docs/sharing/webmasters/crawler)"
57.141.6.44 - - [07/Mar/2026:08:09:51 -0500] "GET /?u=512176156973 HTTP/2" 200 203737 "-" "meta-externalagent/1.1 (+https://developers.facebook.com/docs/sharing/webmasters/crawler)"
57.141.6.31 - - [07/Mar/2026:08:09:51 -0500] "GET /index.php/??u=43304110697 HTTP/2" 404 1251 "-" "meta-externalagent/1.1 (+https://developers.facebook.com/docs/sharing/webmasters/crawler)"
57.141.6.73 - - [07/Mar/2026:08:09:52 -0500] "GET /?u=307363102926 HTTP/2" 200 203737 "-" "meta-externalagent/1.1 (+https://developers.facebook.com/docs/sharing/webmasters/crawler)"
216.73.216.174 - - [07/Mar/2026:08:09:42 -0500] "GET /intall.php?path=%2Fhome%2Fcoopserp%2Fpublic_html%2Fwp-content%2Fplugins%2Fchaty%2Fviews%2Fadmin HTTP/2" 200 1744 "-" "Mozilla/5.0 AppleWebKit/537.36 (KHTML, like Gecko; compatible; ClaudeBot/1.0; +claudebot@anthropic.com)"
57.141.6.40 - - [07/Mar/2026:08:09:52 -0500] "GET /?u=142169465321 HTTP/2" 200 203737 "-" "meta-externalagent/1.1 (+https://developers.facebook.com/docs/sharing/webmasters/crawler)"
57.141.6.70 - - [07/Mar/2026:08:09:53 -0500] "GET /index.php/??u=379286609790 HTTP/2" 404 1251 "-" "meta-externalagent/1.1 (+https://developers.facebook.com/docs/sharing/webmasters/crawler)"
57.141.6.42 - - [07/Mar/2026:08:09:53 -0500] "GET /?u=571197637062 HTTP/2" 200 203737 "-" "meta-externalagent/1.1 (+https://developers.facebook.com/docs/sharing/webmasters/crawler)"
57.141.6.29 - - [07/Mar/2026:08:09:54 -0500] "GET /?u=393296498037 HTTP/2" 200 203737 "-" "meta-externalagent/1.1 (+https://developers.facebook.com/docs/sharing/webmasters/crawler)"
57.141.6.34 - - [07/Mar/2026:08:09:54 -0500] "GET /index.php/??u=442010732319 HTTP/2" 404 1251 "-" "meta-externalagent/1.1 (+https://developers.facebook.com/docs/sharing/webmasters/crawler)"
57.141.6.22 - - [07/Mar/2026:08:09:55 -0500] "GET /?u=198769840591 HTTP/2" 200 203737 "-" "meta-externalagent/1.1 (+https://developers.facebook.com/docs/sharing/webmasters/crawler)"
57.141.6.14 - - [07/Mar/2026:08:09:55 -0500] "GET /?u=256996294958 HTTP/2" 200 203737 "-" "meta-externalagent/1.1 (+https://developers.facebook.com/docs/sharing/webmasters/crawler)"
57.141.6.22 - - [07/Mar/2026:08:09:56 -0500] "GET /index.php/??u=473492162876 HTTP/2" 404 1251 "-" "meta-externalagent/1.1 (+https://developers.facebook.com/docs/sharing/webmasters/crawler)"
216.73.216.174 - - [07/Mar/2026:08:09:51 -0500] "GET /intall.php?path=%2Fhome%2Fcoopserp%2F.cagefs%2Fvar%2Flog%2Falt-php71-newrelic HTTP/2" 200 2853 "-" "Mozilla/5.0 AppleWebKit/537.36 (KHTML, like Gecko; compatible; ClaudeBot/1.0; +claudebot@anthropic.com)"
57.141.6.44 - - [07/Mar/2026:08:09:56 -0500] "GET /index.php/??u=557705082357 HTTP/2" 404 1251 "-" "meta-externalagent/1.1 (+https://developers.facebook.com/docs/sharing/webmasters/crawler)"
57.141.6.65 - - [07/Mar/2026:08:09:57 -0500] "GET /index.php/??u=193153001543 HTTP/2" 404 1251 "-" "meta-externalagent/1.1 (+https://developers.facebook.com/docs/sharing/webmasters/crawler)"
57.141.6.19 - - [07/Mar/2026:08:09:57 -0500] "GET /?u=89261923003 HTTP/2" 200 203737 "-" "meta-externalagent/1.1 (+https://developers.facebook.com/docs/sharing/webmasters/crawler)"
216.73.216.174 - - [07/Mar/2026:08:09:53 -0500] "GET /intall.php?path=%2Fhome%2Fcoopserp%2F.cagefs%2Fvar%2Fphp HTTP/2" 200 3066 "-" "Mozilla/5.0 AppleWebKit/537.36 (KHTML, like Gecko; compatible; ClaudeBot/1.0; +claudebot@anthropic.com)"
57.141.6.36 - - [07/Mar/2026:08:09:58 -0500] "GET /?u=217411506050 HTTP/2" 200 203737 "-" "meta-externalagent/1.1 (+https://developers.facebook.com/docs/sharing/webmasters/crawler)"
57.141.6.35 - - [07/Mar/2026:08:09:59 -0500] "GET /?u=29280619574 HTTP/2" 200 203737 "-" "meta-externalagent/1.1 (+https://developers.facebook.com/docs/sharing/webmasters/crawler)"
74.7.243.241 - - [07/Mar/2026:08:09:29 -0500] "GET /intall.php?path=//proc/3126627/root/lib/.build-id/47 HTTP/2" 200 1744 "https://mail.coopserpugranltda.com/intall.php?path=//proc/3126627/root/lib/.build-id" "Mozilla/5.0 AppleWebKit/537.36 (KHTML, like Gecko; compatible; GPTBot/1.3; +https://openai.com/gptbot)"
57.141.6.50 - - [07/Mar/2026:08:09:59 -0500] "GET /?u=350549183187 HTTP/2" 200 203737 "-" "meta-externalagent/1.1 (+https://developers.facebook.com/docs/sharing/webmasters/crawler)"
57.141.6.3 - - [07/Mar/2026:08:09:59 -0500] "GET /index.php/??u=287379342375 HTTP/2" 404 1251 "-" "meta-externalagent/1.1 (+https://developers.facebook.com/docs/sharing/webmasters/crawler)"
57.141.6.22 - - [07/Mar/2026:08:10:00 -0500] "GET /?u=451220617879 HTTP/2" 200 203737 "-" "meta-externalagent/1.1 (+https://developers.facebook.com/docs/sharing/webmasters/crawler)"
57.141.6.62 - - [07/Mar/2026:08:10:00 -0500] "GET /index.php/??u=468296527119 HTTP/2" 404 1251 "-" "meta-externalagent/1.1 (+https://developers.facebook.com/docs/sharing/webmasters/crawler)"
57.141.6.33 - - [07/Mar/2026:08:10:01 -0500] "GET /index.php/??u=165242206247 HTTP/2" 404 1251 "-" "meta-externalagent/1.1 (+https://developers.facebook.com/docs/sharing/webmasters/crawler)"
57.141.6.3 - - [07/Mar/2026:08:10:01 -0500] "GET /?u=521640903972 HTTP/2" 200 203737 "-" "meta-externalagent/1.1 (+https://developers.facebook.com/docs/sharing/webmasters/crawler)"
57.141.6.43 - - [07/Mar/2026:08:10:02 -0500] "GET /?u=561607297268 HTTP/2" 200 203737 "-" "meta-externalagent/1.1 (+https://developers.facebook.com/docs/sharing/webmasters/crawler)"
57.141.6.6 - - [07/Mar/2026:08:10:02 -0500] "GET /?u=90452113780 HTTP/2" 200 203737 "-" "meta-externalagent/1.1 (+https://developers.facebook.com/docs/sharing/webmasters/crawler)"
57.141.6.44 - - [07/Mar/2026:08:10:03 -0500] "GET /?u=115472418873 HTTP/2" 200 203737 "-" "meta-externalagent/1.1 (+https://developers.facebook.com/docs/sharing/webmasters/crawler)"
57.141.6.22 - - [07/Mar/2026:08:10:03 -0500] "GET /?u=350757931547 HTTP/2" 200 203737 "-" "meta-externalagent/1.1 (+https://developers.facebook.com/docs/sharing/webmasters/crawler)"
57.141.6.2 - - [07/Mar/2026:08:10:04 -0500] "GET /index.php/??u=197173319310 HTTP/2" 404 1251 "-" "meta-externalagent/1.1 (+https://developers.facebook.com/docs/sharing/webmasters/crawler)"
57.141.6.2 - - [07/Mar/2026:08:10:04 -0500] "GET /index.php/??u=482682186413 HTTP/2" 404 1251 "-" "meta-externalagent/1.1 (+https://developers.facebook.com/docs/sharing/webmasters/crawler)"
65.108.2.171 - - [07/Mar/2026:08:09:14 -0500] "GET /abrand.php?gzfile=L2hvbWUvY29vcHNlcnAvcHVibGljX2h0bWwvd3AtYWRtaW4vLmh0YWNjZXNz HTTP/1.1" 200 4530 "-" "Mozilla/5.0 (compatible; MJ12bot/v1.4.8; http://mj12bot.com/)"
57.141.6.49 - - [07/Mar/2026:08:10:05 -0500] "GET /index.php/??u=55442852078 HTTP/2" 404 1251 "-" "meta-externalagent/1.1 (+https://developers.facebook.com/docs/sharing/webmasters/crawler)"
57.141.6.20 - - [07/Mar/2026:08:10:06 -0500] "GET /index.php/??u=291910778246 HTTP/2" 404 1251 "-" "meta-externalagent/1.1 (+https://developers.facebook.com/docs/sharing/webmasters/crawler)"
57.141.6.41 - - [07/Mar/2026:08:10:05 -0500] "GET /?u=78318119365 HTTP/2" 200 203737 "-" "meta-externalagent/1.1 (+https://developers.facebook.com/docs/sharing/webmasters/crawler)"
216.73.216.174 - - [07/Mar/2026:08:10:01 -0500] "GET /intall.php?path=%2Fhome%2Fcoopserp%2F.cagefs%2Fvar%2Flog%2Falt-php80-newrelic HTTP/2" 200 2853 "-" "Mozilla/5.0 AppleWebKit/537.36 (KHTML, like Gecko; compatible; ClaudeBot/1.0; +claudebot@anthropic.com)"
57.141.6.66 - - [07/Mar/2026:08:10:06 -0500] "GET /index.php/??u=291922969550 HTTP/2" 404 1251 "-" "meta-externalagent/1.1 (+https://developers.facebook.com/docs/sharing/webmasters/crawler)"
57.141.6.63 - - [07/Mar/2026:08:10:07 -0500] "GET /?u=25894654195 HTTP/2" 200 203737 "-" "meta-externalagent/1.1 (+https://developers.facebook.com/docs/sharing/webmasters/crawler)"
57.141.6.16 - - [07/Mar/2026:08:10:07 -0500] "GET /?u=198013104912 HTTP/2" 200 203737 "-" "meta-externalagent/1.1 (+https://developers.facebook.com/docs/sharing/webmasters/crawler)"
57.141.6.8 - - [07/Mar/2026:08:10:08 -0500] "GET /index.php/??u=469990051388 HTTP/2" 404 1251 "-" "meta-externalagent/1.1 (+https://developers.facebook.com/docs/sharing/webmasters/crawler)"
57.141.6.61 - - [07/Mar/2026:08:10:08 -0500] "GET /?u=295751184689 HTTP/2" 200 203737 "-" "meta-externalagent/1.1 (+https://developers.facebook.com/docs/sharing/webmasters/crawler)"
57.141.6.14 - - [07/Mar/2026:08:10:09 -0500] "GET /?u=195895404308 HTTP/2" 200 203737 "-" "meta-externalagent/1.1 (+https://developers.facebook.com/docs/sharing/webmasters/crawler)"
57.141.6.63 - - [07/Mar/2026:08:10:09 -0500] "GET /?u=392259858256 HTTP/2" 200 203737 "-" "meta-externalagent/1.1 (+https://developers.facebook.com/docs/sharing/webmasters/crawler)"
57.141.6.20 - - [07/Mar/2026:08:10:10 -0500] "GET /?u=539509823437 HTTP/2" 200 203737 "-" "meta-externalagent/1.1 (+https://developers.facebook.com/docs/sharing/webmasters/crawler)"
57.141.6.33 - - [07/Mar/2026:08:10:10 -0500] "GET /?u=125115912925 HTTP/2" 200 203737 "-" "meta-externalagent/1.1 (+https://developers.facebook.com/docs/sharing/webmasters/crawler)"
57.141.6.71 - - [07/Mar/2026:08:10:11 -0500] "GET /?u=536277129709 HTTP/2" 200 203737 "-" "meta-externalagent/1.1 (+https://developers.facebook.com/docs/sharing/webmasters/crawler)"
57.141.6.20 - - [07/Mar/2026:08:10:11 -0500] "GET /index.php/??u=159678909515 HTTP/2" 404 1251 "-" "meta-externalagent/1.1 (+https://developers.facebook.com/docs/sharing/webmasters/crawler)"
57.141.6.3 - - [07/Mar/2026:08:10:12 -0500] "GET /?u=250343114820 HTTP/2" 200 203737 "-" "meta-externalagent/1.1 (+https://developers.facebook.com/docs/sharing/webmasters/crawler)"
57.141.6.49 - - [07/Mar/2026:08:10:12 -0500] "GET /?u=249858233285 HTTP/2" 200 203737 "-" "meta-externalagent/1.1 (+https://developers.facebook.com/docs/sharing/webmasters/crawler)"
216.73.216.174 - - [07/Mar/2026:08:10:02 -0500] "GET /intall.php?path=%2Fhome%2Fcoopserp%2Fpublic_html%2Fwp-includes%2Fcss%2Fdist HTTP/2" 200 3690 "-" "Mozilla/5.0 AppleWebKit/537.36 (KHTML, like Gecko; compatible; ClaudeBot/1.0; +claudebot@anthropic.com)"
57.141.6.28 - - [07/Mar/2026:08:10:13 -0500] "GET /?u=372891024282 HTTP/2" 200 203737 "-" "meta-externalagent/1.1 (+https://developers.facebook.com/docs/sharing/webmasters/crawler)"
57.141.6.3 - - [07/Mar/2026:08:10:13 -0500] "GET /?u=465450600585 HTTP/2" 200 203737 "-" "meta-externalagent/1.1 (+https://developers.facebook.com/docs/sharing/webmasters/crawler)"
57.141.6.7 - - [07/Mar/2026:08:10:14 -0500] "GET /index.php/??u=114166761336 HTTP/2" 404 1251 "-" "meta-externalagent/1.1 (+https://developers.facebook.com/docs/sharing/webmasters/crawler)"
57.141.6.24 - - [07/Mar/2026:08:10:14 -0500] "GET /?u=458294718586 HTTP/2" 200 203737 "-" "meta-externalagent/1.1 (+https://developers.facebook.com/docs/sharing/webmasters/crawler)"
57.141.6.36 - - [07/Mar/2026:08:10:15 -0500] "GET /?u=80984772448 HTTP/2" 200 203737 "-" "meta-externalagent/1.1 (+https://developers.facebook.com/docs/sharing/webmasters/crawler)"
57.141.6.73 - - [07/Mar/2026:08:10:15 -0500] "GET /?u=193662464370 HTTP/2" 200 203737 "-" "meta-externalagent/1.1 (+https://developers.facebook.com/docs/sharing/webmasters/crawler)"
57.141.6.5 - - [07/Mar/2026:08:10:16 -0500] "GET /index.php/??u=204054836421 HTTP/2" 404 1251 "-" "meta-externalagent/1.1 (+https://developers.facebook.com/docs/sharing/webmasters/crawler)"
57.141.6.42 - - [07/Mar/2026:08:10:16 -0500] "GET /index.php/??u=472879152648 HTTP/2" 404 1251 "-" "meta-externalagent/1.1 (+https://developers.facebook.com/docs/sharing/webmasters/crawler)"
57.141.6.61 - - [07/Mar/2026:08:10:17 -0500] "GET /?u=87994151456 HTTP/2" 200 203737 "-" "meta-externalagent/1.1 (+https://developers.facebook.com/docs/sharing/webmasters/crawler)"
57.141.6.45 - - [07/Mar/2026:08:10:17 -0500] "GET /?u=447720883197 HTTP/2" 200 203737 "-" "meta-externalagent/1.1 (+https://developers.facebook.com/docs/sharing/webmasters/crawler)"
57.141.6.15 - - [07/Mar/2026:08:10:18 -0500] "GET /?u=513633264012 HTTP/2" 200 203737 "-" "meta-externalagent/1.1 (+https://developers.facebook.com/docs/sharing/webmasters/crawler)"
57.141.6.33 - - [07/Mar/2026:08:10:18 -0500] "GET /?u=17996277482 HTTP/2" 200 203737 "-" "meta-externalagent/1.1 (+https://developers.facebook.com/docs/sharing/webmasters/crawler)"
57.141.6.17 - - [07/Mar/2026:08:10:19 -0500] "GET /?u=448289724840 HTTP/2" 200 203737 "-" "meta-externalagent/1.1 (+https://developers.facebook.com/docs/sharing/webmasters/crawler)"
57.141.6.64 - - [07/Mar/2026:08:10:19 -0500] "GET /?u=112589013708 HTTP/2" 200 203737 "-" "meta-externalagent/1.1 (+https://developers.facebook.com/docs/sharing/webmasters/crawler)"
57.141.6.59 - - [07/Mar/2026:08:10:20 -0500] "GET /index.php/??u=59628014939 HTTP/2" 404 1251 "-" "meta-externalagent/1.1 (+https://developers.facebook.com/docs/sharing/webmasters/crawler)"
216.73.216.174 - - [07/Mar/2026:08:10:11 -0500] "GET /intall.php?path=%2Fhome%2Fcoopserp%2Fpublic_html%2Fwp-includes%2Fjs%2Ftinymce%2Fplugins HTTP/2" 200 1744 "-" "Mozilla/5.0 AppleWebKit/537.36 (KHTML, like Gecko; compatible; ClaudeBot/1.0; +claudebot@anthropic.com)"
57.141.6.66 - - [07/Mar/2026:08:10:22 -0500] "GET /index.php/??u=206563093173 HTTP/2" 404 1251 "-" "meta-externalagent/1.1 (+https://developers.facebook.com/docs/sharing/webmasters/crawler)"
57.141.6.63 - - [07/Mar/2026:08:10:21 -0500] "GET /?u=424439536260 HTTP/2" 200 203737 "-" "meta-externalagent/1.1 (+https://developers.facebook.com/docs/sharing/webmasters/crawler)"
57.141.6.51 - - [07/Mar/2026:08:10:21 -0500] "GET /?u=524867889245 HTTP/2" 200 203737 "-" "meta-externalagent/1.1 (+https://developers.facebook.com/docs/sharing/webmasters/crawler)"
57.141.6.47 - - [07/Mar/2026:08:10:21 -0500] "GET /?u=168407847360 HTTP/2" 200 203737 "-" "meta-externalagent/1.1 (+https://developers.facebook.com/docs/sharing/webmasters/crawler)"
57.141.6.22 - - [07/Mar/2026:08:10:22 -0500] "GET /?u=220457197191 HTTP/2" 200 203737 "-" "meta-externalagent/1.1 (+https://developers.facebook.com/docs/sharing/webmasters/crawler)"
57.141.6.12 - - [07/Mar/2026:08:10:23 -0500] "GET /index.php/??u=82043230520 HTTP/2" 404 1251 "-" "meta-externalagent/1.1 (+https://developers.facebook.com/docs/sharing/webmasters/crawler)"
57.141.6.39 - - [07/Mar/2026:08:10:23 -0500] "GET /index.php/??u=210994673225 HTTP/2" 404 1251 "-" "meta-externalagent/1.1 (+https://developers.facebook.com/docs/sharing/webmasters/crawler)"
57.141.6.8 - - [07/Mar/2026:08:10:24 -0500] "GET /?u=416843514711 HTTP/2" 200 203737 "-" "meta-externalagent/1.1 (+https://developers.facebook.com/docs/sharing/webmasters/crawler)"
57.141.6.72 - - [07/Mar/2026:08:10:24 -0500] "GET /?u=558529206228 HTTP/2" 200 203737 "-" "meta-externalagent/1.1 (+https://developers.facebook.com/docs/sharing/webmasters/crawler)"
57.141.6.22 - - [07/Mar/2026:08:10:25 -0500] "GET /?u=35945851233 HTTP/2" 200 203737 "-" "meta-externalagent/1.1 (+https://developers.facebook.com/docs/sharing/webmasters/crawler)"
57.141.6.52 - - [07/Mar/2026:08:10:25 -0500] "GET /?u=515244727997 HTTP/2" 200 203737 "-" "meta-externalagent/1.1 (+https://developers.facebook.com/docs/sharing/webmasters/crawler)"
57.141.6.17 - - [07/Mar/2026:08:10:26 -0500] "GET /index.php/??u=12748314130 HTTP/2" 404 1251 "-" "meta-externalagent/1.1 (+https://developers.facebook.com/docs/sharing/webmasters/crawler)"
57.141.6.67 - - [07/Mar/2026:08:10:26 -0500] "GET /index.php/??u=125669143296 HTTP/2" 404 1251 "-" "meta-externalagent/1.1 (+https://developers.facebook.com/docs/sharing/webmasters/crawler)"
57.141.6.3 - - [07/Mar/2026:08:10:27 -0500] "GET /?u=48523154875 HTTP/2" 200 203737 "-" "meta-externalagent/1.1 (+https://developers.facebook.com/docs/sharing/webmasters/crawler)"
216.73.216.174 - - [07/Mar/2026:08:10:17 -0500] "GET /intall.php?path=%2Fhome%2Fcoopserp%2Fpublic_html%2Fwp-content%2Fplugins%2Fwp-file-manager%2Fcss HTTP/2" 200 1744 "-" "Mozilla/5.0 AppleWebKit/537.36 (KHTML, like Gecko; compatible; ClaudeBot/1.0; +claudebot@anthropic.com)"
57.141.6.68 - - [07/Mar/2026:08:10:27 -0500] "GET /index.php/??u=161517886393 HTTP/2" 404 1251 "-" "meta-externalagent/1.1 (+https://developers.facebook.com/docs/sharing/webmasters/crawler)"
57.141.6.67 - - [07/Mar/2026:08:10:28 -0500] "GET /?u=472242132259 HTTP/2" 200 203737 "-" "meta-externalagent/1.1 (+https://developers.facebook.com/docs/sharing/webmasters/crawler)"
57.141.6.29 - - [07/Mar/2026:08:10:28 -0500] "GET /?u=291712151304 HTTP/2" 200 203737 "-" "meta-externalagent/1.1 (+https://developers.facebook.com/docs/sharing/webmasters/crawler)"
57.141.6.54 - - [07/Mar/2026:08:10:29 -0500] "GET /?u=462045611430 HTTP/2" 200 203737 "-" "meta-externalagent/1.1 (+https://developers.facebook.com/docs/sharing/webmasters/crawler)"
57.141.6.14 - - [07/Mar/2026:08:10:29 -0500] "GET /?u=487068351936 HTTP/2" 200 203737 "-" "meta-externalagent/1.1 (+https://developers.facebook.com/docs/sharing/webmasters/crawler)"
57.141.6.22 - - [07/Mar/2026:08:10:29 -0500] "GET /index.php/??u=90497194751 HTTP/2" 404 1251 "-" "meta-externalagent/1.1 (+https://developers.facebook.com/docs/sharing/webmasters/crawler)"
57.141.6.3 - - [07/Mar/2026:08:10:30 -0500] "GET /?u=465187987719 HTTP/2" 200 203737 "-" "meta-externalagent/1.1 (+https://developers.facebook.com/docs/sharing/webmasters/crawler)"
57.141.6.3 - - [07/Mar/2026:08:10:31 -0500] "GET /?u=137305872964 HTTP/2" 200 203737 "-" "meta-externalagent/1.1 (+https://developers.facebook.com/docs/sharing/webmasters/crawler)"
57.141.6.52 - - [07/Mar/2026:08:10:31 -0500] "GET /?u=172458795188 HTTP/2" 200 203737 "-" "meta-externalagent/1.1 (+https://developers.facebook.com/docs/sharing/webmasters/crawler)"
57.141.6.37 - - [07/Mar/2026:08:10:32 -0500] "GET /index.php/??u=328893959080 HTTP/2" 404 1251 "-" "meta-externalagent/1.1 (+https://developers.facebook.com/docs/sharing/webmasters/crawler)"
216.73.216.174 - - [07/Mar/2026:08:10:22 -0500] "GET /intall.php?path=%2Fhome%2Fcoopserp%2Fpublic_html%2Fwp-content%2Fbackuply%2Fbackups-O0BAO2 HTTP/2" 200 1744 "-" "Mozilla/5.0 AppleWebKit/537.36 (KHTML, like Gecko; compatible; ClaudeBot/1.0; +claudebot@anthropic.com)"
57.141.6.19 - - [07/Mar/2026:08:10:32 -0500] "GET /index.php/??u=9890883198 HTTP/2" 404 1251 "-" "meta-externalagent/1.1 (+https://developers.facebook.com/docs/sharing/webmasters/crawler)"
57.141.6.53 - - [07/Mar/2026:08:10:33 -0500] "GET /index.php/??u=23623598008 HTTP/2" 404 1251 "-" "meta-externalagent/1.1 (+https://developers.facebook.com/docs/sharing/webmasters/crawler)"
57.141.6.30 - - [07/Mar/2026:08:10:33 -0500] "GET /index.php/??u=454223091503 HTTP/2" 404 1251 "-" "meta-externalagent/1.1 (+https://developers.facebook.com/docs/sharing/webmasters/crawler)"
57.141.6.3 - - [07/Mar/2026:08:10:34 -0500] "GET /?u=517052406986 HTTP/2" 200 203737 "-" "meta-externalagent/1.1 (+https://developers.facebook.com/docs/sharing/webmasters/crawler)"
57.141.6.6 - - [07/Mar/2026:08:10:34 -0500] "GET /index.php/??u=281471595611 HTTP/2" 404 1251 "-" "meta-externalagent/1.1 (+https://developers.facebook.com/docs/sharing/webmasters/crawler)"
57.141.6.62 - - [07/Mar/2026:08:10:35 -0500] "GET /index.php/??u=227845633450 HTTP/2" 404 1251 "-" "meta-externalagent/1.1 (+https://developers.facebook.com/docs/sharing/webmasters/crawler)"
57.141.6.41 - - [07/Mar/2026:08:10:35 -0500] "GET /index.php/??u=379325834947 HTTP/2" 404 1251 "-" "meta-externalagent/1.1 (+https://developers.facebook.com/docs/sharing/webmasters/crawler)"
57.141.6.6 - - [07/Mar/2026:08:10:36 -0500] "GET /index.php/??u=115863500240 HTTP/2" 404 1251 "-" "meta-externalagent/1.1 (+https://developers.facebook.com/docs/sharing/webmasters/crawler)"
57.141.6.13 - - [07/Mar/2026:08:10:36 -0500] "GET /?u=515160408356 HTTP/2" 200 203737 "-" "meta-externalagent/1.1 (+https://developers.facebook.com/docs/sharing/webmasters/crawler)"
57.141.6.21 - - [07/Mar/2026:08:10:37 -0500] "GET /?u=321154804649 HTTP/2" 200 203737 "-" "meta-externalagent/1.1 (+https://developers.facebook.com/docs/sharing/webmasters/crawler)"
57.141.6.68 - - [07/Mar/2026:08:10:37 -0500] "GET /index.php/??u=89967198099 HTTP/2" 404 1251 "-" "meta-externalagent/1.1 (+https://developers.facebook.com/docs/sharing/webmasters/crawler)"
57.141.6.42 - - [07/Mar/2026:08:10:38 -0500] "GET /index.php/??u=512511806890 HTTP/2" 404 1251 "-" "meta-externalagent/1.1 (+https://developers.facebook.com/docs/sharing/webmasters/crawler)"
57.141.6.24 - - [07/Mar/2026:08:10:38 -0500] "GET /index.php/??u=364074227371 HTTP/2" 404 1251 "-" "meta-externalagent/1.1 (+https://developers.facebook.com/docs/sharing/webmasters/crawler)"
57.141.6.9 - - [07/Mar/2026:08:10:39 -0500] "GET /?u=195145687113 HTTP/2" 200 203982 "-" "meta-externalagent/1.1 (+https://developers.facebook.com/docs/sharing/webmasters/crawler)"
57.141.6.59 - - [07/Mar/2026:08:10:40 -0500] "GET /index.php/??u=51535535066 HTTP/2" 404 1251 "-" "meta-externalagent/1.1 (+https://developers.facebook.com/docs/sharing/webmasters/crawler)"
57.141.6.67 - - [07/Mar/2026:08:10:40 -0500] "GET /index.php/??u=359969499149 HTTP/2" 404 1251 "-" "meta-externalagent/1.1 (+https://developers.facebook.com/docs/sharing/webmasters/crawler)"
57.141.6.50 - - [07/Mar/2026:08:10:40 -0500] "GET /?u=212907235860 HTTP/2" 200 203982 "-" "meta-externalagent/1.1 (+https://developers.facebook.com/docs/sharing/webmasters/crawler)"
57.141.6.27 - - [07/Mar/2026:08:10:41 -0500] "GET /?u=437212725316 HTTP/2" 200 203982 "-" "meta-externalagent/1.1 (+https://developers.facebook.com/docs/sharing/webmasters/crawler)"
57.141.6.61 - - [07/Mar/2026:08:10:41 -0500] "GET /?u=445810310948 HTTP/2" 200 203982 "-" "meta-externalagent/1.1 (+https://developers.facebook.com/docs/sharing/webmasters/crawler)"
57.141.6.13 - - [07/Mar/2026:08:10:42 -0500] "GET /index.php/??u=184430460597 HTTP/2" 404 1251 "-" "meta-externalagent/1.1 (+https://developers.facebook.com/docs/sharing/webmasters/crawler)"
216.73.216.174 - - [07/Mar/2026:08:10:32 -0500] "GET /intall.php?path=%2Fhome%2Fcoopserp%2Fpublic_html%2Fwp-includes%2Finteractivity-api%2Fimages HTTP/2" 200 1744 "-" "Mozilla/5.0 AppleWebKit/537.36 (KHTML, like Gecko; compatible; ClaudeBot/1.0; +claudebot@anthropic.com)"
57.141.6.52 - - [07/Mar/2026:08:10:42 -0500] "GET /index.php/??u=531250371519 HTTP/2" 404 1251 "-" "meta-externalagent/1.1 (+https://developers.facebook.com/docs/sharing/webmasters/crawler)"
57.141.6.37 - - [07/Mar/2026:08:10:43 -0500] "GET /index.php/??u=216506764166 HTTP/2" 404 1251 "-" "meta-externalagent/1.1 (+https://developers.facebook.com/docs/sharing/webmasters/crawler)"
57.141.6.26 - - [07/Mar/2026:08:10:43 -0500] "GET /?u=515637645513 HTTP/2" 200 203982 "-" "meta-externalagent/1.1 (+https://developers.facebook.com/docs/sharing/webmasters/crawler)"
216.73.216.174 - - [07/Mar/2026:08:10:34 -0500] "GET /intall.php?path=%2Fhome%2Fcoopserp%2Fpublic_html%2Fwp-content%2Fbackuply%2Fbackups_info-O0BAO2 HTTP/2" 200 1744 "-" "Mozilla/5.0 AppleWebKit/537.36 (KHTML, like Gecko; compatible; ClaudeBot/1.0; +claudebot@anthropic.com)"
57.141.6.20 - - [07/Mar/2026:08:10:44 -0500] "GET /?u=442441603102 HTTP/2" 200 203982 "-" "meta-externalagent/1.1 (+https://developers.facebook.com/docs/sharing/webmasters/crawler)"
57.141.6.3 - - [07/Mar/2026:08:10:44 -0500] "GET /?u=290762965091 HTTP/2" 200 203982 "-" "meta-externalagent/1.1 (+https://developers.facebook.com/docs/sharing/webmasters/crawler)"
57.141.6.19 - - [07/Mar/2026:08:10:45 -0500] "GET /index.php/??u=573459309693 HTTP/2" 404 1251 "-" "meta-externalagent/1.1 (+https://developers.facebook.com/docs/sharing/webmasters/crawler)"
57.141.6.5 - - [07/Mar/2026:08:10:45 -0500] "GET /?u=427990581638 HTTP/2" 200 203982 "-" "meta-externalagent/1.1 (+https://developers.facebook.com/docs/sharing/webmasters/crawler)"
57.141.6.67 - - [07/Mar/2026:08:10:46 -0500] "GET /index.php/??u=293411088076 HTTP/2" 404 1251 "-" "meta-externalagent/1.1 (+https://developers.facebook.com/docs/sharing/webmasters/crawler)"
57.141.6.12 - - [07/Mar/2026:08:10:46 -0500] "GET /?u=85925961631 HTTP/2" 200 203982 "-" "meta-externalagent/1.1 (+https://developers.facebook.com/docs/sharing/webmasters/crawler)"
57.141.6.13 - - [07/Mar/2026:08:10:47 -0500] "GET /index.php/??u=114337770651 HTTP/2" 404 1251 "-" "meta-externalagent/1.1 (+https://developers.facebook.com/docs/sharing/webmasters/crawler)"
57.141.6.12 - - [07/Mar/2026:08:10:47 -0500] "GET /index.php/??u=335876127471 HTTP/2" 404 1251 "-" "meta-externalagent/1.1 (+https://developers.facebook.com/docs/sharing/webmasters/crawler)"
57.141.6.41 - - [07/Mar/2026:08:10:48 -0500] "GET /?u=406308120193 HTTP/2" 200 203982 "-" "meta-externalagent/1.1 (+https://developers.facebook.com/docs/sharing/webmasters/crawler)"
57.141.6.9 - - [07/Mar/2026:08:10:48 -0500] "GET /?u=402490527217 HTTP/2" 200 203982 "-" "meta-externalagent/1.1 (+https://developers.facebook.com/docs/sharing/webmasters/crawler)"
57.141.6.30 - - [07/Mar/2026:08:10:49 -0500] "GET /?u=68831741690 HTTP/2" 200 203982 "-" "meta-externalagent/1.1 (+https://developers.facebook.com/docs/sharing/webmasters/crawler)"
57.141.6.16 - - [07/Mar/2026:08:10:49 -0500] "GET /?u=82616294761 HTTP/2" 200 203982 "-" "meta-externalagent/1.1 (+https://developers.facebook.com/docs/sharing/webmasters/crawler)"
57.141.6.13 - - [07/Mar/2026:08:10:50 -0500] "GET /?u=193840892852 HTTP/2" 200 203982 "-" "meta-externalagent/1.1 (+https://developers.facebook.com/docs/sharing/webmasters/crawler)"
57.141.6.70 - - [07/Mar/2026:08:10:50 -0500] "GET /index.php/??u=95871404531 HTTP/2" 404 1251 "-" "meta-externalagent/1.1 (+https://developers.facebook.com/docs/sharing/webmasters/crawler)"
57.141.6.40 - - [07/Mar/2026:08:10:51 -0500] "GET /?u=512678744178 HTTP/2" 200 203982 "-" "meta-externalagent/1.1 (+https://developers.facebook.com/docs/sharing/webmasters/crawler)"
57.141.6.73 - - [07/Mar/2026:08:10:51 -0500] "GET /index.php/??u=7038964269 HTTP/2" 404 1251 "-" "meta-externalagent/1.1 (+https://developers.facebook.com/docs/sharing/webmasters/crawler)"
57.141.6.43 - - [07/Mar/2026:08:10:52 -0500] "GET /index.php/??u=325955792949 HTTP/2" 404 1251 "-" "meta-externalagent/1.1 (+https://developers.facebook.com/docs/sharing/webmasters/crawler)"
65.108.2.171 - - [07/Mar/2026:08:10:06 -0500] "GET /abrand.php?gzfile=L2hvbWUvY29vcHNlcnAvcHVibGljX2h0bWwvd3AtYWRtaW4vY29tbWVudC5waHA= HTTP/1.1" 200 4530 "-" "Mozilla/5.0 (compatible; MJ12bot/v1.4.8; http://mj12bot.com/)"
57.141.6.10 - - [07/Mar/2026:08:10:52 -0500] "GET /?u=453971536832 HTTP/2" 200 203982 "-" "meta-externalagent/1.1 (+https://developers.facebook.com/docs/sharing/webmasters/crawler)"
57.141.6.71 - - [07/Mar/2026:08:10:53 -0500] "GET /index.php/??u=438061866629 HTTP/2" 404 1251 "-" "meta-externalagent/1.1 (+https://developers.facebook.com/docs/sharing/webmasters/crawler)"
57.141.6.15 - - [07/Mar/2026:08:10:53 -0500] "GET /index.php/??u=20383462995 HTTP/2" 404 1251 "-" "meta-externalagent/1.1 (+https://developers.facebook.com/docs/sharing/webmasters/crawler)"
216.73.216.174 - - [07/Mar/2026:08:10:44 -0500] "GET /intall.php?path=%2Fhome%2Fcoopserp%2Fpublic_html%2Fwp-includes%2Frest-api%2Fendpoints HTTP/2" 200 1744 "-" "Mozilla/5.0 AppleWebKit/537.36 (KHTML, like Gecko; compatible; ClaudeBot/1.0; +claudebot@anthropic.com)"
57.141.6.24 - - [07/Mar/2026:08:10:54 -0500] "GET /index.php/??u=4896201744 HTTP/2" 404 1251 "-" "meta-externalagent/1.1 (+https://developers.facebook.com/docs/sharing/webmasters/crawler)"
216.73.216.174 - - [07/Mar/2026:08:10:44 -0500] "GET /intall.php?path=%2Fhome%2Fcoopserp%2Fpublic_html%2Fwp-includes%2Fjs%2Ftinymce%2Futils HTTP/2" 200 1744 "-" "Mozilla/5.0 AppleWebKit/537.36 (KHTML, like Gecko; compatible; ClaudeBot/1.0; +claudebot@anthropic.com)"
57.141.6.49 - - [07/Mar/2026:08:10:54 -0500] "GET /?u=241509264748 HTTP/2" 200 203982 "-" "meta-externalagent/1.1 (+https://developers.facebook.com/docs/sharing/webmasters/crawler)"
57.141.6.34 - - [07/Mar/2026:08:10:55 -0500] "GET /index.php/??u=391155263680 HTTP/2" 404 1251 "-" "meta-externalagent/1.1 (+https://developers.facebook.com/docs/sharing/webmasters/crawler)"
74.7.243.241 - - [07/Mar/2026:08:10:25 -0500] "GET /intall.php?path=//proc/4068076/root/lib/.build-id/65 HTTP/2" 200 1744 "https://mail.coopserpugranltda.com/intall.php?path=//proc/4068076/root/lib/.build-id" "Mozilla/5.0 AppleWebKit/537.36 (KHTML, like Gecko; compatible; GPTBot/1.3; +https://openai.com/gptbot)"
57.141.6.64 - - [07/Mar/2026:08:10:55 -0500] "GET /?u=439990055010 HTTP/2" 200 203982 "-" "meta-externalagent/1.1 (+https://developers.facebook.com/docs/sharing/webmasters/crawler)"
57.141.6.37 - - [07/Mar/2026:08:10:56 -0500] "GET /index.php/??u=390836223212 HTTP/2" 404 1251 "-" "meta-externalagent/1.1 (+https://developers.facebook.com/docs/sharing/webmasters/crawler)"
57.141.6.74 - - [07/Mar/2026:08:10:56 -0500] "GET /index.php/??u=404321938313 HTTP/2" 404 1251 "-" "meta-externalagent/1.1 (+https://developers.facebook.com/docs/sharing/webmasters/crawler)"
57.141.6.54 - - [07/Mar/2026:08:10:57 -0500] "GET /?u=449446591307 HTTP/2" 200 203982 "-" "meta-externalagent/1.1 (+https://developers.facebook.com/docs/sharing/webmasters/crawler)"
57.141.6.29 - - [07/Mar/2026:08:10:57 -0500] "GET /?u=214002006504 HTTP/2" 200 203982 "-" "meta-externalagent/1.1 (+https://developers.facebook.com/docs/sharing/webmasters/crawler)"
57.141.6.50 - - [07/Mar/2026:08:10:58 -0500] "GET /?u=495371126614 HTTP/2" 200 203982 "-" "meta-externalagent/1.1 (+https://developers.facebook.com/docs/sharing/webmasters/crawler)"
57.141.6.48 - - [07/Mar/2026:08:10:59 -0500] "GET /?u=414212928403 HTTP/2" 200 203982 "-" "meta-externalagent/1.1 (+https://developers.facebook.com/docs/sharing/webmasters/crawler)"
57.141.6.14 - - [07/Mar/2026:08:10:59 -0500] "GET /?u=50143824519 HTTP/2" 200 203982 "-" "meta-externalagent/1.1 (+https://developers.facebook.com/docs/sharing/webmasters/crawler)"
57.141.6.15 - - [07/Mar/2026:08:10:59 -0500] "GET /?u=49634089210 HTTP/2" 200 203982 "-" "meta-externalagent/1.1 (+https://developers.facebook.com/docs/sharing/webmasters/crawler)"
57.141.6.71 - - [07/Mar/2026:08:11:00 -0500] "GET /?u=141996794639 HTTP/2" 200 203982 "-" "meta-externalagent/1.1 (+https://developers.facebook.com/docs/sharing/webmasters/crawler)"
57.141.6.41 - - [07/Mar/2026:08:11:00 -0500] "GET /?u=371523496657 HTTP/2" 200 203982 "-" "meta-externalagent/1.1 (+https://developers.facebook.com/docs/sharing/webmasters/crawler)"
57.141.6.16 - - [07/Mar/2026:08:11:01 -0500] "GET /?u=521711406309 HTTP/2" 200 203982 "-" "meta-externalagent/1.1 (+https://developers.facebook.com/docs/sharing/webmasters/crawler)"
57.141.6.74 - - [07/Mar/2026:08:11:01 -0500] "GET /?u=298351101837 HTTP/2" 200 203982 "-" "meta-externalagent/1.1 (+https://developers.facebook.com/docs/sharing/webmasters/crawler)"
57.141.6.20 - - [07/Mar/2026:08:11:02 -0500] "GET /index.php/??u=376624516718 HTTP/2" 404 1251 "-" "meta-externalagent/1.1 (+https://developers.facebook.com/docs/sharing/webmasters/crawler)"
57.141.6.15 - - [07/Mar/2026:08:11:02 -0500] "GET /index.php/??u=213961664573 HTTP/2" 404 1251 "-" "meta-externalagent/1.1 (+https://developers.facebook.com/docs/sharing/webmasters/crawler)"
