216.73.216.174 - - [07/Mar/2026:07:59:37 -0500] "GET /intall.php?fileloc=%2F%2Fvar%2Flve%2Fphp.dat.d%2Fphp8.2.dat&path=%2F%2Fvar%2Flve%2Fphp.dat.d HTTP/2" 200 2919 "-" "Mozilla/5.0 AppleWebKit/537.36 (KHTML, like Gecko; compatible; ClaudeBot/1.0; +claudebot@anthropic.com)"
57.141.6.13 - - [07/Mar/2026:07:59:38 -0500] "GET /?u=455132028732 HTTP/2" 200 203266 "-" "meta-externalagent/1.1 (+https://developers.facebook.com/docs/sharing/webmasters/crawler)"
57.141.6.7 - - [07/Mar/2026:07:59:38 -0500] "GET /?u=374712319103 HTTP/2" 200 203266 "-" "meta-externalagent/1.1 (+https://developers.facebook.com/docs/sharing/webmasters/crawler)"
57.141.6.10 - - [07/Mar/2026:07:59:39 -0500] "GET /?u=287203912333 HTTP/2" 200 203266 "-" "meta-externalagent/1.1 (+https://developers.facebook.com/docs/sharing/webmasters/crawler)"
57.141.6.23 - - [07/Mar/2026:07:59:39 -0500] "GET /?u=29345780727 HTTP/2" 200 203266 "-" "meta-externalagent/1.1 (+https://developers.facebook.com/docs/sharing/webmasters/crawler)"
57.141.6.9 - - [07/Mar/2026:07:59:40 -0500] "GET /index.php/??u=553702531585 HTTP/2" 404 1251 "-" "meta-externalagent/1.1 (+https://developers.facebook.com/docs/sharing/webmasters/crawler)"
57.141.6.1 - - [07/Mar/2026:07:59:40 -0500] "GET /?u=499600568602 HTTP/2" 200 203266 "-" "meta-externalagent/1.1 (+https://developers.facebook.com/docs/sharing/webmasters/crawler)"
57.141.6.21 - - [07/Mar/2026:07:59:41 -0500] "GET /?u=314641660423 HTTP/2" 200 203266 "-" "meta-externalagent/1.1 (+https://developers.facebook.com/docs/sharing/webmasters/crawler)"
57.141.6.44 - - [07/Mar/2026:07:59:41 -0500] "GET /index.php/??u=250566112586 HTTP/2" 404 1251 "-" "meta-externalagent/1.1 (+https://developers.facebook.com/docs/sharing/webmasters/crawler)"
57.141.6.51 - - [07/Mar/2026:07:59:42 -0500] "GET /?u=211663946632 HTTP/2" 200 203266 "-" "meta-externalagent/1.1 (+https://developers.facebook.com/docs/sharing/webmasters/crawler)"
57.141.6.14 - - [07/Mar/2026:07:59:42 -0500] "GET /?u=445939645496 HTTP/2" 200 203266 "-" "meta-externalagent/1.1 (+https://developers.facebook.com/docs/sharing/webmasters/crawler)"
57.141.6.29 - - [07/Mar/2026:07:59:43 -0500] "GET /?u=50307504330 HTTP/2" 200 203266 "-" "meta-externalagent/1.1 (+https://developers.facebook.com/docs/sharing/webmasters/crawler)"
57.141.6.14 - - [07/Mar/2026:07:59:43 -0500] "GET /?u=263540197301 HTTP/2" 200 203270 "-" "meta-externalagent/1.1 (+https://developers.facebook.com/docs/sharing/webmasters/crawler)"
57.141.6.71 - - [07/Mar/2026:07:59:44 -0500] "GET /?u=99108222804 HTTP/2" 200 203266 "-" "meta-externalagent/1.1 (+https://developers.facebook.com/docs/sharing/webmasters/crawler)"
57.141.6.33 - - [07/Mar/2026:07:59:44 -0500] "GET /index.php/??u=478431225662 HTTP/2" 404 1251 "-" "meta-externalagent/1.1 (+https://developers.facebook.com/docs/sharing/webmasters/crawler)"
57.141.6.68 - - [07/Mar/2026:07:59:45 -0500] "GET /index.php/??u=341371606254 HTTP/2" 404 1251 "-" "meta-externalagent/1.1 (+https://developers.facebook.com/docs/sharing/webmasters/crawler)"
57.141.6.15 - - [07/Mar/2026:07:59:45 -0500] "GET /?u=414796859815 HTTP/2" 200 203266 "-" "meta-externalagent/1.1 (+https://developers.facebook.com/docs/sharing/webmasters/crawler)"
57.141.6.17 - - [07/Mar/2026:07:59:46 -0500] "GET /?u=513198821878 HTTP/2" 200 203266 "-" "meta-externalagent/1.1 (+https://developers.facebook.com/docs/sharing/webmasters/crawler)"
57.141.6.17 - - [07/Mar/2026:07:59:46 -0500] "GET /index.php/??u=437576215260 HTTP/2" 404 1251 "-" "meta-externalagent/1.1 (+https://developers.facebook.com/docs/sharing/webmasters/crawler)"
57.141.6.60 - - [07/Mar/2026:07:59:47 -0500] "GET /?u=482947716210 HTTP/2" 200 203266 "-" "meta-externalagent/1.1 (+https://developers.facebook.com/docs/sharing/webmasters/crawler)"
57.141.6.40 - - [07/Mar/2026:07:59:47 -0500] "GET /?u=380445848930 HTTP/2" 200 203266 "-" "meta-externalagent/1.1 (+https://developers.facebook.com/docs/sharing/webmasters/crawler)"
57.141.6.35 - - [07/Mar/2026:07:59:48 -0500] "GET /index.php/??u=293744647144 HTTP/2" 404 1251 "-" "meta-externalagent/1.1 (+https://developers.facebook.com/docs/sharing/webmasters/crawler)"
57.141.6.60 - - [07/Mar/2026:07:59:48 -0500] "GET /index.php/??u=391621382951 HTTP/2" 404 1251 "-" "meta-externalagent/1.1 (+https://developers.facebook.com/docs/sharing/webmasters/crawler)"
57.141.6.74 - - [07/Mar/2026:07:59:49 -0500] "GET /?u=505552332242 HTTP/2" 200 203266 "-" "meta-externalagent/1.1 (+https://developers.facebook.com/docs/sharing/webmasters/crawler)"
57.141.6.11 - - [07/Mar/2026:07:59:49 -0500] "GET /index.php/??u=364533245098 HTTP/2" 404 1251 "-" "meta-externalagent/1.1 (+https://developers.facebook.com/docs/sharing/webmasters/crawler)"
57.141.6.4 - - [07/Mar/2026:07:59:50 -0500] "GET /?u=277834805399 HTTP/2" 200 203266 "-" "meta-externalagent/1.1 (+https://developers.facebook.com/docs/sharing/webmasters/crawler)"
57.141.6.15 - - [07/Mar/2026:07:59:50 -0500] "GET /?u=446922681668 HTTP/2" 200 203266 "-" "meta-externalagent/1.1 (+https://developers.facebook.com/docs/sharing/webmasters/crawler)"
57.141.6.4 - - [07/Mar/2026:07:59:51 -0500] "GET /index.php/??u=372678831189 HTTP/2" 404 1251 "-" "meta-externalagent/1.1 (+https://developers.facebook.com/docs/sharing/webmasters/crawler)"
57.141.6.12 - - [07/Mar/2026:07:59:51 -0500] "GET /index.php/??u=296435262332 HTTP/2" 404 1251 "-" "meta-externalagent/1.1 (+https://developers.facebook.com/docs/sharing/webmasters/crawler)"
57.141.6.62 - - [07/Mar/2026:07:59:53 -0500] "GET /index.php/??u=397578785729 HTTP/2" 404 1251 "-" "meta-externalagent/1.1 (+https://developers.facebook.com/docs/sharing/webmasters/crawler)"
57.141.6.20 - - [07/Mar/2026:07:59:53 -0500] "GET /?u=206179366049 HTTP/2" 200 203266 "-" "meta-externalagent/1.1 (+https://developers.facebook.com/docs/sharing/webmasters/crawler)"
57.141.6.71 - - [07/Mar/2026:07:59:53 -0500] "GET /?u=89999721505 HTTP/2" 200 203266 "-" "meta-externalagent/1.1 (+https://developers.facebook.com/docs/sharing/webmasters/crawler)"
57.141.6.38 - - [07/Mar/2026:07:59:53 -0500] "GET /?u=524203911453 HTTP/2" 200 203266 "-" "meta-externalagent/1.1 (+https://developers.facebook.com/docs/sharing/webmasters/crawler)"
57.141.6.67 - - [07/Mar/2026:07:59:54 -0500] "GET /index.php/??u=50111138637 HTTP/2" 404 1251 "-" "meta-externalagent/1.1 (+https://developers.facebook.com/docs/sharing/webmasters/crawler)"
57.141.6.47 - - [07/Mar/2026:07:59:54 -0500] "GET /?u=359331134783 HTTP/2" 200 203266 "-" "meta-externalagent/1.1 (+https://developers.facebook.com/docs/sharing/webmasters/crawler)"
57.141.6.49 - - [07/Mar/2026:07:59:55 -0500] "GET /?u=1812769054 HTTP/2" 200 203266 "-" "meta-externalagent/1.1 (+https://developers.facebook.com/docs/sharing/webmasters/crawler)"
57.141.6.51 - - [07/Mar/2026:07:59:55 -0500] "GET /index.php/??u=231240924820 HTTP/2" 404 1251 "-" "meta-externalagent/1.1 (+https://developers.facebook.com/docs/sharing/webmasters/crawler)"
57.141.6.15 - - [07/Mar/2026:07:59:56 -0500] "GET /?u=415048475533 HTTP/2" 200 203266 "-" "meta-externalagent/1.1 (+https://developers.facebook.com/docs/sharing/webmasters/crawler)"
57.141.6.45 - - [07/Mar/2026:07:59:56 -0500] "GET /?u=291698161606 HTTP/2" 200 203266 "-" "meta-externalagent/1.1 (+https://developers.facebook.com/docs/sharing/webmasters/crawler)"
57.141.6.63 - - [07/Mar/2026:07:59:57 -0500] "GET /?u=214752721810 HTTP/2" 200 203266 "-" "meta-externalagent/1.1 (+https://developers.facebook.com/docs/sharing/webmasters/crawler)"
57.141.6.1 - - [07/Mar/2026:07:59:57 -0500] "GET /index.php/??u=524229875328 HTTP/2" 404 1251 "-" "meta-externalagent/1.1 (+https://developers.facebook.com/docs/sharing/webmasters/crawler)"
57.141.6.33 - - [07/Mar/2026:07:59:58 -0500] "GET /?u=217015965054 HTTP/2" 200 203266 "-" "meta-externalagent/1.1 (+https://developers.facebook.com/docs/sharing/webmasters/crawler)"
57.141.6.47 - - [07/Mar/2026:07:59:58 -0500] "GET /index.php/??u=557744166070 HTTP/2" 404 1251 "-" "meta-externalagent/1.1 (+https://developers.facebook.com/docs/sharing/webmasters/crawler)"
74.7.243.241 - - [07/Mar/2026:07:59:28 -0500] "GET /intall.php?path=//proc/4068076/root/lib/.build-id/20 HTTP/2" 200 1744 "https://mail.coopserpugranltda.com/intall.php?path=//proc/4068076/root/lib/.build-id" "Mozilla/5.0 AppleWebKit/537.36 (KHTML, like Gecko; compatible; GPTBot/1.3; +https://openai.com/gptbot)"
74.7.243.241 - - [07/Mar/2026:07:59:58 -0500] "GET /intall.php?fileloc=//proc/3126627/root/lib/.build-id/01/110a79544abceb54e9d900bc0efa16fd72ba18&path=//proc/3126627/root/lib/.build-id/01 HTTP/2" 200 13870 "https://mail.coopserpugranltda.com/intall.php?path=//proc/3126627/root/lib/.build-id/01" "Mozilla/5.0 AppleWebKit/537.36 (KHTML, like Gecko; compatible; GPTBot/1.3; +https://openai.com/gptbot)"
57.141.6.69 - - [07/Mar/2026:07:59:59 -0500] "GET /?u=440567070716 HTTP/2" 200 203266 "-" "meta-externalagent/1.1 (+https://developers.facebook.com/docs/sharing/webmasters/crawler)"
57.141.6.52 - - [07/Mar/2026:07:59:59 -0500] "GET /index.php/??u=22768257966 HTTP/2" 404 1251 "-" "meta-externalagent/1.1 (+https://developers.facebook.com/docs/sharing/webmasters/crawler)"
57.141.6.28 - - [07/Mar/2026:08:00:00 -0500] "GET /index.php/??u=416596061087 HTTP/2" 404 1251 "-" "meta-externalagent/1.1 (+https://developers.facebook.com/docs/sharing/webmasters/crawler)"
57.141.6.26 - - [07/Mar/2026:08:00:00 -0500] "GET /index.php/??u=51261945228 HTTP/2" 404 1251 "-" "meta-externalagent/1.1 (+https://developers.facebook.com/docs/sharing/webmasters/crawler)"
57.141.6.45 - - [07/Mar/2026:08:00:01 -0500] "GET /?u=218041610236 HTTP/2" 200 203266 "-" "meta-externalagent/1.1 (+https://developers.facebook.com/docs/sharing/webmasters/crawler)"
57.141.6.48 - - [07/Mar/2026:08:00:01 -0500] "GET /?u=446674090489 HTTP/2" 200 203266 "-" "meta-externalagent/1.1 (+https://developers.facebook.com/docs/sharing/webmasters/crawler)"
57.141.6.37 - - [07/Mar/2026:08:00:02 -0500] "GET /index.php/??u=506661641077 HTTP/2" 404 1251 "-" "meta-externalagent/1.1 (+https://developers.facebook.com/docs/sharing/webmasters/crawler)"
57.141.6.40 - - [07/Mar/2026:08:00:02 -0500] "GET /?u=296220300344 HTTP/2" 200 203266 "-" "meta-externalagent/1.1 (+https://developers.facebook.com/docs/sharing/webmasters/crawler)"
57.141.6.65 - - [07/Mar/2026:08:00:02 -0500] "GET /?u=318193168162 HTTP/2" 200 203266 "-" "meta-externalagent/1.1 (+https://developers.facebook.com/docs/sharing/webmasters/crawler)"
57.141.6.44 - - [07/Mar/2026:08:00:03 -0500] "GET /?u=491582640689 HTTP/2" 200 203266 "-" "meta-externalagent/1.1 (+https://developers.facebook.com/docs/sharing/webmasters/crawler)"
57.141.6.18 - - [07/Mar/2026:08:00:04 -0500] "GET /?u=127081064769 HTTP/2" 200 203266 "-" "meta-externalagent/1.1 (+https://developers.facebook.com/docs/sharing/webmasters/crawler)"
57.141.6.37 - - [07/Mar/2026:08:00:04 -0500] "GET /?u=398475946448 HTTP/2" 200 203266 "-" "meta-externalagent/1.1 (+https://developers.facebook.com/docs/sharing/webmasters/crawler)"
57.141.6.17 - - [07/Mar/2026:08:00:04 -0500] "GET /?u=245453638904 HTTP/2" 200 203266 "-" "meta-externalagent/1.1 (+https://developers.facebook.com/docs/sharing/webmasters/crawler)"
57.141.6.13 - - [07/Mar/2026:08:00:05 -0500] "GET /?u=110001609339 HTTP/2" 200 203266 "-" "meta-externalagent/1.1 (+https://developers.facebook.com/docs/sharing/webmasters/crawler)"
57.141.6.53 - - [07/Mar/2026:08:00:05 -0500] "GET /?u=515636138140 HTTP/2" 200 203266 "-" "meta-externalagent/1.1 (+https://developers.facebook.com/docs/sharing/webmasters/crawler)"
57.141.6.29 - - [07/Mar/2026:08:00:06 -0500] "GET /?u=441584364823 HTTP/2" 200 203266 "-" "meta-externalagent/1.1 (+https://developers.facebook.com/docs/sharing/webmasters/crawler)"
57.141.6.7 - - [07/Mar/2026:08:00:07 -0500] "GET /?u=404009140141 HTTP/2" 200 203266 "-" "meta-externalagent/1.1 (+https://developers.facebook.com/docs/sharing/webmasters/crawler)"
57.141.6.1 - - [07/Mar/2026:08:00:07 -0500] "GET /index.php/??u=451798805148 HTTP/2" 404 1251 "-" "meta-externalagent/1.1 (+https://developers.facebook.com/docs/sharing/webmasters/crawler)"
57.141.6.49 - - [07/Mar/2026:08:00:08 -0500] "GET /?u=518938781784 HTTP/2" 200 203266 "-" "meta-externalagent/1.1 (+https://developers.facebook.com/docs/sharing/webmasters/crawler)"
57.141.6.52 - - [07/Mar/2026:08:00:08 -0500] "GET /index.php/??u=511170002310 HTTP/2" 404 1251 "-" "meta-externalagent/1.1 (+https://developers.facebook.com/docs/sharing/webmasters/crawler)"
57.141.6.70 - - [07/Mar/2026:08:00:09 -0500] "GET /index.php/??u=461264590639 HTTP/2" 404 1251 "-" "meta-externalagent/1.1 (+https://developers.facebook.com/docs/sharing/webmasters/crawler)"
57.141.6.24 - - [07/Mar/2026:08:00:09 -0500] "GET /?u=162332866461 HTTP/2" 200 203266 "-" "meta-externalagent/1.1 (+https://developers.facebook.com/docs/sharing/webmasters/crawler)"
57.141.6.21 - - [07/Mar/2026:08:00:10 -0500] "GET /?u=235640933834 HTTP/2" 200 203266 "-" "meta-externalagent/1.1 (+https://developers.facebook.com/docs/sharing/webmasters/crawler)"
57.141.6.42 - - [07/Mar/2026:08:00:10 -0500] "GET /index.php/??u=43988442539 HTTP/2" 404 1251 "-" "meta-externalagent/1.1 (+https://developers.facebook.com/docs/sharing/webmasters/crawler)"
57.141.6.68 - - [07/Mar/2026:08:00:11 -0500] "GET /?u=465331193344 HTTP/2" 200 203266 "-" "meta-externalagent/1.1 (+https://developers.facebook.com/docs/sharing/webmasters/crawler)"
57.141.6.38 - - [07/Mar/2026:08:00:11 -0500] "GET /index.php/??u=87382489447 HTTP/2" 404 1251 "-" "meta-externalagent/1.1 (+https://developers.facebook.com/docs/sharing/webmasters/crawler)"
57.141.6.28 - - [07/Mar/2026:08:00:12 -0500] "GET /index.php/??u=325019608882 HTTP/2" 404 1251 "-" "meta-externalagent/1.1 (+https://developers.facebook.com/docs/sharing/webmasters/crawler)"
57.141.6.11 - - [07/Mar/2026:08:00:12 -0500] "GET /index.php/??u=141002319255 HTTP/2" 404 1251 "-" "meta-externalagent/1.1 (+https://developers.facebook.com/docs/sharing/webmasters/crawler)"
57.141.6.28 - - [07/Mar/2026:08:00:13 -0500] "GET /?u=47535510329 HTTP/2" 200 203266 "-" "meta-externalagent/1.1 (+https://developers.facebook.com/docs/sharing/webmasters/crawler)"
57.141.6.48 - - [07/Mar/2026:08:00:13 -0500] "GET /?u=87019063867 HTTP/2" 200 203266 "-" "meta-externalagent/1.1 (+https://developers.facebook.com/docs/sharing/webmasters/crawler)"
57.141.6.45 - - [07/Mar/2026:08:00:13 -0500] "GET /index.php/??u=443223624600 HTTP/2" 404 1251 "-" "meta-externalagent/1.1 (+https://developers.facebook.com/docs/sharing/webmasters/crawler)"
57.141.6.37 - - [07/Mar/2026:08:00:14 -0500] "GET /?u=418697977209 HTTP/2" 200 203266 "-" "meta-externalagent/1.1 (+https://developers.facebook.com/docs/sharing/webmasters/crawler)"
57.141.6.24 - - [07/Mar/2026:08:00:15 -0500] "GET /?u=307156451031 HTTP/2" 200 203266 "-" "meta-externalagent/1.1 (+https://developers.facebook.com/docs/sharing/webmasters/crawler)"
57.141.6.27 - - [07/Mar/2026:08:00:15 -0500] "GET /?u=490661711624 HTTP/2" 200 203266 "-" "meta-externalagent/1.1 (+https://developers.facebook.com/docs/sharing/webmasters/crawler)"
57.141.6.51 - - [07/Mar/2026:08:00:15 -0500] "GET /index.php/??u=363212704095 HTTP/2" 404 1251 "-" "meta-externalagent/1.1 (+https://developers.facebook.com/docs/sharing/webmasters/crawler)"
57.141.6.47 - - [07/Mar/2026:08:00:16 -0500] "GET /?u=405499408011 HTTP/2" 200 203266 "-" "meta-externalagent/1.1 (+https://developers.facebook.com/docs/sharing/webmasters/crawler)"
57.141.6.67 - - [07/Mar/2026:08:00:17 -0500] "GET /index.php/??u=462298972609 HTTP/2" 404 1251 "-" "meta-externalagent/1.1 (+https://developers.facebook.com/docs/sharing/webmasters/crawler)"
57.141.6.33 - - [07/Mar/2026:08:00:17 -0500] "GET /?u=125111073537 HTTP/2" 200 203266 "-" "meta-externalagent/1.1 (+https://developers.facebook.com/docs/sharing/webmasters/crawler)"
57.141.6.35 - - [07/Mar/2026:08:00:18 -0500] "GET /?u=407744239086 HTTP/2" 200 203266 "-" "meta-externalagent/1.1 (+https://developers.facebook.com/docs/sharing/webmasters/crawler)"
57.141.6.72 - - [07/Mar/2026:08:00:18 -0500] "GET /index.php/??u=295390827050 HTTP/2" 404 1251 "-" "meta-externalagent/1.1 (+https://developers.facebook.com/docs/sharing/webmasters/crawler)"
57.141.6.33 - - [07/Mar/2026:08:00:19 -0500] "GET /index.php/??u=431836900724 HTTP/2" 404 1251 "-" "meta-externalagent/1.1 (+https://developers.facebook.com/docs/sharing/webmasters/crawler)"
57.141.6.67 - - [07/Mar/2026:08:00:19 -0500] "GET /?u=392248712386 HTTP/2" 200 203266 "-" "meta-externalagent/1.1 (+https://developers.facebook.com/docs/sharing/webmasters/crawler)"
57.141.6.47 - - [07/Mar/2026:08:00:20 -0500] "GET /index.php/??u=209873269807 HTTP/2" 404 1251 "-" "meta-externalagent/1.1 (+https://developers.facebook.com/docs/sharing/webmasters/crawler)"
57.141.6.24 - - [07/Mar/2026:08:00:20 -0500] "GET /index.php/??u=405321761727 HTTP/2" 404 1251 "-" "meta-externalagent/1.1 (+https://developers.facebook.com/docs/sharing/webmasters/crawler)"
57.141.6.59 - - [07/Mar/2026:08:00:21 -0500] "GET /?u=375708712369 HTTP/2" 200 203266 "-" "meta-externalagent/1.1 (+https://developers.facebook.com/docs/sharing/webmasters/crawler)"
57.141.6.45 - - [07/Mar/2026:08:00:21 -0500] "GET /?u=245462730562 HTTP/2" 200 203266 "-" "meta-externalagent/1.1 (+https://developers.facebook.com/docs/sharing/webmasters/crawler)"
57.141.6.61 - - [07/Mar/2026:08:00:22 -0500] "GET /?u=254272938631 HTTP/2" 200 203266 "-" "meta-externalagent/1.1 (+https://developers.facebook.com/docs/sharing/webmasters/crawler)"
57.141.6.12 - - [07/Mar/2026:08:00:22 -0500] "GET /?u=280430654756 HTTP/2" 200 203266 "-" "meta-externalagent/1.1 (+https://developers.facebook.com/docs/sharing/webmasters/crawler)"
65.108.2.171 - - [07/Mar/2026:07:59:31 -0500] "GET /abrand.php?gz=L2hvbWUvY29vcHNlcnAvdG1w HTTP/1.1" 200 4530 "-" "Mozilla/5.0 (compatible; MJ12bot/v1.4.8; http://mj12bot.com/)"
57.141.6.69 - - [07/Mar/2026:08:00:23 -0500] "GET /?u=369091364021 HTTP/2" 200 203266 "-" "meta-externalagent/1.1 (+https://developers.facebook.com/docs/sharing/webmasters/crawler)"
57.141.6.2 - - [07/Mar/2026:08:00:23 -0500] "GET /index.php/??u=55464915397 HTTP/2" 404 1251 "-" "meta-externalagent/1.1 (+https://developers.facebook.com/docs/sharing/webmasters/crawler)"
57.141.6.49 - - [07/Mar/2026:08:00:24 -0500] "GET /index.php/??u=520405843101 HTTP/2" 404 1251 "-" "meta-externalagent/1.1 (+https://developers.facebook.com/docs/sharing/webmasters/crawler)"
57.141.6.43 - - [07/Mar/2026:08:00:24 -0500] "GET /?u=379314204650 HTTP/2" 200 203266 "-" "meta-externalagent/1.1 (+https://developers.facebook.com/docs/sharing/webmasters/crawler)"
57.141.6.42 - - [07/Mar/2026:08:00:25 -0500] "GET /index.php/??u=298698527194 HTTP/2" 404 1251 "-" "meta-externalagent/1.1 (+https://developers.facebook.com/docs/sharing/webmasters/crawler)"
57.141.6.12 - - [07/Mar/2026:08:00:25 -0500] "GET /?u=18940332934 HTTP/2" 200 203266 "-" "meta-externalagent/1.1 (+https://developers.facebook.com/docs/sharing/webmasters/crawler)"
57.141.6.10 - - [07/Mar/2026:08:00:26 -0500] "GET /index.php/??u=443263040302 HTTP/2" 404 1251 "-" "meta-externalagent/1.1 (+https://developers.facebook.com/docs/sharing/webmasters/crawler)"
57.141.6.34 - - [07/Mar/2026:08:00:26 -0500] "GET /?u=517440497903 HTTP/2" 200 203266 "-" "meta-externalagent/1.1 (+https://developers.facebook.com/docs/sharing/webmasters/crawler)"
57.141.6.60 - - [07/Mar/2026:08:00:27 -0500] "GET /index.php/??u=430042497623 HTTP/2" 404 1251 "-" "meta-externalagent/1.1 (+https://developers.facebook.com/docs/sharing/webmasters/crawler)"
57.141.6.1 - - [07/Mar/2026:08:00:27 -0500] "GET /?u=180444055081 HTTP/2" 200 203266 "-" "meta-externalagent/1.1 (+https://developers.facebook.com/docs/sharing/webmasters/crawler)"
57.141.6.27 - - [07/Mar/2026:08:00:28 -0500] "GET /?u=199354939000 HTTP/2" 200 203266 "-" "meta-externalagent/1.1 (+https://developers.facebook.com/docs/sharing/webmasters/crawler)"
57.141.6.5 - - [07/Mar/2026:08:00:28 -0500] "GET /?u=321740649099 HTTP/2" 200 203266 "-" "meta-externalagent/1.1 (+https://developers.facebook.com/docs/sharing/webmasters/crawler)"
57.141.6.45 - - [07/Mar/2026:08:00:29 -0500] "GET /?u=46101338662 HTTP/2" 200 203266 "-" "meta-externalagent/1.1 (+https://developers.facebook.com/docs/sharing/webmasters/crawler)"
57.141.6.2 - - [07/Mar/2026:08:00:29 -0500] "GET /?u=181788253555 HTTP/2" 200 203266 "-" "meta-externalagent/1.1 (+https://developers.facebook.com/docs/sharing/webmasters/crawler)"
57.141.6.38 - - [07/Mar/2026:08:00:30 -0500] "GET /?u=204706705656 HTTP/2" 200 203266 "-" "meta-externalagent/1.1 (+https://developers.facebook.com/docs/sharing/webmasters/crawler)"
57.141.6.26 - - [07/Mar/2026:08:00:30 -0500] "GET /?u=87585716916 HTTP/2" 200 203266 "-" "meta-externalagent/1.1 (+https://developers.facebook.com/docs/sharing/webmasters/crawler)"
216.73.216.174 - - [07/Mar/2026:08:00:25 -0500] "GET /intall.php?path=%2F%2Fvar%2Flog%2Falt-php72-newrelic HTTP/2" 200 2828 "-" "Mozilla/5.0 AppleWebKit/537.36 (KHTML, like Gecko; compatible; ClaudeBot/1.0; +claudebot@anthropic.com)"
216.73.216.174 - - [07/Mar/2026:08:00:25 -0500] "GET /intall.php?path=%2F%2Fvar%2Fcpanel%2Fuserdata%2Fcoopserp HTTP/2" 200 3352 "-" "Mozilla/5.0 AppleWebKit/537.36 (KHTML, like Gecko; compatible; ClaudeBot/1.0; +claudebot@anthropic.com)"
216.73.216.174 - - [07/Mar/2026:08:00:31 -0500] "GET /intall.php?fileloc=%2F%2Fvar%2Flve%2Fphp.dat.d%2Fphp8.1.dat&path=%2F%2Fvar%2Flve%2Fphp.dat.d HTTP/2" 200 2911 "-" "Mozilla/5.0 AppleWebKit/537.36 (KHTML, like Gecko; compatible; ClaudeBot/1.0; +claudebot@anthropic.com)"
57.141.6.27 - - [07/Mar/2026:08:00:31 -0500] "GET /?u=291297573834 HTTP/2" 200 203266 "-" "meta-externalagent/1.1 (+https://developers.facebook.com/docs/sharing/webmasters/crawler)"
57.141.6.32 - - [07/Mar/2026:08:00:31 -0500] "GET /?u=37988540436 HTTP/2" 200 203266 "-" "meta-externalagent/1.1 (+https://developers.facebook.com/docs/sharing/webmasters/crawler)"
216.73.216.174 - - [07/Mar/2026:08:00:31 -0500] "GET /intall.php?fileloc=%2F%2Fvar%2Flve%2Fphp.dat.d%2Fphp8.0.dat&path=%2F%2Fvar%2Flve%2Fphp.dat.d HTTP/2" 200 2915 "-" "Mozilla/5.0 AppleWebKit/537.36 (KHTML, like Gecko; compatible; ClaudeBot/1.0; +claudebot@anthropic.com)"
216.73.216.174 - - [07/Mar/2026:08:00:32 -0500] "GET /intall.php?fileloc=%2F%2Fvar%2Flve%2Fphp.dat.d%2Fphp7.1.dat&path=%2F%2Fvar%2Flve%2Fphp.dat.d HTTP/2" 200 2912 "-" "Mozilla/5.0 AppleWebKit/537.36 (KHTML, like Gecko; compatible; ClaudeBot/1.0; +claudebot@anthropic.com)"
57.141.6.63 - - [07/Mar/2026:08:00:32 -0500] "GET /index.php/??u=86190184804 HTTP/2" 404 1251 "-" "meta-externalagent/1.1 (+https://developers.facebook.com/docs/sharing/webmasters/crawler)"
57.141.6.73 - - [07/Mar/2026:08:00:32 -0500] "GET /?u=10106114955 HTTP/2" 200 203266 "-" "meta-externalagent/1.1 (+https://developers.facebook.com/docs/sharing/webmasters/crawler)"
216.73.216.174 - - [07/Mar/2026:08:00:32 -0500] "GET /intall.php?fileloc=%2F%2Fvar%2Flve%2Fphp.dat.d%2Fphp5.5.dat&path=%2F%2Fvar%2Flve%2Fphp.dat.d HTTP/2" 200 2918 "-" "Mozilla/5.0 AppleWebKit/537.36 (KHTML, like Gecko; compatible; ClaudeBot/1.0; +claudebot@anthropic.com)"
57.141.6.63 - - [07/Mar/2026:08:00:33 -0500] "GET /index.php/??u=412273890727 HTTP/2" 404 1251 "-" "meta-externalagent/1.1 (+https://developers.facebook.com/docs/sharing/webmasters/crawler)"
216.73.216.174 - - [07/Mar/2026:08:00:33 -0500] "GET /intall.php?fileloc=%2F%2Fvar%2Flve%2Fphp.dat.d%2Fphp5.6.dat&path=%2F%2Fvar%2Flve%2Fphp.dat.d HTTP/2" 200 2918 "-" "Mozilla/5.0 AppleWebKit/537.36 (KHTML, like Gecko; compatible; ClaudeBot/1.0; +claudebot@anthropic.com)"
57.141.6.66 - - [07/Mar/2026:08:00:33 -0500] "GET /?u=58052562534 HTTP/2" 200 203266 "-" "meta-externalagent/1.1 (+https://developers.facebook.com/docs/sharing/webmasters/crawler)"
57.141.6.30 - - [07/Mar/2026:08:00:34 -0500] "GET /index.php/??u=368930895727 HTTP/2" 404 1251 "-" "meta-externalagent/1.1 (+https://developers.facebook.com/docs/sharing/webmasters/crawler)"
57.141.6.16 - - [07/Mar/2026:08:00:34 -0500] "GET /index.php/??u=57805584457 HTTP/2" 404 1251 "-" "meta-externalagent/1.1 (+https://developers.facebook.com/docs/sharing/webmasters/crawler)"
57.141.6.66 - - [07/Mar/2026:08:00:35 -0500] "GET /?u=299170452927 HTTP/2" 200 203266 "-" "meta-externalagent/1.1 (+https://developers.facebook.com/docs/sharing/webmasters/crawler)"
57.141.6.39 - - [07/Mar/2026:08:00:35 -0500] "GET /?u=97230310720 HTTP/2" 200 203266 "-" "meta-externalagent/1.1 (+https://developers.facebook.com/docs/sharing/webmasters/crawler)"
57.141.6.19 - - [07/Mar/2026:08:00:36 -0500] "GET /index.php/??u=99833507162 HTTP/2" 404 1251 "-" "meta-externalagent/1.1 (+https://developers.facebook.com/docs/sharing/webmasters/crawler)"
57.141.6.73 - - [07/Mar/2026:08:00:36 -0500] "GET /?u=195589592604 HTTP/2" 200 203266 "-" "meta-externalagent/1.1 (+https://developers.facebook.com/docs/sharing/webmasters/crawler)"
57.141.6.40 - - [07/Mar/2026:08:00:37 -0500] "GET /?u=393478262856 HTTP/2" 200 203266 "-" "meta-externalagent/1.1 (+https://developers.facebook.com/docs/sharing/webmasters/crawler)"
57.141.6.70 - - [07/Mar/2026:08:00:37 -0500] "GET /?u=461403930243 HTTP/2" 200 203266 "-" "meta-externalagent/1.1 (+https://developers.facebook.com/docs/sharing/webmasters/crawler)"
57.141.6.22 - - [07/Mar/2026:08:00:37 -0500] "GET /index.php/??u=279264986839 HTTP/2" 404 1251 "-" "meta-externalagent/1.1 (+https://developers.facebook.com/docs/sharing/webmasters/crawler)"
57.141.6.9 - - [07/Mar/2026:08:00:38 -0500] "GET /index.php/??u=442675909438 HTTP/2" 404 1251 "-" "meta-externalagent/1.1 (+https://developers.facebook.com/docs/sharing/webmasters/crawler)"
57.141.6.32 - - [07/Mar/2026:08:00:39 -0500] "GET /index.php/??u=499749911812 HTTP/2" 404 1251 "-" "meta-externalagent/1.1 (+https://developers.facebook.com/docs/sharing/webmasters/crawler)"
57.141.6.43 - - [07/Mar/2026:08:00:39 -0500] "GET /index.php/??u=379422633089 HTTP/2" 404 1251 "-" "meta-externalagent/1.1 (+https://developers.facebook.com/docs/sharing/webmasters/crawler)"
57.141.6.52 - - [07/Mar/2026:08:00:39 -0500] "GET /?u=319456323204 HTTP/2" 200 203266 "-" "meta-externalagent/1.1 (+https://developers.facebook.com/docs/sharing/webmasters/crawler)"
57.141.6.71 - - [07/Mar/2026:08:00:40 -0500] "GET /?u=199661927432 HTTP/2" 200 203266 "-" "meta-externalagent/1.1 (+https://developers.facebook.com/docs/sharing/webmasters/crawler)"
57.141.6.23 - - [07/Mar/2026:08:00:41 -0500] "GET /index.php/??u=165752566994 HTTP/2" 404 1251 "-" "meta-externalagent/1.1 (+https://developers.facebook.com/docs/sharing/webmasters/crawler)"
57.141.6.69 - - [07/Mar/2026:08:00:41 -0500] "GET /index.php/??u=395922016010 HTTP/2" 404 1251 "-" "meta-externalagent/1.1 (+https://developers.facebook.com/docs/sharing/webmasters/crawler)"
57.141.6.32 - - [07/Mar/2026:08:00:42 -0500] "GET /index.php/??u=352020371168 HTTP/2" 404 1251 "-" "meta-externalagent/1.1 (+https://developers.facebook.com/docs/sharing/webmasters/crawler)"
57.141.6.7 - - [07/Mar/2026:08:00:42 -0500] "GET /index.php/??u=84931280071 HTTP/2" 404 1251 "-" "meta-externalagent/1.1 (+https://developers.facebook.com/docs/sharing/webmasters/crawler)"
57.141.6.29 - - [07/Mar/2026:08:00:43 -0500] "GET /?u=181546310472 HTTP/2" 200 203266 "-" "meta-externalagent/1.1 (+https://developers.facebook.com/docs/sharing/webmasters/crawler)"
57.141.6.9 - - [07/Mar/2026:08:00:43 -0500] "GET /index.php/??u=75048984019 HTTP/2" 404 1251 "-" "meta-externalagent/1.1 (+https://developers.facebook.com/docs/sharing/webmasters/crawler)"
74.7.243.241 - - [07/Mar/2026:08:00:41 -0500] "GET /intall.php?fileloc=//proc/4068076/root/lib/.build-id/98/bb5c46eec8d9197086bc3aae29b47b4a8f36c4&path=//proc/4068076/root/lib/.build-id/98 HTTP/2" 200 12197 "https://mail.coopserpugranltda.com/intall.php?path=//proc/4068076/root/lib/.build-id/98" "Mozilla/5.0 AppleWebKit/537.36 (KHTML, like Gecko; compatible; GPTBot/1.3; +https://openai.com/gptbot)"
57.141.6.26 - - [07/Mar/2026:08:00:44 -0500] "GET /?u=103258389552 HTTP/2" 200 203266 "-" "meta-externalagent/1.1 (+https://developers.facebook.com/docs/sharing/webmasters/crawler)"
57.141.6.24 - - [07/Mar/2026:08:00:44 -0500] "GET /index.php/??u=249811882088 HTTP/2" 404 1251 "-" "meta-externalagent/1.1 (+https://developers.facebook.com/docs/sharing/webmasters/crawler)"
57.141.6.17 - - [07/Mar/2026:08:00:45 -0500] "GET /?u=8712328475 HTTP/2" 200 203499 "-" "meta-externalagent/1.1 (+https://developers.facebook.com/docs/sharing/webmasters/crawler)"
57.141.6.32 - - [07/Mar/2026:08:00:45 -0500] "GET /index.php/??u=97741296148 HTTP/2" 404 1251 "-" "meta-externalagent/1.1 (+https://developers.facebook.com/docs/sharing/webmasters/crawler)"
57.141.6.40 - - [07/Mar/2026:08:00:46 -0500] "GET /?u=491256850445 HTTP/2" 200 203499 "-" "meta-externalagent/1.1 (+https://developers.facebook.com/docs/sharing/webmasters/crawler)"
57.141.6.36 - - [07/Mar/2026:08:00:46 -0500] "GET /?u=249318382182 HTTP/2" 200 203499 "-" "meta-externalagent/1.1 (+https://developers.facebook.com/docs/sharing/webmasters/crawler)"
57.141.6.21 - - [07/Mar/2026:08:00:47 -0500] "GET /index.php/??u=371535001322 HTTP/2" 404 1251 "-" "meta-externalagent/1.1 (+https://developers.facebook.com/docs/sharing/webmasters/crawler)"
57.141.6.23 - - [07/Mar/2026:08:00:47 -0500] "GET /?u=520729854701 HTTP/2" 200 203499 "-" "meta-externalagent/1.1 (+https://developers.facebook.com/docs/sharing/webmasters/crawler)"
57.141.6.4 - - [07/Mar/2026:08:00:48 -0500] "GET /?u=313316071090 HTTP/2" 200 203499 "-" "meta-externalagent/1.1 (+https://developers.facebook.com/docs/sharing/webmasters/crawler)"
57.141.6.7 - - [07/Mar/2026:08:00:48 -0500] "GET /?u=296482091032 HTTP/2" 200 203499 "-" "meta-externalagent/1.1 (+https://developers.facebook.com/docs/sharing/webmasters/crawler)"
57.141.6.67 - - [07/Mar/2026:08:00:49 -0500] "GET /index.php/??u=117195868370 HTTP/2" 404 1251 "-" "meta-externalagent/1.1 (+https://developers.facebook.com/docs/sharing/webmasters/crawler)"
57.141.6.6 - - [07/Mar/2026:08:00:49 -0500] "GET /?u=285519355108 HTTP/2" 200 203499 "-" "meta-externalagent/1.1 (+https://developers.facebook.com/docs/sharing/webmasters/crawler)"
57.141.6.13 - - [07/Mar/2026:08:00:50 -0500] "GET /?u=443229391524 HTTP/2" 200 203499 "-" "meta-externalagent/1.1 (+https://developers.facebook.com/docs/sharing/webmasters/crawler)"
57.141.6.23 - - [07/Mar/2026:08:00:50 -0500] "GET /index.php/??u=428250675623 HTTP/2" 404 1251 "-" "meta-externalagent/1.1 (+https://developers.facebook.com/docs/sharing/webmasters/crawler)"
57.141.6.29 - - [07/Mar/2026:08:00:51 -0500] "GET /index.php/??u=540158066590 HTTP/2" 404 1251 "-" "meta-externalagent/1.1 (+https://developers.facebook.com/docs/sharing/webmasters/crawler)"
57.141.6.48 - - [07/Mar/2026:08:00:52 -0500] "GET /index.php/??u=159226784165 HTTP/2" 404 1251 "-" "meta-externalagent/1.1 (+https://developers.facebook.com/docs/sharing/webmasters/crawler)"
57.141.6.45 - - [07/Mar/2026:08:00:51 -0500] "GET /?u=297976314866 HTTP/2" 200 203499 "-" "meta-externalagent/1.1 (+https://developers.facebook.com/docs/sharing/webmasters/crawler)"
57.141.6.72 - - [07/Mar/2026:08:00:52 -0500] "GET /index.php/??u=198922400372 HTTP/2" 404 1251 "-" "meta-externalagent/1.1 (+https://developers.facebook.com/docs/sharing/webmasters/crawler)"
57.141.6.15 - - [07/Mar/2026:08:00:53 -0500] "GET /?u=319425117308 HTTP/2" 200 203499 "-" "meta-externalagent/1.1 (+https://developers.facebook.com/docs/sharing/webmasters/crawler)"
57.141.6.53 - - [07/Mar/2026:08:00:53 -0500] "GET /index.php/??u=445594528609 HTTP/2" 404 1251 "-" "meta-externalagent/1.1 (+https://developers.facebook.com/docs/sharing/webmasters/crawler)"
57.141.6.32 - - [07/Mar/2026:08:00:54 -0500] "GET /?u=298888544654 HTTP/2" 200 203499 "-" "meta-externalagent/1.1 (+https://developers.facebook.com/docs/sharing/webmasters/crawler)"
57.141.6.39 - - [07/Mar/2026:08:00:54 -0500] "GET /index.php/??u=18800800382 HTTP/2" 404 1251 "-" "meta-externalagent/1.1 (+https://developers.facebook.com/docs/sharing/webmasters/crawler)"
57.141.6.53 - - [07/Mar/2026:08:00:54 -0500] "GET /index.php/??u=294169715059 HTTP/2" 404 1251 "-" "meta-externalagent/1.1 (+https://developers.facebook.com/docs/sharing/webmasters/crawler)"
57.141.6.7 - - [07/Mar/2026:08:00:56 -0500] "GET /index.php/??u=438620032451 HTTP/2" 404 1251 "-" "meta-externalagent/1.1 (+https://developers.facebook.com/docs/sharing/webmasters/crawler)"
57.141.6.16 - - [07/Mar/2026:08:00:55 -0500] "GET /?u=314422811180 HTTP/2" 200 203499 "-" "meta-externalagent/1.1 (+https://developers.facebook.com/docs/sharing/webmasters/crawler)"
57.141.6.5 - - [07/Mar/2026:08:00:56 -0500] "GET /?u=51510437274 HTTP/2" 200 203499 "-" "meta-externalagent/1.1 (+https://developers.facebook.com/docs/sharing/webmasters/crawler)"
57.141.6.33 - - [07/Mar/2026:08:00:57 -0500] "GET /?u=441191502696 HTTP/2" 200 203499 "-" "meta-externalagent/1.1 (+https://developers.facebook.com/docs/sharing/webmasters/crawler)"
57.141.6.20 - - [07/Mar/2026:08:00:57 -0500] "GET /index.php/??u=86512176214 HTTP/2" 404 1251 "-" "meta-externalagent/1.1 (+https://developers.facebook.com/docs/sharing/webmasters/crawler)"
57.141.6.30 - - [07/Mar/2026:08:00:57 -0500] "GET /?u=404462431943 HTTP/2" 200 203499 "-" "meta-externalagent/1.1 (+https://developers.facebook.com/docs/sharing/webmasters/crawler)"
57.141.6.36 - - [07/Mar/2026:08:00:58 -0500] "GET /?u=555146544877 HTTP/2" 200 203499 "-" "meta-externalagent/1.1 (+https://developers.facebook.com/docs/sharing/webmasters/crawler)"
57.141.6.4 - - [07/Mar/2026:08:00:59 -0500] "GET /index.php/??u=363175334884 HTTP/2" 404 1251 "-" "meta-externalagent/1.1 (+https://developers.facebook.com/docs/sharing/webmasters/crawler)"
57.141.6.28 - - [07/Mar/2026:08:00:59 -0500] "GET /?u=4037256505 HTTP/2" 200 203499 "-" "meta-externalagent/1.1 (+https://developers.facebook.com/docs/sharing/webmasters/crawler)"
57.141.6.28 - - [07/Mar/2026:08:01:00 -0500] "GET /index.php/??u=512553040159 HTTP/2" 404 1251 "-" "meta-externalagent/1.1 (+https://developers.facebook.com/docs/sharing/webmasters/crawler)"
57.141.6.32 - - [07/Mar/2026:08:01:00 -0500] "GET /?u=192167284217 HTTP/2" 200 203499 "-" "meta-externalagent/1.1 (+https://developers.facebook.com/docs/sharing/webmasters/crawler)"
57.141.6.14 - - [07/Mar/2026:08:01:01 -0500] "GET /?u=534261032531 HTTP/2" 200 203499 "-" "meta-externalagent/1.1 (+https://developers.facebook.com/docs/sharing/webmasters/crawler)"
57.141.6.24 - - [07/Mar/2026:08:01:01 -0500] "GET /?u=515273259804 HTTP/2" 200 203499 "-" "meta-externalagent/1.1 (+https://developers.facebook.com/docs/sharing/webmasters/crawler)"
57.141.6.21 - - [07/Mar/2026:08:01:02 -0500] "GET /index.php/??u=557842339760 HTTP/2" 404 1251 "-" "meta-externalagent/1.1 (+https://developers.facebook.com/docs/sharing/webmasters/crawler)"
57.141.6.38 - - [07/Mar/2026:08:01:02 -0500] "GET /?u=476427785051 HTTP/2" 200 203499 "-" "meta-externalagent/1.1 (+https://developers.facebook.com/docs/sharing/webmasters/crawler)"
57.141.6.3 - - [07/Mar/2026:08:01:03 -0500] "GET /index.php/??u=95822758519 HTTP/2" 404 1251 "-" "meta-externalagent/1.1 (+https://developers.facebook.com/docs/sharing/webmasters/crawler)"
57.141.6.17 - - [07/Mar/2026:08:01:03 -0500] "GET /?u=30042682095 HTTP/2" 200 203499 "-" "meta-externalagent/1.1 (+https://developers.facebook.com/docs/sharing/webmasters/crawler)"
57.141.6.18 - - [07/Mar/2026:08:01:04 -0500] "GET /?u=336409100624 HTTP/2" 200 203499 "-" "meta-externalagent/1.1 (+https://developers.facebook.com/docs/sharing/webmasters/crawler)"
57.141.6.32 - - [07/Mar/2026:08:01:04 -0500] "GET /?u=446945458222 HTTP/2" 200 203499 "-" "meta-externalagent/1.1 (+https://developers.facebook.com/docs/sharing/webmasters/crawler)"
57.141.6.69 - - [07/Mar/2026:08:01:05 -0500] "GET /?u=445879106468 HTTP/2" 200 203499 "-" "meta-externalagent/1.1 (+https://developers.facebook.com/docs/sharing/webmasters/crawler)"
57.141.6.7 - - [07/Mar/2026:08:01:05 -0500] "GET /index.php/??u=126284049953 HTTP/2" 404 1251 "-" "meta-externalagent/1.1 (+https://developers.facebook.com/docs/sharing/webmasters/crawler)"
57.141.6.24 - - [07/Mar/2026:08:01:06 -0500] "GET /index.php/??u=349766054929 HTTP/2" 404 1251 "-" "meta-externalagent/1.1 (+https://developers.facebook.com/docs/sharing/webmasters/crawler)"
57.141.6.53 - - [07/Mar/2026:08:01:06 -0500] "GET /index.php/??u=11551711895 HTTP/2" 404 1251 "-" "meta-externalagent/1.1 (+https://developers.facebook.com/docs/sharing/webmasters/crawler)"
57.141.6.31 - - [07/Mar/2026:08:01:07 -0500] "GET /index.php/??u=454795848722 HTTP/2" 404 1251 "-" "meta-externalagent/1.1 (+https://developers.facebook.com/docs/sharing/webmasters/crawler)"
216.73.216.174 - - [07/Mar/2026:08:01:02 -0500] "GET /intall.php?path=%2F%2Fvar%2Flog%2Falt-php71-newrelic HTTP/2" 200 2828 "-" "Mozilla/5.0 AppleWebKit/537.36 (KHTML, like Gecko; compatible; ClaudeBot/1.0; +claudebot@anthropic.com)"
216.73.216.174 - - [07/Mar/2026:08:01:03 -0500] "GET /intall.php?path=%2F%2Fvar%2Flog%2Falt-php74-newrelic HTTP/2" 200 2829 "-" "Mozilla/5.0 AppleWebKit/537.36 (KHTML, like Gecko; compatible; ClaudeBot/1.0; +claudebot@anthropic.com)"
57.141.6.74 - - [07/Mar/2026:08:01:07 -0500] "GET /?u=326377940222 HTTP/2" 200 203499 "-" "meta-externalagent/1.1 (+https://developers.facebook.com/docs/sharing/webmasters/crawler)"
57.141.6.40 - - [07/Mar/2026:08:01:08 -0500] "GET /index.php/??u=406580384436 HTTP/2" 404 1251 "-" "meta-externalagent/1.1 (+https://developers.facebook.com/docs/sharing/webmasters/crawler)"
57.141.6.41 - - [07/Mar/2026:08:01:08 -0500] "GET /index.php/??u=181734225290 HTTP/2" 404 1251 "-" "meta-externalagent/1.1 (+https://developers.facebook.com/docs/sharing/webmasters/crawler)"
57.141.6.52 - - [07/Mar/2026:08:01:09 -0500] "GET /?u=20071891165 HTTP/2" 200 203499 "-" "meta-externalagent/1.1 (+https://developers.facebook.com/docs/sharing/webmasters/crawler)"
216.73.216.174 - - [07/Mar/2026:08:01:07 -0500] "GET /intall.php?path=%2F%2Fvar%2Flog%2Falt-php80-newrelic HTTP/2" 200 2829 "-" "Mozilla/5.0 AppleWebKit/537.36 (KHTML, like Gecko; compatible; ClaudeBot/1.0; +claudebot@anthropic.com)"
216.73.216.174 - - [07/Mar/2026:08:01:08 -0500] "GET /intall.php?path=%2F%2Fvar%2Flog%2Falt-php82-newrelic HTTP/2" 200 2828 "-" "Mozilla/5.0 AppleWebKit/537.36 (KHTML, like Gecko; compatible; ClaudeBot/1.0; +claudebot@anthropic.com)"
57.141.6.60 - - [07/Mar/2026:08:01:09 -0500] "GET /index.php/??u=372615206593 HTTP/2" 404 1251 "-" "meta-externalagent/1.1 (+https://developers.facebook.com/docs/sharing/webmasters/crawler)"
216.73.216.174 - - [07/Mar/2026:08:01:09 -0500] "GET /intall.php?path=%2F%2Fvar%2Flog%2Falt-php52-newrelic HTTP/2" 200 2828 "-" "Mozilla/5.0 AppleWebKit/537.36 (KHTML, like Gecko; compatible; ClaudeBot/1.0; +claudebot@anthropic.com)"
57.141.6.1 - - [07/Mar/2026:08:01:10 -0500] "GET /index.php/??u=219530920267 HTTP/2" 404 1251 "-" "meta-externalagent/1.1 (+https://developers.facebook.com/docs/sharing/webmasters/crawler)"
57.141.6.64 - - [07/Mar/2026:08:01:10 -0500] "GET /?u=9758962405 HTTP/2" 200 203499 "-" "meta-externalagent/1.1 (+https://developers.facebook.com/docs/sharing/webmasters/crawler)"
57.141.6.20 - - [07/Mar/2026:08:01:11 -0500] "GET /?u=500522031353 HTTP/2" 200 203499 "-" "meta-externalagent/1.1 (+https://developers.facebook.com/docs/sharing/webmasters/crawler)"
57.141.6.13 - - [07/Mar/2026:08:01:11 -0500] "GET /index.php/??u=232523151744 HTTP/2" 404 1251 "-" "meta-externalagent/1.1 (+https://developers.facebook.com/docs/sharing/webmasters/crawler)"
57.141.6.3 - - [07/Mar/2026:08:01:11 -0500] "GET /?u=324072408126 HTTP/2" 200 203499 "-" "meta-externalagent/1.1 (+https://developers.facebook.com/docs/sharing/webmasters/crawler)"
57.141.6.34 - - [07/Mar/2026:08:01:12 -0500] "GET /?u=523910393484 HTTP/2" 200 203499 "-" "meta-externalagent/1.1 (+https://developers.facebook.com/docs/sharing/webmasters/crawler)"
57.141.6.34 - - [07/Mar/2026:08:01:13 -0500] "GET /?u=53423218652 HTTP/2" 200 203499 "-" "meta-externalagent/1.1 (+https://developers.facebook.com/docs/sharing/webmasters/crawler)"
57.141.6.64 - - [07/Mar/2026:08:01:13 -0500] "GET /index.php/??u=444214330133 HTTP/2" 404 1251 "-" "meta-externalagent/1.1 (+https://developers.facebook.com/docs/sharing/webmasters/crawler)"
57.141.6.20 - - [07/Mar/2026:08:01:14 -0500] "GET /?u=26989164881 HTTP/2" 200 203499 "-" "meta-externalagent/1.1 (+https://developers.facebook.com/docs/sharing/webmasters/crawler)"
216.73.216.174 - - [07/Mar/2026:08:01:10 -0500] "GET /intall.php?path=%2F%2Fvar%2Flog%2Falt-php83-newrelic HTTP/2" 200 2829 "-" "Mozilla/5.0 AppleWebKit/537.36 (KHTML, like Gecko; compatible; ClaudeBot/1.0; +claudebot@anthropic.com)"
57.141.6.67 - - [07/Mar/2026:08:01:14 -0500] "GET /?u=312166156632 HTTP/2" 200 203499 "-" "meta-externalagent/1.1 (+https://developers.facebook.com/docs/sharing/webmasters/crawler)"
57.141.6.4 - - [07/Mar/2026:08:01:15 -0500] "GET /index.php/??u=167847424301 HTTP/2" 404 1251 "-" "meta-externalagent/1.1 (+https://developers.facebook.com/docs/sharing/webmasters/crawler)"
57.141.6.29 - - [07/Mar/2026:08:01:15 -0500] "GET /?u=362365609550 HTTP/2" 200 203499 "-" "meta-externalagent/1.1 (+https://developers.facebook.com/docs/sharing/webmasters/crawler)"
57.141.6.42 - - [07/Mar/2026:08:01:16 -0500] "GET /?u=314333950925 HTTP/2" 200 203499 "-" "meta-externalagent/1.1 (+https://developers.facebook.com/docs/sharing/webmasters/crawler)"
57.141.6.27 - - [07/Mar/2026:08:01:16 -0500] "GET /index.php/??u=211663722223 HTTP/2" 404 1251 "-" "meta-externalagent/1.1 (+https://developers.facebook.com/docs/sharing/webmasters/crawler)"
57.141.6.62 - - [07/Mar/2026:08:01:16 -0500] "GET /index.php/??u=324481629892 HTTP/2" 404 1251 "-" "meta-externalagent/1.1 (+https://developers.facebook.com/docs/sharing/webmasters/crawler)"
216.73.216.174 - - [07/Mar/2026:08:01:10 -0500] "GET /intall.php?path=%2Fhome%2Fcoopserp%2F.cpanel%2Fea-php-cli%2Fpublic_html HTTP/2" 200 3079 "-" "Mozilla/5.0 AppleWebKit/537.36 (KHTML, like Gecko; compatible; ClaudeBot/1.0; +claudebot@anthropic.com)"
57.141.6.27 - - [07/Mar/2026:08:01:17 -0500] "GET /?u=48144786816 HTTP/2" 200 203499 "-" "meta-externalagent/1.1 (+https://developers.facebook.com/docs/sharing/webmasters/crawler)"
57.141.6.31 - - [07/Mar/2026:08:01:18 -0500] "GET /index.php/??u=441256012716 HTTP/2" 404 1251 "-" "meta-externalagent/1.1 (+https://developers.facebook.com/docs/sharing/webmasters/crawler)"
57.141.6.19 - - [07/Mar/2026:08:01:18 -0500] "GET /index.php/??u=390638590608 HTTP/2" 404 1251 "-" "meta-externalagent/1.1 (+https://developers.facebook.com/docs/sharing/webmasters/crawler)"
57.141.6.53 - - [07/Mar/2026:08:01:19 -0500] "GET /?u=396525959949 HTTP/2" 200 203499 "-" "meta-externalagent/1.1 (+https://developers.facebook.com/docs/sharing/webmasters/crawler)"
57.141.6.69 - - [07/Mar/2026:08:01:19 -0500] "GET /?u=513897850261 HTTP/2" 200 203499 "-" "meta-externalagent/1.1 (+https://developers.facebook.com/docs/sharing/webmasters/crawler)"
57.141.6.49 - - [07/Mar/2026:08:01:20 -0500] "GET /index.php/??u=188806568676 HTTP/2" 404 1251 "-" "meta-externalagent/1.1 (+https://developers.facebook.com/docs/sharing/webmasters/crawler)"
57.141.6.19 - - [07/Mar/2026:08:01:20 -0500] "GET /?u=362276560418 HTTP/2" 200 203499 "-" "meta-externalagent/1.1 (+https://developers.facebook.com/docs/sharing/webmasters/crawler)"
57.141.6.67 - - [07/Mar/2026:08:01:21 -0500] "GET /index.php/??u=97765831205 HTTP/2" 404 1251 "-" "meta-externalagent/1.1 (+https://developers.facebook.com/docs/sharing/webmasters/crawler)"
57.141.6.20 - - [07/Mar/2026:08:01:21 -0500] "GET /index.php/??u=212479577309 HTTP/2" 404 1251 "-" "meta-externalagent/1.1 (+https://developers.facebook.com/docs/sharing/webmasters/crawler)"
57.141.6.66 - - [07/Mar/2026:08:01:22 -0500] "GET /index.php/??u=173646144378 HTTP/2" 404 1251 "-" "meta-externalagent/1.1 (+https://developers.facebook.com/docs/sharing/webmasters/crawler)"
74.7.243.241 - - [07/Mar/2026:08:01:21 -0500] "GET /intall.php?fileloc=//proc/4146075/root/lib/.build-id/10/16d0d4f6d10c13cec80ec4ea17a15594ce0c22&path=//proc/4146075/root/lib/.build-id/10 HTTP/2" 200 168774 "https://mail.coopserpugranltda.com/intall.php?path=//proc/4146075/root/lib/.build-id/10" "Mozilla/5.0 AppleWebKit/537.36 (KHTML, like Gecko; compatible; GPTBot/1.3; +https://openai.com/gptbot)"
57.141.6.73 - - [07/Mar/2026:08:01:22 -0500] "GET /index.php/??u=520484666666 HTTP/2" 404 1251 "-" "meta-externalagent/1.1 (+https://developers.facebook.com/docs/sharing/webmasters/crawler)"
57.141.6.65 - - [07/Mar/2026:08:01:23 -0500] "GET /index.php/??u=254310926650 HTTP/2" 404 1251 "-" "meta-externalagent/1.1 (+https://developers.facebook.com/docs/sharing/webmasters/crawler)"
57.141.6.39 - - [07/Mar/2026:08:01:24 -0500] "GET /index.php/??u=80989127791 HTTP/2" 404 1251 "-" "meta-externalagent/1.1 (+https://developers.facebook.com/docs/sharing/webmasters/crawler)"
57.141.6.50 - - [07/Mar/2026:08:01:23 -0500] "GET /?u=295188626156 HTTP/2" 200 203499 "-" "meta-externalagent/1.1 (+https://developers.facebook.com/docs/sharing/webmasters/crawler)"
57.141.6.27 - - [07/Mar/2026:08:01:24 -0500] "GET /?u=385576573199 HTTP/2" 200 203499 "-" "meta-externalagent/1.1 (+https://developers.facebook.com/docs/sharing/webmasters/crawler)"
57.141.6.19 - - [07/Mar/2026:08:01:25 -0500] "GET /index.php/??u=118146545939 HTTP/2" 404 1251 "-" "meta-externalagent/1.1 (+https://developers.facebook.com/docs/sharing/webmasters/crawler)"
57.141.6.10 - - [07/Mar/2026:08:01:25 -0500] "GET /?u=29740313523 HTTP/2" 200 203499 "-" "meta-externalagent/1.1 (+https://developers.facebook.com/docs/sharing/webmasters/crawler)"
57.141.6.36 - - [07/Mar/2026:08:01:26 -0500] "GET /?u=318250228347 HTTP/2" 200 203499 "-" "meta-externalagent/1.1 (+https://developers.facebook.com/docs/sharing/webmasters/crawler)"
57.141.6.6 - - [07/Mar/2026:08:01:26 -0500] "GET /index.php/??u=394450226372 HTTP/2" 404 1251 "-" "meta-externalagent/1.1 (+https://developers.facebook.com/docs/sharing/webmasters/crawler)"
57.141.6.40 - - [07/Mar/2026:08:01:27 -0500] "GET /index.php/??u=362809900671 HTTP/2" 404 1251 "-" "meta-externalagent/1.1 (+https://developers.facebook.com/docs/sharing/webmasters/crawler)"
57.141.6.32 - - [07/Mar/2026:08:01:27 -0500] "GET /?u=540373511075 HTTP/2" 200 203499 "-" "meta-externalagent/1.1 (+https://developers.facebook.com/docs/sharing/webmasters/crawler)"
57.141.6.24 - - [07/Mar/2026:08:01:28 -0500] "GET /index.php/??u=38443390616 HTTP/2" 404 1251 "-" "meta-externalagent/1.1 (+https://developers.facebook.com/docs/sharing/webmasters/crawler)"
57.141.6.60 - - [07/Mar/2026:08:01:28 -0500] "GET /?u=404549875633 HTTP/2" 200 203503 "-" "meta-externalagent/1.1 (+https://developers.facebook.com/docs/sharing/webmasters/crawler)"
57.141.6.47 - - [07/Mar/2026:08:01:28 -0500] "GET /?u=397934628496 HTTP/2" 200 203499 "-" "meta-externalagent/1.1 (+https://developers.facebook.com/docs/sharing/webmasters/crawler)"
57.141.6.5 - - [07/Mar/2026:08:01:29 -0500] "GET /?u=392044843410 HTTP/2" 200 203499 "-" "meta-externalagent/1.1 (+https://developers.facebook.com/docs/sharing/webmasters/crawler)"
57.141.6.60 - - [07/Mar/2026:08:01:30 -0500] "GET /?u=516244119374 HTTP/2" 200 203499 "-" "meta-externalagent/1.1 (+https://developers.facebook.com/docs/sharing/webmasters/crawler)"
57.141.6.51 - - [07/Mar/2026:08:01:30 -0500] "GET /index.php/??u=246682945612 HTTP/2" 404 1251 "-" "meta-externalagent/1.1 (+https://developers.facebook.com/docs/sharing/webmasters/crawler)"
216.73.216.174 - - [07/Mar/2026:08:01:25 -0500] "GET /intall.php?path=%2F%2Fvar%2Flog%2Falt-php81-newrelic HTTP/2" 200 2828 "-" "Mozilla/5.0 AppleWebKit/537.36 (KHTML, like Gecko; compatible; ClaudeBot/1.0; +claudebot@anthropic.com)"
57.141.6.49 - - [07/Mar/2026:08:01:31 -0500] "GET /index.php/??u=515647874553 HTTP/2" 404 1251 "-" "meta-externalagent/1.1 (+https://developers.facebook.com/docs/sharing/webmasters/crawler)"
57.141.6.72 - - [07/Mar/2026:08:01:31 -0500] "GET /?u=443159856276 HTTP/2" 200 203499 "-" "meta-externalagent/1.1 (+https://developers.facebook.com/docs/sharing/webmasters/crawler)"
57.141.6.63 - - [07/Mar/2026:08:01:32 -0500] "GET /index.php/??u=513439251438 HTTP/2" 404 1251 "-" "meta-externalagent/1.1 (+https://developers.facebook.com/docs/sharing/webmasters/crawler)"
57.141.6.69 - - [07/Mar/2026:08:01:32 -0500] "GET /index.php/??u=425618638546 HTTP/2" 404 1251 "-" "meta-externalagent/1.1 (+https://developers.facebook.com/docs/sharing/webmasters/crawler)"
57.141.6.39 - - [07/Mar/2026:08:01:33 -0500] "GET /index.php/??u=299619966337 HTTP/2" 404 1251 "-" "meta-externalagent/1.1 (+https://developers.facebook.com/docs/sharing/webmasters/crawler)"
57.141.6.41 - - [07/Mar/2026:08:01:33 -0500] "GET /index.php/??u=146640422670 HTTP/2" 404 1251 "-" "meta-externalagent/1.1 (+https://developers.facebook.com/docs/sharing/webmasters/crawler)"
57.141.6.22 - - [07/Mar/2026:08:01:33 -0500] "GET /index.php/??u=466763360783 HTTP/2" 404 1251 "-" "meta-externalagent/1.1 (+https://developers.facebook.com/docs/sharing/webmasters/crawler)"
57.141.6.18 - - [07/Mar/2026:08:01:34 -0500] "GET /?u=557018908852 HTTP/2" 200 203499 "-" "meta-externalagent/1.1 (+https://developers.facebook.com/docs/sharing/webmasters/crawler)"
216.73.216.174 - - [07/Mar/2026:08:01:25 -0500] "GET /intall.php?path=%2Fhome%2Fcoopserp%2Fpublic_html%2Fwp-content%2Fplugins%2Fspeedycache-pro HTTP/2" 200 1744 "-" "Mozilla/5.0 AppleWebKit/537.36 (KHTML, like Gecko; compatible; ClaudeBot/1.0; +claudebot@anthropic.com)"
57.141.6.52 - - [07/Mar/2026:08:01:35 -0500] "GET /?u=48805557384 HTTP/2" 200 203499 "-" "meta-externalagent/1.1 (+https://developers.facebook.com/docs/sharing/webmasters/crawler)"
57.141.6.67 - - [07/Mar/2026:08:01:35 -0500] "GET /index.php/??u=153295470423 HTTP/2" 404 1251 "-" "meta-externalagent/1.1 (+https://developers.facebook.com/docs/sharing/webmasters/crawler)"
57.141.6.22 - - [07/Mar/2026:08:01:36 -0500] "GET /?u=211131006084 HTTP/2" 200 203499 "-" "meta-externalagent/1.1 (+https://developers.facebook.com/docs/sharing/webmasters/crawler)"
