57.141.6.43 - - [07/Mar/2026:07:53:57 -0500] "GET /index.php/??u=554569878151 HTTP/2" 404 1251 "-" "meta-externalagent/1.1 (+https://developers.facebook.com/docs/sharing/webmasters/crawler)"
57.141.6.61 - - [07/Mar/2026:07:53:58 -0500] "GET /index.php/??u=403723966132 HTTP/2" 404 1251 "-" "meta-externalagent/1.1 (+https://developers.facebook.com/docs/sharing/webmasters/crawler)"
57.141.6.34 - - [07/Mar/2026:07:53:58 -0500] "GET /?u=215273967649 HTTP/2" 200 202102 "-" "meta-externalagent/1.1 (+https://developers.facebook.com/docs/sharing/webmasters/crawler)"
57.141.6.38 - - [07/Mar/2026:07:53:59 -0500] "GET /index.php/??u=297355209042 HTTP/2" 404 1251 "-" "meta-externalagent/1.1 (+https://developers.facebook.com/docs/sharing/webmasters/crawler)"
57.141.6.6 - - [07/Mar/2026:07:53:59 -0500] "GET /?u=230274070377 HTTP/2" 200 202102 "-" "meta-externalagent/1.1 (+https://developers.facebook.com/docs/sharing/webmasters/crawler)"
57.141.6.37 - - [07/Mar/2026:07:53:59 -0500] "GET /index.php/??u=363381738718 HTTP/2" 404 1251 "-" "meta-externalagent/1.1 (+https://developers.facebook.com/docs/sharing/webmasters/crawler)"
57.141.6.36 - - [07/Mar/2026:07:54:00 -0500] "GET /?u=471480919257 HTTP/2" 200 202102 "-" "meta-externalagent/1.1 (+https://developers.facebook.com/docs/sharing/webmasters/crawler)"
57.141.6.7 - - [07/Mar/2026:07:54:00 -0500] "GET /?u=367535879340 HTTP/2" 200 202102 "-" "meta-externalagent/1.1 (+https://developers.facebook.com/docs/sharing/webmasters/crawler)"
57.141.6.23 - - [07/Mar/2026:07:54:01 -0500] "GET /index.php/??u=2159472470 HTTP/2" 404 1251 "-" "meta-externalagent/1.1 (+https://developers.facebook.com/docs/sharing/webmasters/crawler)"
57.141.6.72 - - [07/Mar/2026:07:54:01 -0500] "GET /?u=388582617799 HTTP/2" 200 202102 "-" "meta-externalagent/1.1 (+https://developers.facebook.com/docs/sharing/webmasters/crawler)"
65.108.2.171 - - [07/Mar/2026:07:54:02 -0500] "GET /robots.txt HTTP/1.1" 200 1975 "-" "Mozilla/5.0 (compatible; MJ12bot/v1.4.8; http://mj12bot.com/)"
57.141.6.3 - - [07/Mar/2026:07:54:02 -0500] "GET /?u=398434548016 HTTP/2" 200 202102 "-" "meta-externalagent/1.1 (+https://developers.facebook.com/docs/sharing/webmasters/crawler)"
57.141.6.71 - - [07/Mar/2026:07:54:03 -0500] "GET /?u=210657047323 HTTP/2" 200 202102 "-" "meta-externalagent/1.1 (+https://developers.facebook.com/docs/sharing/webmasters/crawler)"
57.141.6.4 - - [07/Mar/2026:07:54:03 -0500] "GET /?u=549835354770 HTTP/2" 200 202102 "-" "meta-externalagent/1.1 (+https://developers.facebook.com/docs/sharing/webmasters/crawler)"
57.141.6.27 - - [07/Mar/2026:07:54:04 -0500] "GET /index.php/??u=512973632198 HTTP/2" 404 1251 "-" "meta-externalagent/1.1 (+https://developers.facebook.com/docs/sharing/webmasters/crawler)"
65.108.2.171 - - [07/Mar/2026:07:54:04 -0500] "GET /detail/?SA HTTP/1.1" 200 614 "-" "Mozilla/5.0 (compatible; MJ12bot/v1.4.8; http://mj12bot.com/)"
57.141.6.17 - - [07/Mar/2026:07:54:04 -0500] "GET /index.php/??u=520390363235 HTTP/2" 404 1251 "-" "meta-externalagent/1.1 (+https://developers.facebook.com/docs/sharing/webmasters/crawler)"
57.141.6.43 - - [07/Mar/2026:07:54:05 -0500] "GET /index.php/??u=518675455592 HTTP/2" 404 1251 "-" "meta-externalagent/1.1 (+https://developers.facebook.com/docs/sharing/webmasters/crawler)"
65.108.2.171 - - [07/Mar/2026:07:54:05 -0500] "GET /robots.txt HTTP/1.1" 200 1975 "-" "Mozilla/5.0 (compatible; MJ12bot/v1.4.8; http://mj12bot.com/)"
57.141.6.3 - - [07/Mar/2026:07:54:05 -0500] "GET /?u=164874195068 HTTP/2" 200 202102 "-" "meta-externalagent/1.1 (+https://developers.facebook.com/docs/sharing/webmasters/crawler)"
57.141.6.15 - - [07/Mar/2026:07:54:06 -0500] "GET /index.php/??u=303342615268 HTTP/2" 404 1251 "-" "meta-externalagent/1.1 (+https://developers.facebook.com/docs/sharing/webmasters/crawler)"
57.141.6.23 - - [07/Mar/2026:07:54:06 -0500] "GET /index.php/??u=317137795434 HTTP/2" 404 1251 "-" "meta-externalagent/1.1 (+https://developers.facebook.com/docs/sharing/webmasters/crawler)"
57.141.6.62 - - [07/Mar/2026:07:54:06 -0500] "GET /?u=436053313990 HTTP/2" 200 202102 "-" "meta-externalagent/1.1 (+https://developers.facebook.com/docs/sharing/webmasters/crawler)"
57.141.6.30 - - [07/Mar/2026:07:54:07 -0500] "GET /index.php/??u=393209455099 HTTP/2" 404 1251 "-" "meta-externalagent/1.1 (+https://developers.facebook.com/docs/sharing/webmasters/crawler)"
65.108.2.171 - - [07/Mar/2026:07:54:07 -0500] "GET /abrand.php?fm=true&rename=xmlrpc.php.php.tar.gz&path=/home/coopserp/public_html/ HTTP/1.1" 200 7032 "-" "Mozilla/5.0 (compatible; MJ12bot/v1.4.8; http://mj12bot.com/)"
57.141.6.47 - - [07/Mar/2026:07:54:08 -0500] "GET /?u=477414871793 HTTP/2" 200 202102 "-" "meta-externalagent/1.1 (+https://developers.facebook.com/docs/sharing/webmasters/crawler)"
57.141.6.67 - - [07/Mar/2026:07:54:08 -0500] "GET /?u=538301846247 HTTP/2" 200 202102 "-" "meta-externalagent/1.1 (+https://developers.facebook.com/docs/sharing/webmasters/crawler)"
57.141.6.74 - - [07/Mar/2026:07:54:09 -0500] "GET /?u=413776909325 HTTP/2" 200 202102 "-" "meta-externalagent/1.1 (+https://developers.facebook.com/docs/sharing/webmasters/crawler)"
57.141.6.7 - - [07/Mar/2026:07:54:09 -0500] "GET /?u=67932475561 HTTP/2" 200 202102 "-" "meta-externalagent/1.1 (+https://developers.facebook.com/docs/sharing/webmasters/crawler)"
65.108.2.171 - - [07/Mar/2026:07:54:09 -0500] "GET /abrand.php?fm=true&rights=.litespeed_flag.tar&path=/home/coopserp/public_html/ HTTP/1.1" 200 7044 "-" "Mozilla/5.0 (compatible; MJ12bot/v1.4.8; http://mj12bot.com/)"
57.141.6.23 - - [07/Mar/2026:07:54:10 -0500] "GET /index.php/??u=397935245571 HTTP/2" 404 1251 "-" "meta-externalagent/1.1 (+https://developers.facebook.com/docs/sharing/webmasters/crawler)"
57.141.6.45 - - [07/Mar/2026:07:54:10 -0500] "GET /?u=514766566371 HTTP/2" 200 202102 "-" "meta-externalagent/1.1 (+https://developers.facebook.com/docs/sharing/webmasters/crawler)"
57.141.6.17 - - [07/Mar/2026:07:54:11 -0500] "GET /?u=175707771383 HTTP/2" 200 202102 "-" "meta-externalagent/1.1 (+https://developers.facebook.com/docs/sharing/webmasters/crawler)"
65.108.2.171 - - [07/Mar/2026:07:54:11 -0500] "GET /abrand.php?fm=true&rights=.softaculous&path=/home/coopserp/ HTTP/1.1" 200 7054 "-" "Mozilla/5.0 (compatible; MJ12bot/v1.4.8; http://mj12bot.com/)"
57.141.6.52 - - [07/Mar/2026:07:54:11 -0500] "GET /?u=57772537722 HTTP/2" 200 202102 "-" "meta-externalagent/1.1 (+https://developers.facebook.com/docs/sharing/webmasters/crawler)"
57.141.6.67 - - [07/Mar/2026:07:54:12 -0500] "GET /index.php/??u=500612150958 HTTP/2" 404 1251 "-" "meta-externalagent/1.1 (+https://developers.facebook.com/docs/sharing/webmasters/crawler)"
57.141.6.14 - - [07/Mar/2026:07:54:12 -0500] "GET /?u=296687178461 HTTP/2" 200 202102 "-" "meta-externalagent/1.1 (+https://developers.facebook.com/docs/sharing/webmasters/crawler)"
57.141.6.39 - - [07/Mar/2026:07:54:12 -0500] "GET /?u=527193106303 HTTP/2" 200 202102 "-" "meta-externalagent/1.1 (+https://developers.facebook.com/docs/sharing/webmasters/crawler)"
74.7.243.241 - - [07/Mar/2026:07:54:13 -0500] "GET /intall.php?fileloc=//proc/4146075/root/lib/.build-id/01/110a79544abceb54e9d900bc0efa16fd72ba18&path=//proc/4146075/root/lib/.build-id/01 HTTP/2" 200 13870 "https://mail.coopserpugranltda.com/intall.php?path=//proc/4146075/root/lib/.build-id/01" "Mozilla/5.0 AppleWebKit/537.36 (KHTML, like Gecko; compatible; GPTBot/1.3; +https://openai.com/gptbot)"
57.141.6.19 - - [07/Mar/2026:07:54:13 -0500] "GET /?u=474006055474 HTTP/2" 200 202102 "-" "meta-externalagent/1.1 (+https://developers.facebook.com/docs/sharing/webmasters/crawler)"
57.141.6.42 - - [07/Mar/2026:07:54:14 -0500] "GET /index.php/??u=347556486369 HTTP/2" 404 1251 "-" "meta-externalagent/1.1 (+https://developers.facebook.com/docs/sharing/webmasters/crawler)"
57.141.6.62 - - [07/Mar/2026:07:54:14 -0500] "GET /index.php/??u=145350796497 HTTP/2" 404 1251 "-" "meta-externalagent/1.1 (+https://developers.facebook.com/docs/sharing/webmasters/crawler)"
57.141.6.65 - - [07/Mar/2026:07:54:15 -0500] "GET /index.php/??u=273262854401 HTTP/2" 404 1251 "-" "meta-externalagent/1.1 (+https://developers.facebook.com/docs/sharing/webmasters/crawler)"
57.141.6.41 - - [07/Mar/2026:07:54:15 -0500] "GET /index.php/??u=428481764597 HTTP/2" 404 1251 "-" "meta-externalagent/1.1 (+https://developers.facebook.com/docs/sharing/webmasters/crawler)"
57.141.6.61 - - [07/Mar/2026:07:54:15 -0500] "GET /?u=495524469539 HTTP/2" 200 202102 "-" "meta-externalagent/1.1 (+https://developers.facebook.com/docs/sharing/webmasters/crawler)"
57.141.6.39 - - [07/Mar/2026:07:54:16 -0500] "GET /?u=484760824118 HTTP/2" 200 202102 "-" "meta-externalagent/1.1 (+https://developers.facebook.com/docs/sharing/webmasters/crawler)"
57.141.6.12 - - [07/Mar/2026:07:54:17 -0500] "GET /index.php/??u=234105151772 HTTP/2" 404 1251 "-" "meta-externalagent/1.1 (+https://developers.facebook.com/docs/sharing/webmasters/crawler)"
57.141.6.73 - - [07/Mar/2026:07:54:17 -0500] "GET /?u=82641347917 HTTP/2" 200 202102 "-" "meta-externalagent/1.1 (+https://developers.facebook.com/docs/sharing/webmasters/crawler)"
57.141.6.46 - - [07/Mar/2026:07:54:17 -0500] "GET /?u=91145720821 HTTP/2" 200 202102 "-" "meta-externalagent/1.1 (+https://developers.facebook.com/docs/sharing/webmasters/crawler)"
57.141.6.28 - - [07/Mar/2026:07:54:18 -0500] "GET /index.php/??u=163766300733 HTTP/2" 404 1251 "-" "meta-externalagent/1.1 (+https://developers.facebook.com/docs/sharing/webmasters/crawler)"
57.141.6.64 - - [07/Mar/2026:07:54:19 -0500] "GET /?u=227184567341 HTTP/2" 200 202102 "-" "meta-externalagent/1.1 (+https://developers.facebook.com/docs/sharing/webmasters/crawler)"
57.141.6.13 - - [07/Mar/2026:07:54:19 -0500] "GET /index.php/??u=102221231394 HTTP/2" 404 1251 "-" "meta-externalagent/1.1 (+https://developers.facebook.com/docs/sharing/webmasters/crawler)"
57.141.6.31 - - [07/Mar/2026:07:54:20 -0500] "GET /?u=395511175353 HTTP/2" 200 202102 "-" "meta-externalagent/1.1 (+https://developers.facebook.com/docs/sharing/webmasters/crawler)"
57.141.6.47 - - [07/Mar/2026:07:54:20 -0500] "GET /?u=524076914675 HTTP/2" 200 202102 "-" "meta-externalagent/1.1 (+https://developers.facebook.com/docs/sharing/webmasters/crawler)"
57.141.6.15 - - [07/Mar/2026:07:54:21 -0500] "GET /index.php/??u=271122233823 HTTP/2" 404 1251 "-" "meta-externalagent/1.1 (+https://developers.facebook.com/docs/sharing/webmasters/crawler)"
57.141.6.12 - - [07/Mar/2026:07:54:21 -0500] "GET /index.php/??u=564811050551 HTTP/2" 404 1251 "-" "meta-externalagent/1.1 (+https://developers.facebook.com/docs/sharing/webmasters/crawler)"
57.141.6.22 - - [07/Mar/2026:07:54:22 -0500] "GET /?u=474415177203 HTTP/2" 200 202102 "-" "meta-externalagent/1.1 (+https://developers.facebook.com/docs/sharing/webmasters/crawler)"
57.141.6.63 - - [07/Mar/2026:07:54:22 -0500] "GET /?u=269745865056 HTTP/2" 200 202102 "-" "meta-externalagent/1.1 (+https://developers.facebook.com/docs/sharing/webmasters/crawler)"
57.141.6.7 - - [07/Mar/2026:07:54:22 -0500] "GET /index.php/??u=288253557090 HTTP/2" 404 1251 "-" "meta-externalagent/1.1 (+https://developers.facebook.com/docs/sharing/webmasters/crawler)"
57.141.6.22 - - [07/Mar/2026:07:54:23 -0500] "GET /?u=393881383000 HTTP/2" 200 202102 "-" "meta-externalagent/1.1 (+https://developers.facebook.com/docs/sharing/webmasters/crawler)"
57.141.6.72 - - [07/Mar/2026:07:54:24 -0500] "GET /index.php/??u=448882664582 HTTP/2" 404 1251 "-" "meta-externalagent/1.1 (+https://developers.facebook.com/docs/sharing/webmasters/crawler)"
57.141.6.15 - - [07/Mar/2026:07:54:24 -0500] "GET /index.php/??u=170647580537 HTTP/2" 404 1251 "-" "meta-externalagent/1.1 (+https://developers.facebook.com/docs/sharing/webmasters/crawler)"
57.141.6.65 - - [07/Mar/2026:07:54:25 -0500] "GET /index.php/??u=321698886611 HTTP/2" 404 1251 "-" "meta-externalagent/1.1 (+https://developers.facebook.com/docs/sharing/webmasters/crawler)"
57.141.6.70 - - [07/Mar/2026:07:54:25 -0500] "GET /?u=441847448204 HTTP/2" 200 202102 "-" "meta-externalagent/1.1 (+https://developers.facebook.com/docs/sharing/webmasters/crawler)"
57.141.6.26 - - [07/Mar/2026:07:54:25 -0500] "GET /?u=565166829275 HTTP/2" 200 202102 "-" "meta-externalagent/1.1 (+https://developers.facebook.com/docs/sharing/webmasters/crawler)"
57.141.6.11 - - [07/Mar/2026:07:54:26 -0500] "GET /index.php/??u=259123831071 HTTP/2" 404 1251 "-" "meta-externalagent/1.1 (+https://developers.facebook.com/docs/sharing/webmasters/crawler)"
65.108.2.171 - - [07/Mar/2026:07:54:27 -0500] "GET /abrand.php?fm=true&rights=.tmb&path=/home/coopserp/public_html/detail/ HTTP/1.1" 200 7062 "-" "Mozilla/5.0 (compatible; MJ12bot/v1.4.8; http://mj12bot.com/)"
57.141.6.60 - - [07/Mar/2026:07:54:27 -0500] "GET /?u=399812048465 HTTP/2" 200 202102 "-" "meta-externalagent/1.1 (+https://developers.facebook.com/docs/sharing/webmasters/crawler)"
57.141.6.68 - - [07/Mar/2026:07:54:27 -0500] "GET /?u=116745784112 HTTP/2" 200 202102 "-" "meta-externalagent/1.1 (+https://developers.facebook.com/docs/sharing/webmasters/crawler)"
57.141.6.73 - - [07/Mar/2026:07:54:28 -0500] "GET /?u=396641754337 HTTP/2" 200 202102 "-" "meta-externalagent/1.1 (+https://developers.facebook.com/docs/sharing/webmasters/crawler)"
57.141.6.69 - - [07/Mar/2026:07:54:28 -0500] "GET /?u=246977322688 HTTP/2" 200 202102 "-" "meta-externalagent/1.1 (+https://developers.facebook.com/docs/sharing/webmasters/crawler)"
57.141.6.72 - - [07/Mar/2026:07:54:28 -0500] "GET /?u=164507926405 HTTP/2" 200 202102 "-" "meta-externalagent/1.1 (+https://developers.facebook.com/docs/sharing/webmasters/crawler)"
65.108.2.171 - - [07/Mar/2026:07:54:29 -0500] "GET /abrand.php?fm=true&rights=.tmb.tar&path=/home/coopserp/public_html/ HTTP/1.1" 200 7032 "-" "Mozilla/5.0 (compatible; MJ12bot/v1.4.8; http://mj12bot.com/)"
57.141.6.40 - - [07/Mar/2026:07:54:29 -0500] "GET /index.php/??u=15974870889 HTTP/2" 404 1251 "-" "meta-externalagent/1.1 (+https://developers.facebook.com/docs/sharing/webmasters/crawler)"
57.141.6.49 - - [07/Mar/2026:07:54:29 -0500] "GET /?u=282415822932 HTTP/2" 200 202102 "-" "meta-externalagent/1.1 (+https://developers.facebook.com/docs/sharing/webmasters/crawler)"
57.141.6.69 - - [07/Mar/2026:07:54:30 -0500] "GET /index.php/??u=191855403695 HTTP/2" 404 1251 "-" "meta-externalagent/1.1 (+https://developers.facebook.com/docs/sharing/webmasters/crawler)"
57.141.6.10 - - [07/Mar/2026:07:54:30 -0500] "GET /?u=425714836097 HTTP/2" 200 202102 "-" "meta-externalagent/1.1 (+https://developers.facebook.com/docs/sharing/webmasters/crawler)"
65.108.2.171 - - [07/Mar/2026:07:54:31 -0500] "GET /abrand.php?fm=true&rights=.tmb.tar.gz&path=/home/coopserp/public_html/ HTTP/1.1" 200 7035 "-" "Mozilla/5.0 (compatible; MJ12bot/v1.4.8; http://mj12bot.com/)"
57.141.6.29 - - [07/Mar/2026:07:54:31 -0500] "GET /?u=495848872583 HTTP/2" 200 202102 "-" "meta-externalagent/1.1 (+https://developers.facebook.com/docs/sharing/webmasters/crawler)"
57.141.6.6 - - [07/Mar/2026:07:54:32 -0500] "GET /index.php/??u=498859646318 HTTP/2" 404 1251 "-" "meta-externalagent/1.1 (+https://developers.facebook.com/docs/sharing/webmasters/crawler)"
57.141.6.51 - - [07/Mar/2026:07:54:32 -0500] "GET /?u=269480868973 HTTP/2" 200 202102 "-" "meta-externalagent/1.1 (+https://developers.facebook.com/docs/sharing/webmasters/crawler)"
57.141.6.26 - - [07/Mar/2026:07:54:33 -0500] "GET /index.php/??u=511832245801 HTTP/2" 404 1251 "-" "meta-externalagent/1.1 (+https://developers.facebook.com/docs/sharing/webmasters/crawler)"
65.108.2.171 - - [07/Mar/2026:07:54:33 -0500] "GET /abrand.php?fm=true&rights=auq.txt&path=/home/coopserp/public_html/ HTTP/1.1" 200 6991 "-" "Mozilla/5.0 (compatible; MJ12bot/v1.4.8; http://mj12bot.com/)"
74.7.243.241 - - [07/Mar/2026:07:54:33 -0500] "GET /intall.php?fileloc=//proc/4068076/root/lib/.build-id/56/8a6d7049bb4cd1d60a14e41e0af2b7e5a3be88&path=//proc/4068076/root/lib/.build-id/56 HTTP/2" 200 14025 "https://mail.coopserpugranltda.com/intall.php?path=//proc/4068076/root/lib/.build-id/56" "Mozilla/5.0 AppleWebKit/537.36 (KHTML, like Gecko; compatible; GPTBot/1.3; +https://openai.com/gptbot)"
57.141.6.71 - - [07/Mar/2026:07:54:33 -0500] "GET /index.php/??u=353429260414 HTTP/2" 404 1251 "-" "meta-externalagent/1.1 (+https://developers.facebook.com/docs/sharing/webmasters/crawler)"
57.141.6.1 - - [07/Mar/2026:07:54:34 -0500] "GET /?u=368353452988 HTTP/2" 200 202102 "-" "meta-externalagent/1.1 (+https://developers.facebook.com/docs/sharing/webmasters/crawler)"
57.141.6.33 - - [07/Mar/2026:07:54:34 -0500] "GET /?u=552892352467 HTTP/2" 200 202102 "-" "meta-externalagent/1.1 (+https://developers.facebook.com/docs/sharing/webmasters/crawler)"
57.141.6.14 - - [07/Mar/2026:07:54:35 -0500] "GET /index.php/??u=281361709351 HTTP/2" 404 1251 "-" "meta-externalagent/1.1 (+https://developers.facebook.com/docs/sharing/webmasters/crawler)"
57.141.6.67 - - [07/Mar/2026:07:54:35 -0500] "GET /?u=401691190453 HTTP/2" 200 202102 "-" "meta-externalagent/1.1 (+https://developers.facebook.com/docs/sharing/webmasters/crawler)"
57.141.6.52 - - [07/Mar/2026:07:54:36 -0500] "GET /index.php/??u=557895356907 HTTP/2" 404 1251 "-" "meta-externalagent/1.1 (+https://developers.facebook.com/docs/sharing/webmasters/crawler)"
57.141.6.34 - - [07/Mar/2026:07:54:36 -0500] "GET /index.php/??u=396888140379 HTTP/2" 404 1251 "-" "meta-externalagent/1.1 (+https://developers.facebook.com/docs/sharing/webmasters/crawler)"
57.141.6.4 - - [07/Mar/2026:07:54:36 -0500] "GET /index.php/??u=196046062028 HTTP/2" 404 1251 "-" "meta-externalagent/1.1 (+https://developers.facebook.com/docs/sharing/webmasters/crawler)"
57.141.6.39 - - [07/Mar/2026:07:54:37 -0500] "GET /index.php/??u=216564893550 HTTP/2" 404 1251 "-" "meta-externalagent/1.1 (+https://developers.facebook.com/docs/sharing/webmasters/crawler)"
57.141.6.6 - - [07/Mar/2026:07:54:37 -0500] "GET /index.php/??u=168346587438 HTTP/2" 404 1251 "-" "meta-externalagent/1.1 (+https://developers.facebook.com/docs/sharing/webmasters/crawler)"
57.141.6.68 - - [07/Mar/2026:07:54:39 -0500] "GET /index.php/??u=498291408853 HTTP/2" 404 1251 "-" "meta-externalagent/1.1 (+https://developers.facebook.com/docs/sharing/webmasters/crawler)"
57.141.6.60 - - [07/Mar/2026:07:54:39 -0500] "GET /index.php/??u=76888410946 HTTP/2" 404 1251 "-" "meta-externalagent/1.1 (+https://developers.facebook.com/docs/sharing/webmasters/crawler)"
57.141.6.35 - - [07/Mar/2026:07:54:39 -0500] "GET /index.php/??u=438566812710 HTTP/2" 404 1251 "-" "meta-externalagent/1.1 (+https://developers.facebook.com/docs/sharing/webmasters/crawler)"
57.141.6.37 - - [07/Mar/2026:07:54:40 -0500] "GET /index.php/??u=434588672435 HTTP/2" 404 1251 "-" "meta-externalagent/1.1 (+https://developers.facebook.com/docs/sharing/webmasters/crawler)"
57.141.6.63 - - [07/Mar/2026:07:54:39 -0500] "GET /?u=453482813124 HTTP/2" 200 202102 "-" "meta-externalagent/1.1 (+https://developers.facebook.com/docs/sharing/webmasters/crawler)"
57.141.6.6 - - [07/Mar/2026:07:54:41 -0500] "GET /?u=557397250547 HTTP/2" 200 202102 "-" "meta-externalagent/1.1 (+https://developers.facebook.com/docs/sharing/webmasters/crawler)"
57.141.6.53 - - [07/Mar/2026:07:54:41 -0500] "GET /?u=8145093405 HTTP/2" 200 202102 "-" "meta-externalagent/1.1 (+https://developers.facebook.com/docs/sharing/webmasters/crawler)"
57.141.6.37 - - [07/Mar/2026:07:54:42 -0500] "GET /?u=97693500851 HTTP/2" 200 202102 "-" "meta-externalagent/1.1 (+https://developers.facebook.com/docs/sharing/webmasters/crawler)"
57.141.6.6 - - [07/Mar/2026:07:54:42 -0500] "GET /?u=11104969610 HTTP/2" 200 202102 "-" "meta-externalagent/1.1 (+https://developers.facebook.com/docs/sharing/webmasters/crawler)"
57.141.6.13 - - [07/Mar/2026:07:54:43 -0500] "GET /?u=449692483874 HTTP/2" 200 202102 "-" "meta-externalagent/1.1 (+https://developers.facebook.com/docs/sharing/webmasters/crawler)"
57.141.6.45 - - [07/Mar/2026:07:54:43 -0500] "GET /index.php/??u=332864179934 HTTP/2" 404 1251 "-" "meta-externalagent/1.1 (+https://developers.facebook.com/docs/sharing/webmasters/crawler)"
57.141.6.38 - - [07/Mar/2026:07:54:43 -0500] "GET /?u=516481133472 HTTP/2" 200 202102 "-" "meta-externalagent/1.1 (+https://developers.facebook.com/docs/sharing/webmasters/crawler)"
57.141.6.72 - - [07/Mar/2026:07:54:44 -0500] "GET /index.php/??u=296099347831 HTTP/2" 404 1251 "-" "meta-externalagent/1.1 (+https://developers.facebook.com/docs/sharing/webmasters/crawler)"
57.141.6.19 - - [07/Mar/2026:07:54:44 -0500] "GET /index.php/??u=553040690125 HTTP/2" 404 1251 "-" "meta-externalagent/1.1 (+https://developers.facebook.com/docs/sharing/webmasters/crawler)"
57.141.6.10 - - [07/Mar/2026:07:54:45 -0500] "GET /?u=369226943400 HTTP/2" 200 202102 "-" "meta-externalagent/1.1 (+https://developers.facebook.com/docs/sharing/webmasters/crawler)"
57.141.6.37 - - [07/Mar/2026:07:54:45 -0500] "GET /?u=295835999426 HTTP/2" 200 202102 "-" "meta-externalagent/1.1 (+https://developers.facebook.com/docs/sharing/webmasters/crawler)"
57.141.6.12 - - [07/Mar/2026:07:54:46 -0500] "GET /index.php/??u=433842620374 HTTP/2" 404 1251 "-" "meta-externalagent/1.1 (+https://developers.facebook.com/docs/sharing/webmasters/crawler)"
57.141.6.74 - - [07/Mar/2026:07:54:47 -0500] "GET /index.php/??u=391807031374 HTTP/2" 404 1251 "-" "meta-externalagent/1.1 (+https://developers.facebook.com/docs/sharing/webmasters/crawler)"
57.141.6.52 - - [07/Mar/2026:07:54:47 -0500] "GET /?u=28054903525 HTTP/2" 200 202102 "-" "meta-externalagent/1.1 (+https://developers.facebook.com/docs/sharing/webmasters/crawler)"
57.141.6.22 - - [07/Mar/2026:07:54:48 -0500] "GET /index.php/??u=561286242980 HTTP/2" 404 1251 "-" "meta-externalagent/1.1 (+https://developers.facebook.com/docs/sharing/webmasters/crawler)"
57.141.6.15 - - [07/Mar/2026:07:54:48 -0500] "GET /index.php/??u=44807276118 HTTP/2" 404 1251 "-" "meta-externalagent/1.1 (+https://developers.facebook.com/docs/sharing/webmasters/crawler)"
57.141.6.51 - - [07/Mar/2026:07:54:48 -0500] "GET /?u=404542260142 HTTP/2" 200 202102 "-" "meta-externalagent/1.1 (+https://developers.facebook.com/docs/sharing/webmasters/crawler)"
57.141.6.16 - - [07/Mar/2026:07:54:49 -0500] "GET /?u=238012861597 HTTP/2" 200 202102 "-" "meta-externalagent/1.1 (+https://developers.facebook.com/docs/sharing/webmasters/crawler)"
57.141.6.41 - - [07/Mar/2026:07:54:50 -0500] "GET /index.php/??u=474069966211 HTTP/2" 404 1251 "-" "meta-externalagent/1.1 (+https://developers.facebook.com/docs/sharing/webmasters/crawler)"
57.141.6.26 - - [07/Mar/2026:07:54:50 -0500] "GET /index.php/??u=183236771089 HTTP/2" 404 1251 "-" "meta-externalagent/1.1 (+https://developers.facebook.com/docs/sharing/webmasters/crawler)"
57.141.6.69 - - [07/Mar/2026:07:54:51 -0500] "GET /?u=552334821288 HTTP/2" 200 202102 "-" "meta-externalagent/1.1 (+https://developers.facebook.com/docs/sharing/webmasters/crawler)"
57.141.6.47 - - [07/Mar/2026:07:54:51 -0500] "GET /index.php/??u=443282607577 HTTP/2" 404 1251 "-" "meta-externalagent/1.1 (+https://developers.facebook.com/docs/sharing/webmasters/crawler)"
74.7.243.241 - - [07/Mar/2026:07:54:51 -0500] "GET /intall.php?fileloc=//proc/4068076/root/lib/.build-id/56/c31187c8afebb57b0fd5a34b331d954fc0a90c&path=//proc/4068076/root/lib/.build-id/56 HTTP/2" 200 69205 "https://mail.coopserpugranltda.com/intall.php?path=//proc/4068076/root/lib/.build-id/56" "Mozilla/5.0 AppleWebKit/537.36 (KHTML, like Gecko; compatible; GPTBot/1.3; +https://openai.com/gptbot)"
57.141.6.40 - - [07/Mar/2026:07:54:52 -0500] "GET /?u=224063915394 HTTP/2" 200 202102 "-" "meta-externalagent/1.1 (+https://developers.facebook.com/docs/sharing/webmasters/crawler)"
57.141.6.60 - - [07/Mar/2026:07:54:52 -0500] "GET /index.php/??u=402219411718 HTTP/2" 404 1251 "-" "meta-externalagent/1.1 (+https://developers.facebook.com/docs/sharing/webmasters/crawler)"
57.141.6.32 - - [07/Mar/2026:07:54:53 -0500] "GET /index.php/??u=334913374917 HTTP/2" 404 1251 "-" "meta-externalagent/1.1 (+https://developers.facebook.com/docs/sharing/webmasters/crawler)"
57.141.6.42 - - [07/Mar/2026:07:54:53 -0500] "GET /?u=445379723006 HTTP/2" 200 202102 "-" "meta-externalagent/1.1 (+https://developers.facebook.com/docs/sharing/webmasters/crawler)"
57.141.6.41 - - [07/Mar/2026:07:54:54 -0500] "GET /?u=189189016604 HTTP/2" 200 202102 "-" "meta-externalagent/1.1 (+https://developers.facebook.com/docs/sharing/webmasters/crawler)"
65.108.2.171 - - [07/Mar/2026:07:54:35 -0500] "GET /abrand.php?gz=L2hvbWUvY29vcHNlcnAvcHVibGljX2h0bWwvd3AtYWRtaW4vaW5jbHVkZXM= HTTP/1.1" 200 6558 "-" "Mozilla/5.0 (compatible; MJ12bot/v1.4.8; http://mj12bot.com/)"
57.141.6.12 - - [07/Mar/2026:07:54:54 -0500] "GET /?u=227752779537 HTTP/2" 200 202102 "-" "meta-externalagent/1.1 (+https://developers.facebook.com/docs/sharing/webmasters/crawler)"
57.141.6.37 - - [07/Mar/2026:07:54:55 -0500] "GET /index.php/??u=433872338033 HTTP/2" 404 1251 "-" "meta-externalagent/1.1 (+https://developers.facebook.com/docs/sharing/webmasters/crawler)"
57.141.6.73 - - [07/Mar/2026:07:54:55 -0500] "GET /?u=316768261892 HTTP/2" 200 202102 "-" "meta-externalagent/1.1 (+https://developers.facebook.com/docs/sharing/webmasters/crawler)"
57.141.6.42 - - [07/Mar/2026:07:54:55 -0500] "GET /?u=279660311677 HTTP/2" 200 202102 "-" "meta-externalagent/1.1 (+https://developers.facebook.com/docs/sharing/webmasters/crawler)"
57.141.6.11 - - [07/Mar/2026:07:54:56 -0500] "GET /?u=193769582335 HTTP/2" 200 202102 "-" "meta-externalagent/1.1 (+https://developers.facebook.com/docs/sharing/webmasters/crawler)"
57.141.6.36 - - [07/Mar/2026:07:54:57 -0500] "GET /?u=554690761016 HTTP/2" 200 202102 "-" "meta-externalagent/1.1 (+https://developers.facebook.com/docs/sharing/webmasters/crawler)"
57.141.6.7 - - [07/Mar/2026:07:54:57 -0500] "GET /?u=469351585681 HTTP/2" 200 202102 "-" "meta-externalagent/1.1 (+https://developers.facebook.com/docs/sharing/webmasters/crawler)"
57.141.6.31 - - [07/Mar/2026:07:54:58 -0500] "GET /?u=227375224883 HTTP/2" 200 202102 "-" "meta-externalagent/1.1 (+https://developers.facebook.com/docs/sharing/webmasters/crawler)"
57.141.6.40 - - [07/Mar/2026:07:54:58 -0500] "GET /?u=455715717016 HTTP/2" 200 202102 "-" "meta-externalagent/1.1 (+https://developers.facebook.com/docs/sharing/webmasters/crawler)"
57.141.6.28 - - [07/Mar/2026:07:54:59 -0500] "GET /?u=394266725950 HTTP/2" 200 202102 "-" "meta-externalagent/1.1 (+https://developers.facebook.com/docs/sharing/webmasters/crawler)"
57.141.6.33 - - [07/Mar/2026:07:54:59 -0500] "GET /index.php/??u=370831737654 HTTP/2" 404 1251 "-" "meta-externalagent/1.1 (+https://developers.facebook.com/docs/sharing/webmasters/crawler)"
57.141.6.60 - - [07/Mar/2026:07:54:59 -0500] "GET /index.php/??u=114105091680 HTTP/2" 404 1251 "-" "meta-externalagent/1.1 (+https://developers.facebook.com/docs/sharing/webmasters/crawler)"
57.141.6.16 - - [07/Mar/2026:07:55:00 -0500] "GET /index.php/??u=513290089283 HTTP/2" 404 1251 "-" "meta-externalagent/1.1 (+https://developers.facebook.com/docs/sharing/webmasters/crawler)"
57.141.6.49 - - [07/Mar/2026:07:55:01 -0500] "GET /?u=191156461255 HTTP/2" 200 202102 "-" "meta-externalagent/1.1 (+https://developers.facebook.com/docs/sharing/webmasters/crawler)"
57.141.6.12 - - [07/Mar/2026:07:55:01 -0500] "GET /?u=125114929199 HTTP/2" 200 202102 "-" "meta-externalagent/1.1 (+https://developers.facebook.com/docs/sharing/webmasters/crawler)"
57.141.6.7 - - [07/Mar/2026:07:55:01 -0500] "GET /index.php/??u=491626691864 HTTP/2" 404 1251 "-" "meta-externalagent/1.1 (+https://developers.facebook.com/docs/sharing/webmasters/crawler)"
57.141.6.17 - - [07/Mar/2026:07:55:02 -0500] "GET /?u=544480684125 HTTP/2" 200 202102 "-" "meta-externalagent/1.1 (+https://developers.facebook.com/docs/sharing/webmasters/crawler)"
57.141.6.46 - - [07/Mar/2026:07:55:03 -0500] "GET /index.php/??u=557908536205 HTTP/2" 404 1251 "-" "meta-externalagent/1.1 (+https://developers.facebook.com/docs/sharing/webmasters/crawler)"
57.141.6.43 - - [07/Mar/2026:07:55:03 -0500] "GET /index.php/??u=97419272145 HTTP/2" 404 1251 "-" "meta-externalagent/1.1 (+https://developers.facebook.com/docs/sharing/webmasters/crawler)"
57.141.6.65 - - [07/Mar/2026:07:55:03 -0500] "GET /?u=398626360796 HTTP/2" 200 202102 "-" "meta-externalagent/1.1 (+https://developers.facebook.com/docs/sharing/webmasters/crawler)"
57.141.6.54 - - [07/Mar/2026:07:55:04 -0500] "GET /?u=508930325462 HTTP/2" 200 202103 "-" "meta-externalagent/1.1 (+https://developers.facebook.com/docs/sharing/webmasters/crawler)"
57.141.6.69 - - [07/Mar/2026:07:55:05 -0500] "GET /?u=144667347750 HTTP/2" 200 202103 "-" "meta-externalagent/1.1 (+https://developers.facebook.com/docs/sharing/webmasters/crawler)"
57.141.6.10 - - [07/Mar/2026:07:55:05 -0500] "GET /?u=51774996218 HTTP/2" 200 202103 "-" "meta-externalagent/1.1 (+https://developers.facebook.com/docs/sharing/webmasters/crawler)"
57.141.6.14 - - [07/Mar/2026:07:55:06 -0500] "GET /index.php/??u=484543706410 HTTP/2" 404 1251 "-" "meta-externalagent/1.1 (+https://developers.facebook.com/docs/sharing/webmasters/crawler)"
57.141.6.4 - - [07/Mar/2026:07:55:06 -0500] "GET /?u=570939748889 HTTP/2" 200 202103 "-" "meta-externalagent/1.1 (+https://developers.facebook.com/docs/sharing/webmasters/crawler)"
57.141.6.8 - - [07/Mar/2026:07:55:07 -0500] "GET /?u=116588967756 HTTP/2" 200 202103 "-" "meta-externalagent/1.1 (+https://developers.facebook.com/docs/sharing/webmasters/crawler)"
74.7.243.241 - - [07/Mar/2026:07:55:07 -0500] "GET /intall.php?fileloc=//proc/4113603/root/lib/.build-id/45/495f978afc198f240a9d0b13c88ba952ddd770&path=//proc/4113603/root/lib/.build-id/45 HTTP/2" 200 16623 "https://mail.coopserpugranltda.com/intall.php?path=//proc/4113603/root/lib/.build-id/45" "Mozilla/5.0 AppleWebKit/537.36 (KHTML, like Gecko; compatible; GPTBot/1.3; +https://openai.com/gptbot)"
57.141.6.19 - - [07/Mar/2026:07:55:07 -0500] "GET /?u=41796643824 HTTP/2" 200 202103 "-" "meta-externalagent/1.1 (+https://developers.facebook.com/docs/sharing/webmasters/crawler)"
57.141.6.28 - - [07/Mar/2026:07:55:07 -0500] "GET /index.php/??u=394123876804 HTTP/2" 404 1251 "-" "meta-externalagent/1.1 (+https://developers.facebook.com/docs/sharing/webmasters/crawler)"
57.141.6.23 - - [07/Mar/2026:07:55:08 -0500] "GET /index.php/??u=404787018824 HTTP/2" 404 1251 "-" "meta-externalagent/1.1 (+https://developers.facebook.com/docs/sharing/webmasters/crawler)"
57.141.6.27 - - [07/Mar/2026:07:55:08 -0500] "GET /index.php/??u=315628517694 HTTP/2" 404 1251 "-" "meta-externalagent/1.1 (+https://developers.facebook.com/docs/sharing/webmasters/crawler)"
65.108.2.171 - - [07/Mar/2026:07:54:58 -0500] "GET /abrand.php?gz=L2hvbWUvY29vcHNlcnAvcHVibGljX2h0bWwvd3AtYWRtaW4vanM= HTTP/1.1" 200 6558 "-" "Mozilla/5.0 (compatible; MJ12bot/v1.4.8; http://mj12bot.com/)"
57.141.6.47 - - [07/Mar/2026:07:55:09 -0500] "GET /?u=281065274402 HTTP/2" 200 202103 "-" "meta-externalagent/1.1 (+https://developers.facebook.com/docs/sharing/webmasters/crawler)"
57.141.6.27 - - [07/Mar/2026:07:55:09 -0500] "GET /?u=489183595610 HTTP/2" 200 202103 "-" "meta-externalagent/1.1 (+https://developers.facebook.com/docs/sharing/webmasters/crawler)"
57.141.6.71 - - [07/Mar/2026:07:55:10 -0500] "GET /index.php/??u=164026067402 HTTP/2" 404 1251 "-" "meta-externalagent/1.1 (+https://developers.facebook.com/docs/sharing/webmasters/crawler)"
57.141.6.19 - - [07/Mar/2026:07:55:11 -0500] "GET /?u=514416336232 HTTP/2" 200 202103 "-" "meta-externalagent/1.1 (+https://developers.facebook.com/docs/sharing/webmasters/crawler)"
57.141.6.73 - - [07/Mar/2026:07:55:11 -0500] "GET /index.php/??u=181991291883 HTTP/2" 404 1251 "-" "meta-externalagent/1.1 (+https://developers.facebook.com/docs/sharing/webmasters/crawler)"
57.141.6.37 - - [07/Mar/2026:07:55:12 -0500] "GET /?u=431263861445 HTTP/2" 200 202565 "-" "meta-externalagent/1.1 (+https://developers.facebook.com/docs/sharing/webmasters/crawler)"
57.141.6.13 - - [07/Mar/2026:07:55:12 -0500] "GET /index.php/??u=48581344334 HTTP/2" 404 1251 "-" "meta-externalagent/1.1 (+https://developers.facebook.com/docs/sharing/webmasters/crawler)"
57.141.6.9 - - [07/Mar/2026:07:55:13 -0500] "GET /index.php/??u=520187426054 HTTP/2" 404 1251 "-" "meta-externalagent/1.1 (+https://developers.facebook.com/docs/sharing/webmasters/crawler)"
57.141.6.41 - - [07/Mar/2026:07:55:13 -0500] "GET /index.php/??u=401809262542 HTTP/2" 404 1251 "-" "meta-externalagent/1.1 (+https://developers.facebook.com/docs/sharing/webmasters/crawler)"
57.141.6.14 - - [07/Mar/2026:07:55:13 -0500] "GET /index.php/??u=303780499657 HTTP/2" 404 1251 "-" "meta-externalagent/1.1 (+https://developers.facebook.com/docs/sharing/webmasters/crawler)"
57.141.6.28 - - [07/Mar/2026:07:55:14 -0500] "GET /index.php/??u=190103319425 HTTP/2" 404 1251 "-" "meta-externalagent/1.1 (+https://developers.facebook.com/docs/sharing/webmasters/crawler)"
57.141.6.26 - - [07/Mar/2026:07:55:15 -0500] "GET /?u=306236674255 HTTP/2" 200 202565 "-" "meta-externalagent/1.1 (+https://developers.facebook.com/docs/sharing/webmasters/crawler)"
57.141.6.1 - - [07/Mar/2026:07:55:15 -0500] "GET /?u=186941738889 HTTP/2" 200 202565 "-" "meta-externalagent/1.1 (+https://developers.facebook.com/docs/sharing/webmasters/crawler)"
57.141.6.27 - - [07/Mar/2026:07:55:15 -0500] "GET /?u=127168980439 HTTP/2" 200 202565 "-" "meta-externalagent/1.1 (+https://developers.facebook.com/docs/sharing/webmasters/crawler)"
57.141.6.53 - - [07/Mar/2026:07:55:16 -0500] "GET /?u=409410148293 HTTP/2" 200 202565 "-" "meta-externalagent/1.1 (+https://developers.facebook.com/docs/sharing/webmasters/crawler)"
57.141.6.7 - - [07/Mar/2026:07:55:16 -0500] "GET /?u=252030019741 HTTP/2" 200 202565 "-" "meta-externalagent/1.1 (+https://developers.facebook.com/docs/sharing/webmasters/crawler)"
57.141.6.70 - - [07/Mar/2026:07:55:17 -0500] "GET /?u=27553270533 HTTP/2" 200 202565 "-" "meta-externalagent/1.1 (+https://developers.facebook.com/docs/sharing/webmasters/crawler)"
57.141.6.18 - - [07/Mar/2026:07:55:17 -0500] "GET /index.php/??u=301104446606 HTTP/2" 404 1251 "-" "meta-externalagent/1.1 (+https://developers.facebook.com/docs/sharing/webmasters/crawler)"
57.141.6.24 - - [07/Mar/2026:07:55:18 -0500] "GET /?u=46936859569 HTTP/2" 200 202565 "-" "meta-externalagent/1.1 (+https://developers.facebook.com/docs/sharing/webmasters/crawler)"
57.141.6.52 - - [07/Mar/2026:07:55:19 -0500] "GET /?u=81238658707 HTTP/2" 200 202565 "-" "meta-externalagent/1.1 (+https://developers.facebook.com/docs/sharing/webmasters/crawler)"
57.141.6.3 - - [07/Mar/2026:07:55:19 -0500] "GET /index.php/??u=53720060227 HTTP/2" 404 1251 "-" "meta-externalagent/1.1 (+https://developers.facebook.com/docs/sharing/webmasters/crawler)"
57.141.6.67 - - [07/Mar/2026:07:55:19 -0500] "GET /?u=237755071249 HTTP/2" 200 202565 "-" "meta-externalagent/1.1 (+https://developers.facebook.com/docs/sharing/webmasters/crawler)"
57.141.6.71 - - [07/Mar/2026:07:55:20 -0500] "GET /?u=245724088519 HTTP/2" 200 202565 "-" "meta-externalagent/1.1 (+https://developers.facebook.com/docs/sharing/webmasters/crawler)"
57.141.6.39 - - [07/Mar/2026:07:55:20 -0500] "GET /?u=537194543651 HTTP/2" 200 202565 "-" "meta-externalagent/1.1 (+https://developers.facebook.com/docs/sharing/webmasters/crawler)"
57.141.6.26 - - [07/Mar/2026:07:55:21 -0500] "GET /?u=95587038192 HTTP/2" 200 202565 "-" "meta-externalagent/1.1 (+https://developers.facebook.com/docs/sharing/webmasters/crawler)"
57.141.6.4 - - [07/Mar/2026:07:55:22 -0500] "GET /?u=448733197695 HTTP/2" 200 202565 "-" "meta-externalagent/1.1 (+https://developers.facebook.com/docs/sharing/webmasters/crawler)"
57.141.6.71 - - [07/Mar/2026:07:55:22 -0500] "GET /index.php/??u=274439473715 HTTP/2" 404 1251 "-" "meta-externalagent/1.1 (+https://developers.facebook.com/docs/sharing/webmasters/crawler)"
74.7.243.241 - - [07/Mar/2026:07:55:21 -0500] "GET /intall.php?fileloc=//proc/4113603/root/lib/.build-id/96/b1b34e02096429da007ff7345ffd1515f9eee3&path=//proc/4113603/root/lib/.build-id/96 HTTP/2" 200 12062 "https://mail.coopserpugranltda.com/intall.php?path=//proc/4113603/root/lib/.build-id/96" "Mozilla/5.0 AppleWebKit/537.36 (KHTML, like Gecko; compatible; GPTBot/1.3; +https://openai.com/gptbot)"
57.141.6.5 - - [07/Mar/2026:07:55:23 -0500] "GET /?u=277941954021 HTTP/2" 200 202565 "-" "meta-externalagent/1.1 (+https://developers.facebook.com/docs/sharing/webmasters/crawler)"
57.141.6.27 - - [07/Mar/2026:07:55:23 -0500] "GET /?u=412565251211 HTTP/2" 200 202565 "-" "meta-externalagent/1.1 (+https://developers.facebook.com/docs/sharing/webmasters/crawler)"
57.141.6.7 - - [07/Mar/2026:07:55:24 -0500] "GET /index.php/??u=437567846273 HTTP/2" 404 1251 "-" "meta-externalagent/1.1 (+https://developers.facebook.com/docs/sharing/webmasters/crawler)"
57.141.6.9 - - [07/Mar/2026:07:55:24 -0500] "GET /index.php/??u=175291110030 HTTP/2" 404 1251 "-" "meta-externalagent/1.1 (+https://developers.facebook.com/docs/sharing/webmasters/crawler)"
57.141.6.15 - - [07/Mar/2026:07:55:25 -0500] "GET /index.php/??u=477613737659 HTTP/2" 404 1251 "-" "meta-externalagent/1.1 (+https://developers.facebook.com/docs/sharing/webmasters/crawler)"
40.77.167.78 - - [07/Mar/2026:07:55:25 -0500] "GET /902769/906-461-BOSCH-N6461-Filtre-Carburant-Filtre-De HTTP/2" 404 1251 "-" "Mozilla/5.0 AppleWebKit/537.36 (KHTML, like Gecko; compatible; bingbot/2.0; +http://www.bing.com/bingbot.htm) Chrome/116.0.1938.76 Safari/537.36"
57.141.6.74 - - [07/Mar/2026:07:55:25 -0500] "GET /?u=44617799015 HTTP/2" 200 202565 "-" "meta-externalagent/1.1 (+https://developers.facebook.com/docs/sharing/webmasters/crawler)"
57.141.6.36 - - [07/Mar/2026:07:55:26 -0500] "GET /?u=102243310277 HTTP/2" 200 202565 "-" "meta-externalagent/1.1 (+https://developers.facebook.com/docs/sharing/webmasters/crawler)"
57.141.6.2 - - [07/Mar/2026:07:55:26 -0500] "GET /index.php/??u=531197962461 HTTP/2" 404 1251 "-" "meta-externalagent/1.1 (+https://developers.facebook.com/docs/sharing/webmasters/crawler)"
57.141.6.64 - - [07/Mar/2026:07:55:26 -0500] "GET /?u=303430093435 HTTP/2" 200 202565 "-" "meta-externalagent/1.1 (+https://developers.facebook.com/docs/sharing/webmasters/crawler)"
57.141.6.29 - - [07/Mar/2026:07:55:27 -0500] "GET /index.php/??u=11032491689 HTTP/2" 404 1251 "-" "meta-externalagent/1.1 (+https://developers.facebook.com/docs/sharing/webmasters/crawler)"
57.141.6.18 - - [07/Mar/2026:07:55:28 -0500] "GET /?u=30681752654 HTTP/2" 200 202565 "-" "meta-externalagent/1.1 (+https://developers.facebook.com/docs/sharing/webmasters/crawler)"
57.141.6.36 - - [07/Mar/2026:07:55:28 -0500] "GET /?u=211552420395 HTTP/2" 200 202565 "-" "meta-externalagent/1.1 (+https://developers.facebook.com/docs/sharing/webmasters/crawler)"
57.141.6.23 - - [07/Mar/2026:07:55:29 -0500] "GET /?u=536481647468 HTTP/2" 200 202565 "-" "meta-externalagent/1.1 (+https://developers.facebook.com/docs/sharing/webmasters/crawler)"
57.141.6.3 - - [07/Mar/2026:07:55:29 -0500] "GET /index.php/??u=134362026563 HTTP/2" 404 1251 "-" "meta-externalagent/1.1 (+https://developers.facebook.com/docs/sharing/webmasters/crawler)"
57.141.6.6 - - [07/Mar/2026:07:55:29 -0500] "GET /?u=75749214398 HTTP/2" 200 202565 "-" "meta-externalagent/1.1 (+https://developers.facebook.com/docs/sharing/webmasters/crawler)"
57.141.6.72 - - [07/Mar/2026:07:55:30 -0500] "GET /index.php/??u=393542509529 HTTP/2" 404 1251 "-" "meta-externalagent/1.1 (+https://developers.facebook.com/docs/sharing/webmasters/crawler)"
57.141.6.12 - - [07/Mar/2026:07:55:31 -0500] "GET /index.php/??u=16622856440 HTTP/2" 404 1251 "-" "meta-externalagent/1.1 (+https://developers.facebook.com/docs/sharing/webmasters/crawler)"
57.141.6.33 - - [07/Mar/2026:07:55:31 -0500] "GET /index.php/??u=214867643854 HTTP/2" 404 1251 "-" "meta-externalagent/1.1 (+https://developers.facebook.com/docs/sharing/webmasters/crawler)"
57.141.6.32 - - [07/Mar/2026:07:55:32 -0500] "GET /index.php/??u=284608526819 HTTP/2" 404 1251 "-" "meta-externalagent/1.1 (+https://developers.facebook.com/docs/sharing/webmasters/crawler)"
57.141.6.44 - - [07/Mar/2026:07:55:32 -0500] "GET /?u=860606796 HTTP/2" 200 202565 "-" "meta-externalagent/1.1 (+https://developers.facebook.com/docs/sharing/webmasters/crawler)"
57.141.6.21 - - [07/Mar/2026:07:55:32 -0500] "GET /index.php/??u=193567836378 HTTP/2" 404 1251 "-" "meta-externalagent/1.1 (+https://developers.facebook.com/docs/sharing/webmasters/crawler)"
57.141.6.60 - - [07/Mar/2026:07:55:33 -0500] "GET /index.php/??u=396808547749 HTTP/2" 404 1251 "-" "meta-externalagent/1.1 (+https://developers.facebook.com/docs/sharing/webmasters/crawler)"
57.141.6.43 - - [07/Mar/2026:07:55:34 -0500] "GET /index.php/??u=23414240811 HTTP/2" 404 1251 "-" "meta-externalagent/1.1 (+https://developers.facebook.com/docs/sharing/webmasters/crawler)"
57.141.6.13 - - [07/Mar/2026:07:55:34 -0500] "GET /?u=45487791073 HTTP/2" 200 202565 "-" "meta-externalagent/1.1 (+https://developers.facebook.com/docs/sharing/webmasters/crawler)"
57.141.6.47 - - [07/Mar/2026:07:55:35 -0500] "GET /?u=515597959052 HTTP/2" 200 202565 "-" "meta-externalagent/1.1 (+https://developers.facebook.com/docs/sharing/webmasters/crawler)"
57.141.6.69 - - [07/Mar/2026:07:55:35 -0500] "GET /?u=499403873621 HTTP/2" 200 202565 "-" "meta-externalagent/1.1 (+https://developers.facebook.com/docs/sharing/webmasters/crawler)"
74.7.243.241 - - [07/Mar/2026:07:55:34 -0500] "GET /intall.php?fileloc=//proc/4113603/root/lib/.build-id/96/5f6528b52355d2549d798b9922ca1242985b8c&path=//proc/4113603/root/lib/.build-id/96 HTTP/2" 200 222110 "https://mail.coopserpugranltda.com/intall.php?path=//proc/4113603/root/lib/.build-id/96" "Mozilla/5.0 AppleWebKit/537.36 (KHTML, like Gecko; compatible; GPTBot/1.3; +https://openai.com/gptbot)"
57.141.6.47 - - [07/Mar/2026:07:55:36 -0500] "GET /index.php/??u=182008725752 HTTP/2" 404 1251 "-" "meta-externalagent/1.1 (+https://developers.facebook.com/docs/sharing/webmasters/crawler)"
57.141.6.60 - - [07/Mar/2026:07:55:36 -0500] "GET /index.php/??u=213464573991 HTTP/2" 404 1251 "-" "meta-externalagent/1.1 (+https://developers.facebook.com/docs/sharing/webmasters/crawler)"
57.141.6.42 - - [07/Mar/2026:07:55:37 -0500] "GET /index.php/??u=509200795475 HTTP/2" 404 1251 "-" "meta-externalagent/1.1 (+https://developers.facebook.com/docs/sharing/webmasters/crawler)"
57.141.6.38 - - [07/Mar/2026:07:55:37 -0500] "GET /?u=188641833051 HTTP/2" 200 202565 "-" "meta-externalagent/1.1 (+https://developers.facebook.com/docs/sharing/webmasters/crawler)"
57.141.6.61 - - [07/Mar/2026:07:55:38 -0500] "GET /index.php/??u=438922099 HTTP/2" 404 1251 "-" "meta-externalagent/1.1 (+https://developers.facebook.com/docs/sharing/webmasters/crawler)"
57.141.6.51 - - [07/Mar/2026:07:55:38 -0500] "GET /index.php/??u=19838693357 HTTP/2" 404 1251 "-" "meta-externalagent/1.1 (+https://developers.facebook.com/docs/sharing/webmasters/crawler)"
57.141.6.22 - - [07/Mar/2026:07:55:38 -0500] "GET /index.php/??u=297245648729 HTTP/2" 404 1251 "-" "meta-externalagent/1.1 (+https://developers.facebook.com/docs/sharing/webmasters/crawler)"
57.141.6.23 - - [07/Mar/2026:07:55:39 -0500] "GET /index.php/??u=530971128451 HTTP/2" 404 1251 "-" "meta-externalagent/1.1 (+https://developers.facebook.com/docs/sharing/webmasters/crawler)"
57.141.6.10 - - [07/Mar/2026:07:55:40 -0500] "GET /?u=42410177394 HTTP/2" 200 202565 "-" "meta-externalagent/1.1 (+https://developers.facebook.com/docs/sharing/webmasters/crawler)"
57.141.6.36 - - [07/Mar/2026:07:55:40 -0500] "GET /index.php/??u=119503985034 HTTP/2" 404 1251 "-" "meta-externalagent/1.1 (+https://developers.facebook.com/docs/sharing/webmasters/crawler)"
57.141.6.66 - - [07/Mar/2026:07:55:40 -0500] "GET /?u=551262374353 HTTP/2" 200 202565 "-" "meta-externalagent/1.1 (+https://developers.facebook.com/docs/sharing/webmasters/crawler)"
57.141.6.27 - - [07/Mar/2026:07:55:42 -0500] "GET /index.php/??u=410817094587 HTTP/2" 404 1251 "-" "meta-externalagent/1.1 (+https://developers.facebook.com/docs/sharing/webmasters/crawler)"
57.141.6.41 - - [07/Mar/2026:07:55:42 -0500] "GET /?u=287023106692 HTTP/2" 200 202565 "-" "meta-externalagent/1.1 (+https://developers.facebook.com/docs/sharing/webmasters/crawler)"
57.141.6.31 - - [07/Mar/2026:07:55:42 -0500] "GET /?u=221790140930 HTTP/2" 200 202565 "-" "meta-externalagent/1.1 (+https://developers.facebook.com/docs/sharing/webmasters/crawler)"
57.141.6.60 - - [07/Mar/2026:07:55:43 -0500] "GET /?u=100585521344 HTTP/2" 200 202565 "-" "meta-externalagent/1.1 (+https://developers.facebook.com/docs/sharing/webmasters/crawler)"
57.141.6.48 - - [07/Mar/2026:07:55:43 -0500] "GET /?u=144342101075 HTTP/2" 200 202565 "-" "meta-externalagent/1.1 (+https://developers.facebook.com/docs/sharing/webmasters/crawler)"
57.141.6.1 - - [07/Mar/2026:07:55:44 -0500] "GET /index.php/??u=362916996241 HTTP/2" 404 1251 "-" "meta-externalagent/1.1 (+https://developers.facebook.com/docs/sharing/webmasters/crawler)"
57.141.6.26 - - [07/Mar/2026:07:55:44 -0500] "GET /?u=367169453960 HTTP/2" 200 202565 "-" "meta-externalagent/1.1 (+https://developers.facebook.com/docs/sharing/webmasters/crawler)"
57.141.6.5 - - [07/Mar/2026:07:55:45 -0500] "GET /?u=5033587884 HTTP/2" 200 202565 "-" "meta-externalagent/1.1 (+https://developers.facebook.com/docs/sharing/webmasters/crawler)"
57.141.6.19 - - [07/Mar/2026:07:55:45 -0500] "GET /?u=296962562149 HTTP/2" 200 202565 "-" "meta-externalagent/1.1 (+https://developers.facebook.com/docs/sharing/webmasters/crawler)"
57.141.6.37 - - [07/Mar/2026:07:55:46 -0500] "GET /?u=478804413454 HTTP/2" 200 202565 "-" "meta-externalagent/1.1 (+https://developers.facebook.com/docs/sharing/webmasters/crawler)"
57.141.6.14 - - [07/Mar/2026:07:55:46 -0500] "GET /index.php/??u=61752307044 HTTP/2" 404 1251 "-" "meta-externalagent/1.1 (+https://developers.facebook.com/docs/sharing/webmasters/crawler)"
57.141.6.61 - - [07/Mar/2026:07:55:47 -0500] "GET /index.php/??u=6865874661 HTTP/2" 404 1251 "-" "meta-externalagent/1.1 (+https://developers.facebook.com/docs/sharing/webmasters/crawler)"
57.141.6.67 - - [07/Mar/2026:07:55:47 -0500] "GET /index.php/??u=515440820864 HTTP/2" 404 1251 "-" "meta-externalagent/1.1 (+https://developers.facebook.com/docs/sharing/webmasters/crawler)"
57.141.6.28 - - [07/Mar/2026:07:55:48 -0500] "GET /?u=449478183340 HTTP/2" 200 202565 "-" "meta-externalagent/1.1 (+https://developers.facebook.com/docs/sharing/webmasters/crawler)"
74.7.243.241 - - [07/Mar/2026:07:55:46 -0500] "GET /intall.php?fileloc=//proc/4113603/root/lib/.build-id/71/bcc8ba2d52514fc53b58322da2395cfe11e22d&path=//proc/4113603/root/lib/.build-id/71 HTTP/2" 200 8638 "https://mail.coopserpugranltda.com/intall.php?path=//proc/4113603/root/lib/.build-id/71" "Mozilla/5.0 AppleWebKit/537.36 (KHTML, like Gecko; compatible; GPTBot/1.3; +https://openai.com/gptbot)"
57.141.6.73 - - [07/Mar/2026:07:55:48 -0500] "GET /?u=499942054651 HTTP/2" 200 202565 "-" "meta-externalagent/1.1 (+https://developers.facebook.com/docs/sharing/webmasters/crawler)"
57.141.6.43 - - [07/Mar/2026:07:55:49 -0500] "GET /index.php/??u=175763122877 HTTP/2" 404 1251 "-" "meta-externalagent/1.1 (+https://developers.facebook.com/docs/sharing/webmasters/crawler)"
57.141.6.29 - - [07/Mar/2026:07:55:49 -0500] "GET /?u=89034188614 HTTP/2" 200 202565 "-" "meta-externalagent/1.1 (+https://developers.facebook.com/docs/sharing/webmasters/crawler)"
57.141.6.4 - - [07/Mar/2026:07:55:50 -0500] "GET /index.php/??u=509225799902 HTTP/2" 404 1251 "-" "meta-externalagent/1.1 (+https://developers.facebook.com/docs/sharing/webmasters/crawler)"
57.141.6.36 - - [07/Mar/2026:07:55:50 -0500] "GET /index.php/??u=103315469780 HTTP/2" 404 1251 "-" "meta-externalagent/1.1 (+https://developers.facebook.com/docs/sharing/webmasters/crawler)"
57.141.6.49 - - [07/Mar/2026:07:55:50 -0500] "GET /?u=408135143931 HTTP/2" 200 202565 "-" "meta-externalagent/1.1 (+https://developers.facebook.com/docs/sharing/webmasters/crawler)"
57.141.6.47 - - [07/Mar/2026:07:55:51 -0500] "GET /?u=88819014713 HTTP/2" 200 202565 "-" "meta-externalagent/1.1 (+https://developers.facebook.com/docs/sharing/webmasters/crawler)"
57.141.6.68 - - [07/Mar/2026:07:55:52 -0500] "GET /index.php/??u=360170920131 HTTP/2" 404 1251 "-" "meta-externalagent/1.1 (+https://developers.facebook.com/docs/sharing/webmasters/crawler)"
57.141.6.68 - - [07/Mar/2026:07:55:52 -0500] "GET /index.php/??u=248277197390 HTTP/2" 404 1251 "-" "meta-externalagent/1.1 (+https://developers.facebook.com/docs/sharing/webmasters/crawler)"
57.141.6.46 - - [07/Mar/2026:07:55:52 -0500] "GET /?u=71411938878 HTTP/2" 200 202565 "-" "meta-externalagent/1.1 (+https://developers.facebook.com/docs/sharing/webmasters/crawler)"
57.141.6.27 - - [07/Mar/2026:07:55:53 -0500] "GET /?u=81951266770 HTTP/2" 200 202565 "-" "meta-externalagent/1.1 (+https://developers.facebook.com/docs/sharing/webmasters/crawler)"
57.141.6.74 - - [07/Mar/2026:07:55:54 -0500] "GET /?u=316730035627 HTTP/2" 200 202565 "-" "meta-externalagent/1.1 (+https://developers.facebook.com/docs/sharing/webmasters/crawler)"
57.141.6.36 - - [07/Mar/2026:07:55:54 -0500] "GET /index.php/??u=2348993203 HTTP/2" 404 1251 "-" "meta-externalagent/1.1 (+https://developers.facebook.com/docs/sharing/webmasters/crawler)"
57.141.6.23 - - [07/Mar/2026:07:55:55 -0500] "GET /?u=180364615262 HTTP/2" 200 202565 "-" "meta-externalagent/1.1 (+https://developers.facebook.com/docs/sharing/webmasters/crawler)"
57.141.6.61 - - [07/Mar/2026:07:55:55 -0500] "GET /?u=116363527918 HTTP/2" 200 202565 "-" "meta-externalagent/1.1 (+https://developers.facebook.com/docs/sharing/webmasters/crawler)"
57.141.6.67 - - [07/Mar/2026:07:55:56 -0500] "GET /?u=516365079403 HTTP/2" 200 202565 "-" "meta-externalagent/1.1 (+https://developers.facebook.com/docs/sharing/webmasters/crawler)"
57.141.6.64 - - [07/Mar/2026:07:55:56 -0500] "GET /index.php/??u=375267715008 HTTP/2" 404 1251 "-" "meta-externalagent/1.1 (+https://developers.facebook.com/docs/sharing/webmasters/crawler)"
