57.141.6.17 - - [07/Mar/2026:08:05:19 -0500] "GET /index.php/??u=297288308350 HTTP/2" 404 1251 "-" "meta-externalagent/1.1 (+https://developers.facebook.com/docs/sharing/webmasters/crawler)"
57.141.6.24 - - [07/Mar/2026:08:05:19 -0500] "GET /?u=438660179771 HTTP/2" 200 203499 "-" "meta-externalagent/1.1 (+https://developers.facebook.com/docs/sharing/webmasters/crawler)"
57.141.6.48 - - [07/Mar/2026:08:05:20 -0500] "GET /?u=401108023761 HTTP/2" 200 203499 "-" "meta-externalagent/1.1 (+https://developers.facebook.com/docs/sharing/webmasters/crawler)"
57.141.6.47 - - [07/Mar/2026:08:05:20 -0500] "GET /?u=573451623161 HTTP/2" 200 203499 "-" "meta-externalagent/1.1 (+https://developers.facebook.com/docs/sharing/webmasters/crawler)"
216.73.216.174 - - [07/Mar/2026:08:05:21 -0500] "GET /intall.php?path=%2Fhome%2Fcoopserp%2F.cagefs%2Fvar%2Flog%2Falt-php72-newrelic HTTP/2" 200 2853 "-" "Mozilla/5.0 AppleWebKit/537.36 (KHTML, like Gecko; compatible; ClaudeBot/1.0; +claudebot@anthropic.com)"
57.141.6.38 - - [07/Mar/2026:08:05:21 -0500] "GET /?u=449695552192 HTTP/2" 200 203499 "-" "meta-externalagent/1.1 (+https://developers.facebook.com/docs/sharing/webmasters/crawler)"
57.141.6.53 - - [07/Mar/2026:08:05:21 -0500] "GET /index.php/??u=516241884562 HTTP/2" 404 1251 "-" "meta-externalagent/1.1 (+https://developers.facebook.com/docs/sharing/webmasters/crawler)"
57.141.6.63 - - [07/Mar/2026:08:05:22 -0500] "GET /index.php/??u=227955223015 HTTP/2" 404 1251 "-" "meta-externalagent/1.1 (+https://developers.facebook.com/docs/sharing/webmasters/crawler)"
57.141.6.38 - - [07/Mar/2026:08:05:22 -0500] "GET /?u=319206111131 HTTP/2" 200 203499 "-" "meta-externalagent/1.1 (+https://developers.facebook.com/docs/sharing/webmasters/crawler)"
57.141.6.31 - - [07/Mar/2026:08:05:23 -0500] "GET /?u=447687773227 HTTP/2" 200 203499 "-" "meta-externalagent/1.1 (+https://developers.facebook.com/docs/sharing/webmasters/crawler)"
57.141.6.47 - - [07/Mar/2026:08:05:23 -0500] "GET /?u=447938181122 HTTP/2" 200 203499 "-" "meta-externalagent/1.1 (+https://developers.facebook.com/docs/sharing/webmasters/crawler)"
57.141.6.7 - - [07/Mar/2026:08:05:24 -0500] "GET /index.php/??u=552823306626 HTTP/2" 404 1251 "-" "meta-externalagent/1.1 (+https://developers.facebook.com/docs/sharing/webmasters/crawler)"
216.73.216.174 - - [07/Mar/2026:08:05:19 -0500] "GET /intall.php?fileloc=%2Fhome%2Fcoopserp%2Fpublic_html%2Fwp-admin%2Fnetwork%2Fplugin-install.php&path=%2Fhome%2Fcoopserp%2Fpublic_html%2Fwp-admin%2Fnetwork HTTP/2" 200 3038 "-" "Mozilla/5.0 AppleWebKit/537.36 (KHTML, like Gecko; compatible; ClaudeBot/1.0; +claudebot@anthropic.com)"
57.141.6.5 - - [07/Mar/2026:08:05:24 -0500] "GET /?u=531459104535 HTTP/2" 200 203499 "-" "meta-externalagent/1.1 (+https://developers.facebook.com/docs/sharing/webmasters/crawler)"
57.141.6.20 - - [07/Mar/2026:08:05:25 -0500] "GET /?u=31300813632 HTTP/2" 200 203499 "-" "meta-externalagent/1.1 (+https://developers.facebook.com/docs/sharing/webmasters/crawler)"
57.141.6.42 - - [07/Mar/2026:08:05:25 -0500] "GET /index.php/??u=97862237260 HTTP/2" 404 1251 "-" "meta-externalagent/1.1 (+https://developers.facebook.com/docs/sharing/webmasters/crawler)"
216.73.216.174 - - [07/Mar/2026:08:05:20 -0500] "GET /intall.php?fileloc=%2F%2Fvar%2Fwww%2Fhtml%2F413.shtml&path=%2F%2Fvar%2Fwww%2Fhtml HTTP/2" 200 2884 "-" "Mozilla/5.0 AppleWebKit/537.36 (KHTML, like Gecko; compatible; ClaudeBot/1.0; +claudebot@anthropic.com)"
57.141.6.18 - - [07/Mar/2026:08:05:26 -0500] "GET /?u=8184757563 HTTP/2" 200 203499 "-" "meta-externalagent/1.1 (+https://developers.facebook.com/docs/sharing/webmasters/crawler)"
57.141.6.47 - - [07/Mar/2026:08:05:26 -0500] "GET /?u=84176991909 HTTP/2" 200 203499 "-" "meta-externalagent/1.1 (+https://developers.facebook.com/docs/sharing/webmasters/crawler)"
57.141.6.34 - - [07/Mar/2026:08:05:27 -0500] "GET /index.php/??u=392553294209 HTTP/2" 404 1251 "-" "meta-externalagent/1.1 (+https://developers.facebook.com/docs/sharing/webmasters/crawler)"
57.141.6.16 - - [07/Mar/2026:08:05:27 -0500] "GET /index.php/??u=284923122978 HTTP/2" 404 1251 "-" "meta-externalagent/1.1 (+https://developers.facebook.com/docs/sharing/webmasters/crawler)"
57.141.6.66 - - [07/Mar/2026:08:05:27 -0500] "GET /?u=453695142765 HTTP/2" 200 203499 "-" "meta-externalagent/1.1 (+https://developers.facebook.com/docs/sharing/webmasters/crawler)"
57.141.6.26 - - [07/Mar/2026:08:05:28 -0500] "GET /?u=10944921693 HTTP/2" 200 203499 "-" "meta-externalagent/1.1 (+https://developers.facebook.com/docs/sharing/webmasters/crawler)"
57.141.6.67 - - [07/Mar/2026:08:05:29 -0500] "GET /?u=516722388298 HTTP/2" 200 203499 "-" "meta-externalagent/1.1 (+https://developers.facebook.com/docs/sharing/webmasters/crawler)"
57.141.6.45 - - [07/Mar/2026:08:05:29 -0500] "GET /index.php/??u=333355368581 HTTP/2" 404 1251 "-" "meta-externalagent/1.1 (+https://developers.facebook.com/docs/sharing/webmasters/crawler)"
57.141.6.8 - - [07/Mar/2026:08:05:30 -0500] "GET /index.php/??u=34785764622 HTTP/2" 404 1251 "-" "meta-externalagent/1.1 (+https://developers.facebook.com/docs/sharing/webmasters/crawler)"
57.141.6.41 - - [07/Mar/2026:08:05:30 -0500] "GET /index.php/??u=423596765508 HTTP/2" 404 1251 "-" "meta-externalagent/1.1 (+https://developers.facebook.com/docs/sharing/webmasters/crawler)"
57.141.6.22 - - [07/Mar/2026:08:05:31 -0500] "GET /?u=288682141472 HTTP/2" 200 203499 "-" "meta-externalagent/1.1 (+https://developers.facebook.com/docs/sharing/webmasters/crawler)"
57.141.6.20 - - [07/Mar/2026:08:05:31 -0500] "GET /index.php/??u=255087642496 HTTP/2" 404 1251 "-" "meta-externalagent/1.1 (+https://developers.facebook.com/docs/sharing/webmasters/crawler)"
57.141.6.19 - - [07/Mar/2026:08:05:32 -0500] "GET /index.php/??u=470864446568 HTTP/2" 404 1251 "-" "meta-externalagent/1.1 (+https://developers.facebook.com/docs/sharing/webmasters/crawler)"
57.141.6.12 - - [07/Mar/2026:08:05:32 -0500] "GET /index.php/??u=61639081452 HTTP/2" 404 1251 "-" "meta-externalagent/1.1 (+https://developers.facebook.com/docs/sharing/webmasters/crawler)"
74.7.243.241 - - [07/Mar/2026:08:05:27 -0500] "GET /intall.php?fileloc=//proc/4113603/root/lib/.build-id/49/de9c6ca6b43e8f02649a0b94bc2f5888e0ee32&path=//proc/4113603/root/lib/.build-id/49 HTTP/2" 200 8540 "https://mail.coopserpugranltda.com/intall.php?path=//proc/4113603/root/lib/.build-id/49" "Mozilla/5.0 AppleWebKit/537.36 (KHTML, like Gecko; compatible; GPTBot/1.3; +https://openai.com/gptbot)"
57.141.6.22 - - [07/Mar/2026:08:05:33 -0500] "GET /?u=413202449938 HTTP/2" 200 203499 "-" "meta-externalagent/1.1 (+https://developers.facebook.com/docs/sharing/webmasters/crawler)"
57.141.6.8 - - [07/Mar/2026:08:05:33 -0500] "GET /?u=120290203605 HTTP/2" 200 203499 "-" "meta-externalagent/1.1 (+https://developers.facebook.com/docs/sharing/webmasters/crawler)"
57.141.6.12 - - [07/Mar/2026:08:05:34 -0500] "GET /?u=130162719188 HTTP/2" 200 203499 "-" "meta-externalagent/1.1 (+https://developers.facebook.com/docs/sharing/webmasters/crawler)"
57.141.6.10 - - [07/Mar/2026:08:05:34 -0500] "GET /index.php/??u=191153092655 HTTP/2" 404 1251 "-" "meta-externalagent/1.1 (+https://developers.facebook.com/docs/sharing/webmasters/crawler)"
57.141.6.65 - - [07/Mar/2026:08:05:35 -0500] "GET /?u=96063384466 HTTP/2" 200 203499 "-" "meta-externalagent/1.1 (+https://developers.facebook.com/docs/sharing/webmasters/crawler)"
57.141.6.34 - - [07/Mar/2026:08:05:35 -0500] "GET /?u=455396256218 HTTP/2" 200 203499 "-" "meta-externalagent/1.1 (+https://developers.facebook.com/docs/sharing/webmasters/crawler)"
57.141.6.41 - - [07/Mar/2026:08:05:36 -0500] "GET /?u=231038825702 HTTP/2" 200 203499 "-" "meta-externalagent/1.1 (+https://developers.facebook.com/docs/sharing/webmasters/crawler)"
57.141.6.68 - - [07/Mar/2026:08:05:36 -0500] "GET /?u=81072347419 HTTP/2" 200 203499 "-" "meta-externalagent/1.1 (+https://developers.facebook.com/docs/sharing/webmasters/crawler)"
57.141.6.74 - - [07/Mar/2026:08:05:37 -0500] "GET /index.php/??u=263174479566 HTTP/2" 404 1251 "-" "meta-externalagent/1.1 (+https://developers.facebook.com/docs/sharing/webmasters/crawler)"
57.141.6.28 - - [07/Mar/2026:08:05:37 -0500] "GET /?u=223377101724 HTTP/2" 200 203499 "-" "meta-externalagent/1.1 (+https://developers.facebook.com/docs/sharing/webmasters/crawler)"
57.141.6.1 - - [07/Mar/2026:08:05:38 -0500] "GET /index.php/??u=397668921477 HTTP/2" 404 1251 "-" "meta-externalagent/1.1 (+https://developers.facebook.com/docs/sharing/webmasters/crawler)"
57.141.6.62 - - [07/Mar/2026:08:05:38 -0500] "GET /?u=218721772385 HTTP/2" 200 203499 "-" "meta-externalagent/1.1 (+https://developers.facebook.com/docs/sharing/webmasters/crawler)"
57.141.6.27 - - [07/Mar/2026:08:05:39 -0500] "GET /index.php/??u=3759631532 HTTP/2" 404 1251 "-" "meta-externalagent/1.1 (+https://developers.facebook.com/docs/sharing/webmasters/crawler)"
57.141.6.9 - - [07/Mar/2026:08:05:39 -0500] "GET /index.php/??u=22719079 HTTP/2" 404 1251 "-" "meta-externalagent/1.1 (+https://developers.facebook.com/docs/sharing/webmasters/crawler)"
57.141.6.10 - - [07/Mar/2026:08:05:39 -0500] "GET /?u=272438496213 HTTP/2" 200 203499 "-" "meta-externalagent/1.1 (+https://developers.facebook.com/docs/sharing/webmasters/crawler)"
57.141.6.4 - - [07/Mar/2026:08:05:40 -0500] "GET /index.php/??u=203729683630 HTTP/2" 404 1251 "-" "meta-externalagent/1.1 (+https://developers.facebook.com/docs/sharing/webmasters/crawler)"
57.141.6.15 - - [07/Mar/2026:08:05:41 -0500] "GET /index.php/??u=101380010612 HTTP/2" 404 1251 "-" "meta-externalagent/1.1 (+https://developers.facebook.com/docs/sharing/webmasters/crawler)"
57.141.6.63 - - [07/Mar/2026:08:05:41 -0500] "GET /?u=519695300158 HTTP/2" 200 203499 "-" "meta-externalagent/1.1 (+https://developers.facebook.com/docs/sharing/webmasters/crawler)"
57.141.6.31 - - [07/Mar/2026:08:05:42 -0500] "GET /index.php/??u=538349810847 HTTP/2" 404 1251 "-" "meta-externalagent/1.1 (+https://developers.facebook.com/docs/sharing/webmasters/crawler)"
74.7.243.241 - - [07/Mar/2026:08:05:37 -0500] "GET /intall.php?fileloc=//proc/4068076/root/lib/.build-id/62/9aa9f1e3357baa0b525d439b7c379c416bc8ff&path=//proc/4068076/root/lib/.build-id/62 HTTP/2" 200 7054 "https://mail.coopserpugranltda.com/intall.php?path=//proc/4068076/root/lib/.build-id/62" "Mozilla/5.0 AppleWebKit/537.36 (KHTML, like Gecko; compatible; GPTBot/1.3; +https://openai.com/gptbot)"
57.141.6.5 - - [07/Mar/2026:08:05:42 -0500] "GET /?u=169007461994 HTTP/2" 200 203499 "-" "meta-externalagent/1.1 (+https://developers.facebook.com/docs/sharing/webmasters/crawler)"
57.141.6.52 - - [07/Mar/2026:08:05:43 -0500] "GET /index.php/??u=555252735745 HTTP/2" 404 1251 "-" "meta-externalagent/1.1 (+https://developers.facebook.com/docs/sharing/webmasters/crawler)"
57.141.6.65 - - [07/Mar/2026:08:05:43 -0500] "GET /index.php/??u=180099995615 HTTP/2" 404 1251 "-" "meta-externalagent/1.1 (+https://developers.facebook.com/docs/sharing/webmasters/crawler)"
57.141.6.47 - - [07/Mar/2026:08:05:44 -0500] "GET /?u=461292734003 HTTP/2" 200 203499 "-" "meta-externalagent/1.1 (+https://developers.facebook.com/docs/sharing/webmasters/crawler)"
65.108.2.171 - - [07/Mar/2026:08:05:18 -0500] "GET /abrand.php?gzfile=L2hvbWUvY29vcHNlcnAvLnNwYW1hc3Nhc3NpbmJveGVuYWJsZQ== HTTP/1.1" 200 6558 "-" "Mozilla/5.0 (compatible; MJ12bot/v1.4.8; http://mj12bot.com/)"
57.141.6.71 - - [07/Mar/2026:08:05:44 -0500] "GET /?u=250057901644 HTTP/2" 200 203499 "-" "meta-externalagent/1.1 (+https://developers.facebook.com/docs/sharing/webmasters/crawler)"
57.141.6.69 - - [07/Mar/2026:08:05:45 -0500] "GET /index.php/??u=517372483140 HTTP/2" 404 1251 "-" "meta-externalagent/1.1 (+https://developers.facebook.com/docs/sharing/webmasters/crawler)"
57.141.6.73 - - [07/Mar/2026:08:05:45 -0500] "GET /index.php/??u=491861916091 HTTP/2" 404 1251 "-" "meta-externalagent/1.1 (+https://developers.facebook.com/docs/sharing/webmasters/crawler)"
57.141.6.37 - - [07/Mar/2026:08:05:46 -0500] "GET /?u=430675229837 HTTP/2" 200 203499 "-" "meta-externalagent/1.1 (+https://developers.facebook.com/docs/sharing/webmasters/crawler)"
57.141.6.3 - - [07/Mar/2026:08:05:46 -0500] "GET /?u=189208769772 HTTP/2" 200 203499 "-" "meta-externalagent/1.1 (+https://developers.facebook.com/docs/sharing/webmasters/crawler)"
57.141.6.29 - - [07/Mar/2026:08:05:46 -0500] "GET /?u=163694536024 HTTP/2" 200 203499 "-" "meta-externalagent/1.1 (+https://developers.facebook.com/docs/sharing/webmasters/crawler)"
57.141.6.10 - - [07/Mar/2026:08:05:47 -0500] "GET /index.php/??u=427705197951 HTTP/2" 404 1251 "-" "meta-externalagent/1.1 (+https://developers.facebook.com/docs/sharing/webmasters/crawler)"
57.141.6.50 - - [07/Mar/2026:08:05:48 -0500] "GET /index.php/??u=326545914320 HTTP/2" 404 1251 "-" "meta-externalagent/1.1 (+https://developers.facebook.com/docs/sharing/webmasters/crawler)"
57.141.6.53 - - [07/Mar/2026:08:05:48 -0500] "GET /index.php/??u=516765920159 HTTP/2" 404 1251 "-" "meta-externalagent/1.1 (+https://developers.facebook.com/docs/sharing/webmasters/crawler)"
57.141.6.41 - - [07/Mar/2026:08:05:49 -0500] "GET /?u=175525251551 HTTP/2" 200 203499 "-" "meta-externalagent/1.1 (+https://developers.facebook.com/docs/sharing/webmasters/crawler)"
57.141.6.26 - - [07/Mar/2026:08:05:49 -0500] "GET /?u=251084833514 HTTP/2" 200 203499 "-" "meta-externalagent/1.1 (+https://developers.facebook.com/docs/sharing/webmasters/crawler)"
57.141.6.44 - - [07/Mar/2026:08:05:50 -0500] "GET /?u=314550505019 HTTP/2" 200 203499 "-" "meta-externalagent/1.1 (+https://developers.facebook.com/docs/sharing/webmasters/crawler)"
57.141.6.4 - - [07/Mar/2026:08:05:50 -0500] "GET /?u=316311944564 HTTP/2" 200 203499 "-" "meta-externalagent/1.1 (+https://developers.facebook.com/docs/sharing/webmasters/crawler)"
57.141.6.16 - - [07/Mar/2026:08:05:51 -0500] "GET /index.php/??u=198589070230 HTTP/2" 404 1251 "-" "meta-externalagent/1.1 (+https://developers.facebook.com/docs/sharing/webmasters/crawler)"
57.141.6.37 - - [07/Mar/2026:08:05:51 -0500] "GET /index.php/??u=215240788453 HTTP/2" 404 1251 "-" "meta-externalagent/1.1 (+https://developers.facebook.com/docs/sharing/webmasters/crawler)"
57.141.6.19 - - [07/Mar/2026:08:05:51 -0500] "GET /?u=566217404426 HTTP/2" 200 203499 "-" "meta-externalagent/1.1 (+https://developers.facebook.com/docs/sharing/webmasters/crawler)"
57.141.6.71 - - [07/Mar/2026:08:05:52 -0500] "GET /index.php/??u=77710413684 HTTP/2" 404 1251 "-" "meta-externalagent/1.1 (+https://developers.facebook.com/docs/sharing/webmasters/crawler)"
57.141.6.43 - - [07/Mar/2026:08:05:53 -0500] "GET /?u=490847171302 HTTP/2" 200 203499 "-" "meta-externalagent/1.1 (+https://developers.facebook.com/docs/sharing/webmasters/crawler)"
57.141.6.63 - - [07/Mar/2026:08:05:53 -0500] "GET /index.php/??u=103310785415 HTTP/2" 404 1251 "-" "meta-externalagent/1.1 (+https://developers.facebook.com/docs/sharing/webmasters/crawler)"
57.141.6.45 - - [07/Mar/2026:08:05:53 -0500] "GET /index.php/??u=259682227413 HTTP/2" 404 1251 "-" "meta-externalagent/1.1 (+https://developers.facebook.com/docs/sharing/webmasters/crawler)"
57.141.6.32 - - [07/Mar/2026:08:05:54 -0500] "GET /?u=131404019673 HTTP/2" 200 203499 "-" "meta-externalagent/1.1 (+https://developers.facebook.com/docs/sharing/webmasters/crawler)"
57.141.6.1 - - [07/Mar/2026:08:05:55 -0500] "GET /index.php/??u=216473888378 HTTP/2" 404 1251 "-" "meta-externalagent/1.1 (+https://developers.facebook.com/docs/sharing/webmasters/crawler)"
57.141.6.63 - - [07/Mar/2026:08:05:55 -0500] "GET /index.php/??u=364409470194 HTTP/2" 404 1251 "-" "meta-externalagent/1.1 (+https://developers.facebook.com/docs/sharing/webmasters/crawler)"
57.141.6.21 - - [07/Mar/2026:08:05:56 -0500] "GET /index.php/??u=44690243390 HTTP/2" 404 1251 "-" "meta-externalagent/1.1 (+https://developers.facebook.com/docs/sharing/webmasters/crawler)"
74.7.243.241 - - [07/Mar/2026:08:05:46 -0500] "GET /intall.php?fileloc=//proc/3126627/root/lib/.build-id/35/fb2b6fd19c09a1cd6cb47e1d1711f8793ba855&path=//proc/3126627/root/lib/.build-id/35 HTTP/2" 200 16073 "https://mail.coopserpugranltda.com/intall.php?path=//proc/3126627/root/lib/.build-id/35" "Mozilla/5.0 AppleWebKit/537.36 (KHTML, like Gecko; compatible; GPTBot/1.3; +https://openai.com/gptbot)"
57.141.6.66 - - [07/Mar/2026:08:05:56 -0500] "GET /?u=339915798589 HTTP/2" 200 203499 "-" "meta-externalagent/1.1 (+https://developers.facebook.com/docs/sharing/webmasters/crawler)"
57.141.6.26 - - [07/Mar/2026:08:05:57 -0500] "GET /?u=37533103899 HTTP/2" 200 203499 "-" "meta-externalagent/1.1 (+https://developers.facebook.com/docs/sharing/webmasters/crawler)"
57.141.6.36 - - [07/Mar/2026:08:05:57 -0500] "GET /?u=555386909011 HTTP/2" 200 203499 "-" "meta-externalagent/1.1 (+https://developers.facebook.com/docs/sharing/webmasters/crawler)"
57.141.6.19 - - [07/Mar/2026:08:05:58 -0500] "GET /?u=379601987614 HTTP/2" 200 203499 "-" "meta-externalagent/1.1 (+https://developers.facebook.com/docs/sharing/webmasters/crawler)"
57.141.6.24 - - [07/Mar/2026:08:05:58 -0500] "GET /?u=428946433757 HTTP/2" 200 203499 "-" "meta-externalagent/1.1 (+https://developers.facebook.com/docs/sharing/webmasters/crawler)"
57.141.6.74 - - [07/Mar/2026:08:05:59 -0500] "GET /?u=183749041209 HTTP/2" 200 203499 "-" "meta-externalagent/1.1 (+https://developers.facebook.com/docs/sharing/webmasters/crawler)"
57.141.6.42 - - [07/Mar/2026:08:05:59 -0500] "GET /?u=452344442359 HTTP/2" 200 203499 "-" "meta-externalagent/1.1 (+https://developers.facebook.com/docs/sharing/webmasters/crawler)"
57.141.6.65 - - [07/Mar/2026:08:06:00 -0500] "GET /?u=83098896457 HTTP/2" 200 203499 "-" "meta-externalagent/1.1 (+https://developers.facebook.com/docs/sharing/webmasters/crawler)"
57.141.6.6 - - [07/Mar/2026:08:06:00 -0500] "GET /index.php/??u=341776624775 HTTP/2" 404 1251 "-" "meta-externalagent/1.1 (+https://developers.facebook.com/docs/sharing/webmasters/crawler)"
57.141.6.49 - - [07/Mar/2026:08:06:00 -0500] "GET /?u=257866052087 HTTP/2" 200 203499 "-" "meta-externalagent/1.1 (+https://developers.facebook.com/docs/sharing/webmasters/crawler)"
57.141.6.66 - - [07/Mar/2026:08:06:02 -0500] "GET /index.php/??u=308738094713 HTTP/2" 404 1251 "-" "meta-externalagent/1.1 (+https://developers.facebook.com/docs/sharing/webmasters/crawler)"
57.141.6.26 - - [07/Mar/2026:08:06:02 -0500] "GET /?u=3762990462 HTTP/2" 200 203499 "-" "meta-externalagent/1.1 (+https://developers.facebook.com/docs/sharing/webmasters/crawler)"
74.7.243.241 - - [07/Mar/2026:08:05:57 -0500] "GET /intall.php?fileloc=//proc/3126627/root/lib/.build-id/35/71a7eefbeca900d4c956b9574e589f5b9e594f&path=//proc/3126627/root/lib/.build-id/35 HTTP/2" 200 9795 "https://mail.coopserpugranltda.com/intall.php?path=//proc/3126627/root/lib/.build-id/35" "Mozilla/5.0 AppleWebKit/537.36 (KHTML, like Gecko; compatible; GPTBot/1.3; +https://openai.com/gptbot)"
57.141.6.33 - - [07/Mar/2026:08:06:02 -0500] "GET /index.php/??u=347731551790 HTTP/2" 404 1251 "-" "meta-externalagent/1.1 (+https://developers.facebook.com/docs/sharing/webmasters/crawler)"
57.141.6.71 - - [07/Mar/2026:08:06:03 -0500] "GET /?u=109106805623 HTTP/2" 200 203499 "-" "meta-externalagent/1.1 (+https://developers.facebook.com/docs/sharing/webmasters/crawler)"
57.141.6.28 - - [07/Mar/2026:08:06:03 -0500] "GET /index.php/??u=297085817124 HTTP/2" 404 1251 "-" "meta-externalagent/1.1 (+https://developers.facebook.com/docs/sharing/webmasters/crawler)"
216.73.216.174 - - [07/Mar/2026:08:05:53 -0500] "GET /intall.php?path=%2Fhome%2Fcoopserp%2Fpublic_html%2Fwp-content%2Fthemes%2Ftwentytwentythree%2Ftemplates HTTP/2" 200 1744 "-" "Mozilla/5.0 AppleWebKit/537.36 (KHTML, like Gecko; compatible; ClaudeBot/1.0; +claudebot@anthropic.com)"
57.141.6.28 - - [07/Mar/2026:08:06:04 -0500] "GET /?u=253931668407 HTTP/2" 200 203499 "-" "meta-externalagent/1.1 (+https://developers.facebook.com/docs/sharing/webmasters/crawler)"
57.141.6.62 - - [07/Mar/2026:08:06:04 -0500] "GET /?u=241122621262 HTTP/2" 200 203499 "-" "meta-externalagent/1.1 (+https://developers.facebook.com/docs/sharing/webmasters/crawler)"
57.141.6.31 - - [07/Mar/2026:08:06:05 -0500] "GET /?u=104741275538 HTTP/2" 200 203499 "-" "meta-externalagent/1.1 (+https://developers.facebook.com/docs/sharing/webmasters/crawler)"
57.141.6.49 - - [07/Mar/2026:08:06:05 -0500] "GET /?u=194043463249 HTTP/2" 200 203499 "-" "meta-externalagent/1.1 (+https://developers.facebook.com/docs/sharing/webmasters/crawler)"
57.141.6.4 - - [07/Mar/2026:08:06:06 -0500] "GET /?u=255746332120 HTTP/2" 200 203499 "-" "meta-externalagent/1.1 (+https://developers.facebook.com/docs/sharing/webmasters/crawler)"
57.141.6.61 - - [07/Mar/2026:08:06:06 -0500] "GET /index.php/??u=564098636436 HTTP/2" 404 1251 "-" "meta-externalagent/1.1 (+https://developers.facebook.com/docs/sharing/webmasters/crawler)"
57.141.6.38 - - [07/Mar/2026:08:06:07 -0500] "GET /?u=286197063619 HTTP/2" 200 203499 "-" "meta-externalagent/1.1 (+https://developers.facebook.com/docs/sharing/webmasters/crawler)"
57.141.6.71 - - [07/Mar/2026:08:06:07 -0500] "GET /index.php/??u=513170511895 HTTP/2" 404 1251 "-" "meta-externalagent/1.1 (+https://developers.facebook.com/docs/sharing/webmasters/crawler)"
57.141.6.29 - - [07/Mar/2026:08:06:07 -0500] "GET /index.php/??u=416609461114 HTTP/2" 404 1251 "-" "meta-externalagent/1.1 (+https://developers.facebook.com/docs/sharing/webmasters/crawler)"
57.141.6.29 - - [07/Mar/2026:08:06:08 -0500] "GET /index.php/??u=117119766889 HTTP/2" 404 1251 "-" "meta-externalagent/1.1 (+https://developers.facebook.com/docs/sharing/webmasters/crawler)"
74.7.243.241 - - [07/Mar/2026:08:06:03 -0500] "GET /intall.php?fileloc=//proc/3126627/root/lib/.build-id/02/616ebc07e477fa934e4f58c03e9e96aed64a1b&path=//proc/3126627/root/lib/.build-id/02 HTTP/2" 200 28266 "https://mail.coopserpugranltda.com/intall.php?path=//proc/3126627/root/lib/.build-id/02" "Mozilla/5.0 AppleWebKit/537.36 (KHTML, like Gecko; compatible; GPTBot/1.3; +https://openai.com/gptbot)"
57.141.6.62 - - [07/Mar/2026:08:06:09 -0500] "GET /?u=504239101718 HTTP/2" 200 203499 "-" "meta-externalagent/1.1 (+https://developers.facebook.com/docs/sharing/webmasters/crawler)"
57.141.6.37 - - [07/Mar/2026:08:06:10 -0500] "GET /index.php/??u=376546925523 HTTP/2" 404 1251 "-" "meta-externalagent/1.1 (+https://developers.facebook.com/docs/sharing/webmasters/crawler)"
57.141.6.11 - - [07/Mar/2026:08:06:11 -0500] "GET /index.php/??u=37363411437 HTTP/2" 404 1251 "-" "meta-externalagent/1.1 (+https://developers.facebook.com/docs/sharing/webmasters/crawler)"
65.108.2.171 - - [07/Mar/2026:08:05:46 -0500] "GET /abrand.php?gzfile=L2hvbWUvY29vcHNlcnAvLnNwYW1hc3Nhc3NpbmVuYWJsZQ== HTTP/1.1" 200 6558 "-" "Mozilla/5.0 (compatible; MJ12bot/v1.4.8; http://mj12bot.com/)"
57.141.6.23 - - [07/Mar/2026:08:06:11 -0500] "GET /?u=458284581824 HTTP/2" 200 203499 "-" "meta-externalagent/1.1 (+https://developers.facebook.com/docs/sharing/webmasters/crawler)"
57.141.6.20 - - [07/Mar/2026:08:06:10 -0500] "GET /?u=570935881788 HTTP/2" 200 203499 "-" "meta-externalagent/1.1 (+https://developers.facebook.com/docs/sharing/webmasters/crawler)"
57.141.6.5 - - [07/Mar/2026:08:06:10 -0500] "GET /?u=508838573487 HTTP/2" 200 203499 "-" "meta-externalagent/1.1 (+https://developers.facebook.com/docs/sharing/webmasters/crawler)"
57.141.6.31 - - [07/Mar/2026:08:06:12 -0500] "GET /?u=172623013786 HTTP/2" 200 203499 "-" "meta-externalagent/1.1 (+https://developers.facebook.com/docs/sharing/webmasters/crawler)"
57.141.6.27 - - [07/Mar/2026:08:06:12 -0500] "GET /?u=45511634458 HTTP/2" 200 203499 "-" "meta-externalagent/1.1 (+https://developers.facebook.com/docs/sharing/webmasters/crawler)"
57.141.6.51 - - [07/Mar/2026:08:06:13 -0500] "GET /index.php/??u=297917188338 HTTP/2" 404 1251 "-" "meta-externalagent/1.1 (+https://developers.facebook.com/docs/sharing/webmasters/crawler)"
57.141.6.3 - - [07/Mar/2026:08:06:13 -0500] "GET /index.php/??u=31733843884 HTTP/2" 404 1251 "-" "meta-externalagent/1.1 (+https://developers.facebook.com/docs/sharing/webmasters/crawler)"
216.73.216.174 - - [07/Mar/2026:08:06:04 -0500] "GET /intall.php?fileloc=%2Fhome%2Fcoopserp%2Fpublic_html%2Fwp-content%2Fplugins%2Fsiteseo%2Ffunctions.php&path=%2Fhome%2Fcoopserp%2Fpublic_html%2Fwp-content%2Fplugins%2Fsiteseo HTTP/2" 200 1744 "-" "Mozilla/5.0 AppleWebKit/537.36 (KHTML, like Gecko; compatible; ClaudeBot/1.0; +claudebot@anthropic.com)"
57.141.6.23 - - [07/Mar/2026:08:06:14 -0500] "GET /index.php/??u=5037530764 HTTP/2" 404 1251 "-" "meta-externalagent/1.1 (+https://developers.facebook.com/docs/sharing/webmasters/crawler)"
57.141.6.54 - - [07/Mar/2026:08:06:14 -0500] "GET /?u=301316692056 HTTP/2" 200 203499 "-" "meta-externalagent/1.1 (+https://developers.facebook.com/docs/sharing/webmasters/crawler)"
57.141.6.32 - - [07/Mar/2026:08:06:15 -0500] "GET /?u=395496662663 HTTP/2" 200 203499 "-" "meta-externalagent/1.1 (+https://developers.facebook.com/docs/sharing/webmasters/crawler)"
57.141.6.45 - - [07/Mar/2026:08:06:15 -0500] "GET /index.php/??u=168241814560 HTTP/2" 404 1251 "-" "meta-externalagent/1.1 (+https://developers.facebook.com/docs/sharing/webmasters/crawler)"
57.141.6.53 - - [07/Mar/2026:08:06:15 -0500] "GET /?u=500411459870 HTTP/2" 200 203499 "-" "meta-externalagent/1.1 (+https://developers.facebook.com/docs/sharing/webmasters/crawler)"
57.141.6.23 - - [07/Mar/2026:08:06:16 -0500] "GET /?u=552621255545 HTTP/2" 200 203499 "-" "meta-externalagent/1.1 (+https://developers.facebook.com/docs/sharing/webmasters/crawler)"
74.7.243.241 - - [07/Mar/2026:08:06:10 -0500] "GET /intall.php?fileloc=//proc/4068076/root/lib/.build-id/98/fb5fc1b46537d43f5420a9f1a2b3711f9fc1bf&path=//proc/4068076/root/lib/.build-id/98 HTTP/2" 200 15153 "https://mail.coopserpugranltda.com/intall.php?path=//proc/4068076/root/lib/.build-id/98" "Mozilla/5.0 AppleWebKit/537.36 (KHTML, like Gecko; compatible; GPTBot/1.3; +https://openai.com/gptbot)"
57.141.6.28 - - [07/Mar/2026:08:06:16 -0500] "GET /?u=301972115762 HTTP/2" 200 203499 "-" "meta-externalagent/1.1 (+https://developers.facebook.com/docs/sharing/webmasters/crawler)"
57.141.6.61 - - [07/Mar/2026:08:06:17 -0500] "GET /index.php/??u=390328816603 HTTP/2" 404 1251 "-" "meta-externalagent/1.1 (+https://developers.facebook.com/docs/sharing/webmasters/crawler)"
57.141.6.5 - - [07/Mar/2026:08:06:18 -0500] "GET /index.php/??u=291745975902 HTTP/2" 404 1251 "-" "meta-externalagent/1.1 (+https://developers.facebook.com/docs/sharing/webmasters/crawler)"
57.141.6.20 - - [07/Mar/2026:08:06:18 -0500] "GET /index.php/??u=537964965924 HTTP/2" 404 1251 "-" "meta-externalagent/1.1 (+https://developers.facebook.com/docs/sharing/webmasters/crawler)"
57.141.6.24 - - [07/Mar/2026:08:06:19 -0500] "GET /index.php/??u=463644286510 HTTP/2" 404 1251 "-" "meta-externalagent/1.1 (+https://developers.facebook.com/docs/sharing/webmasters/crawler)"
57.141.6.2 - - [07/Mar/2026:08:06:19 -0500] "GET /index.php/??u=276269381590 HTTP/2" 404 1251 "-" "meta-externalagent/1.1 (+https://developers.facebook.com/docs/sharing/webmasters/crawler)"
57.141.6.65 - - [07/Mar/2026:08:06:19 -0500] "GET /?u=239301751090 HTTP/2" 200 203499 "-" "meta-externalagent/1.1 (+https://developers.facebook.com/docs/sharing/webmasters/crawler)"
57.141.6.48 - - [07/Mar/2026:08:06:20 -0500] "GET /index.php/??u=561311179971 HTTP/2" 404 1251 "-" "meta-externalagent/1.1 (+https://developers.facebook.com/docs/sharing/webmasters/crawler)"
57.141.6.35 - - [07/Mar/2026:08:06:21 -0500] "GET /index.php/??u=106127200419 HTTP/2" 404 1251 "-" "meta-externalagent/1.1 (+https://developers.facebook.com/docs/sharing/webmasters/crawler)"
216.73.216.174 - - [07/Mar/2026:08:06:15 -0500] "GET /intall.php?fileloc=%2Fhome%2Fcoopserp%2Fpublic_html%2Fwp-content%2Fplugins%2Fsiteseo-pro%2Fsiteseo-pro.php&path=%2Fhome%2Fcoopserp%2Fpublic_html%2Fwp-content%2Fplugins%2Fsiteseo-pro HTTP/2" 200 4824 "-" "Mozilla/5.0 AppleWebKit/537.36 (KHTML, like Gecko; compatible; ClaudeBot/1.0; +claudebot@anthropic.com)"
57.141.6.15 - - [07/Mar/2026:08:06:21 -0500] "GET /?u=178607337175 HTTP/2" 200 203499 "-" "meta-externalagent/1.1 (+https://developers.facebook.com/docs/sharing/webmasters/crawler)"
57.141.6.2 - - [07/Mar/2026:08:06:22 -0500] "GET /?u=444414310990 HTTP/2" 200 203499 "-" "meta-externalagent/1.1 (+https://developers.facebook.com/docs/sharing/webmasters/crawler)"
57.141.6.44 - - [07/Mar/2026:08:06:22 -0500] "GET /index.php/??u=78763099011 HTTP/2" 404 1251 "-" "meta-externalagent/1.1 (+https://developers.facebook.com/docs/sharing/webmasters/crawler)"
57.141.6.60 - - [07/Mar/2026:08:06:23 -0500] "GET /?u=240950892373 HTTP/2" 200 203499 "-" "meta-externalagent/1.1 (+https://developers.facebook.com/docs/sharing/webmasters/crawler)"
57.141.6.42 - - [07/Mar/2026:08:06:23 -0500] "GET /?u=269207856472 HTTP/2" 200 203499 "-" "meta-externalagent/1.1 (+https://developers.facebook.com/docs/sharing/webmasters/crawler)"
57.141.6.1 - - [07/Mar/2026:08:06:24 -0500] "GET /?u=224092898726 HTTP/2" 200 203499 "-" "meta-externalagent/1.1 (+https://developers.facebook.com/docs/sharing/webmasters/crawler)"
57.141.6.3 - - [07/Mar/2026:08:06:24 -0500] "GET /?u=460796351216 HTTP/2" 200 203737 "-" "meta-externalagent/1.1 (+https://developers.facebook.com/docs/sharing/webmasters/crawler)"
57.141.6.49 - - [07/Mar/2026:08:06:25 -0500] "GET /index.php/??u=364279402609 HTTP/2" 404 1251 "-" "meta-externalagent/1.1 (+https://developers.facebook.com/docs/sharing/webmasters/crawler)"
216.73.216.174 - - [07/Mar/2026:08:06:15 -0500] "GET /intall.php?fileloc=%2Fhome%2Fcoopserp%2Fpublic_html%2Fwp-content%2Fplugins%2Fchaty%2Fviews%2Fwidget.php&path=%2Fhome%2Fcoopserp%2Fpublic_html%2Fwp-content%2Fplugins%2Fchaty%2Fviews HTTP/2" 200 1744 "-" "Mozilla/5.0 AppleWebKit/537.36 (KHTML, like Gecko; compatible; ClaudeBot/1.0; +claudebot@anthropic.com)"
57.141.6.21 - - [07/Mar/2026:08:06:25 -0500] "GET /?u=16839354895 HTTP/2" 200 203737 "-" "meta-externalagent/1.1 (+https://developers.facebook.com/docs/sharing/webmasters/crawler)"
57.141.6.13 - - [07/Mar/2026:08:06:26 -0500] "GET /?u=470856440307 HTTP/2" 200 203737 "-" "meta-externalagent/1.1 (+https://developers.facebook.com/docs/sharing/webmasters/crawler)"
57.141.6.3 - - [07/Mar/2026:08:06:26 -0500] "GET /index.php/??u=376910849763 HTTP/2" 404 1251 "-" "meta-externalagent/1.1 (+https://developers.facebook.com/docs/sharing/webmasters/crawler)"
216.73.216.174 - - [07/Mar/2026:08:06:21 -0500] "GET /intall.php?fileloc=%2Fhome%2Fcoopserp%2Fpublic_html%2Fwp-content%2Fthemes%2Fcomponent.php&path=%2Fhome%2Fcoopserp%2Fpublic_html%2Fwp-content%2Fthemes HTTP/2" 200 2787 "-" "Mozilla/5.0 AppleWebKit/537.36 (KHTML, like Gecko; compatible; ClaudeBot/1.0; +claudebot@anthropic.com)"
57.141.6.59 - - [07/Mar/2026:08:06:27 -0500] "GET /?u=355504185181 HTTP/2" 200 203737 "-" "meta-externalagent/1.1 (+https://developers.facebook.com/docs/sharing/webmasters/crawler)"
57.141.6.36 - - [07/Mar/2026:08:06:27 -0500] "GET /index.php/??u=522953428793 HTTP/2" 404 1251 "-" "meta-externalagent/1.1 (+https://developers.facebook.com/docs/sharing/webmasters/crawler)"
57.141.6.10 - - [07/Mar/2026:08:06:28 -0500] "GET /index.php/??u=112131438486 HTTP/2" 404 1251 "-" "meta-externalagent/1.1 (+https://developers.facebook.com/docs/sharing/webmasters/crawler)"
57.141.6.38 - - [07/Mar/2026:08:06:28 -0500] "GET /?u=547564825857 HTTP/2" 200 203737 "-" "meta-externalagent/1.1 (+https://developers.facebook.com/docs/sharing/webmasters/crawler)"
57.141.6.3 - - [07/Mar/2026:08:06:29 -0500] "GET /index.php/??u=219413410666 HTTP/2" 404 1251 "-" "meta-externalagent/1.1 (+https://developers.facebook.com/docs/sharing/webmasters/crawler)"
57.141.6.11 - - [07/Mar/2026:08:06:29 -0500] "GET /index.php/??u=534097175996 HTTP/2" 404 1251 "-" "meta-externalagent/1.1 (+https://developers.facebook.com/docs/sharing/webmasters/crawler)"
57.141.6.5 - - [07/Mar/2026:08:06:30 -0500] "GET /?u=439666852635 HTTP/2" 200 203737 "-" "meta-externalagent/1.1 (+https://developers.facebook.com/docs/sharing/webmasters/crawler)"
57.141.6.8 - - [07/Mar/2026:08:06:30 -0500] "GET /?u=105334238167 HTTP/2" 200 203737 "-" "meta-externalagent/1.1 (+https://developers.facebook.com/docs/sharing/webmasters/crawler)"
57.141.6.53 - - [07/Mar/2026:08:06:31 -0500] "GET /index.php/??u=573314875458 HTTP/2" 404 1251 "-" "meta-externalagent/1.1 (+https://developers.facebook.com/docs/sharing/webmasters/crawler)"
57.141.6.43 - - [07/Mar/2026:08:06:31 -0500] "GET /index.php/??u=208608381528 HTTP/2" 404 1251 "-" "meta-externalagent/1.1 (+https://developers.facebook.com/docs/sharing/webmasters/crawler)"
57.141.6.34 - - [07/Mar/2026:08:06:32 -0500] "GET /?u=509506575016 HTTP/2" 200 203737 "-" "meta-externalagent/1.1 (+https://developers.facebook.com/docs/sharing/webmasters/crawler)"
216.73.216.174 - - [07/Mar/2026:08:06:27 -0500] "GET /intall.php?path=%2Fhome%2Fcoopserp%2Fpublic_html%2Fwp-content%2Fthemes%2Ftwentytwentythree%2Fassets HTTP/2" 200 3102 "-" "Mozilla/5.0 AppleWebKit/537.36 (KHTML, like Gecko; compatible; ClaudeBot/1.0; +claudebot@anthropic.com)"
57.141.6.60 - - [07/Mar/2026:08:06:32 -0500] "GET /?u=345286416246 HTTP/2" 200 203737 "-" "meta-externalagent/1.1 (+https://developers.facebook.com/docs/sharing/webmasters/crawler)"
74.7.243.241 - - [07/Mar/2026:08:06:17 -0500] "GET /intall.php?fileloc=//proc/4068076/root/lib/.build-id/62/8a730db3a8f27af17ef598394a15a0bb1e13dc&path=//proc/4068076/root/lib/.build-id/62 HTTP/2" 200 9485 "https://mail.coopserpugranltda.com/intall.php?path=//proc/4068076/root/lib/.build-id/62" "Mozilla/5.0 AppleWebKit/537.36 (KHTML, like Gecko; compatible; GPTBot/1.3; +https://openai.com/gptbot)"
57.141.6.4 - - [07/Mar/2026:08:06:33 -0500] "GET /index.php/??u=121806118258 HTTP/2" 404 1251 "-" "meta-externalagent/1.1 (+https://developers.facebook.com/docs/sharing/webmasters/crawler)"
57.141.6.3 - - [07/Mar/2026:08:06:33 -0500] "GET /index.php/??u=206214367419 HTTP/2" 404 1251 "-" "meta-externalagent/1.1 (+https://developers.facebook.com/docs/sharing/webmasters/crawler)"
57.141.6.29 - - [07/Mar/2026:08:06:33 -0500] "GET /?u=568391051003 HTTP/2" 200 203737 "-" "meta-externalagent/1.1 (+https://developers.facebook.com/docs/sharing/webmasters/crawler)"
57.141.6.13 - - [07/Mar/2026:08:06:34 -0500] "GET /?u=399973073042 HTTP/2" 200 203737 "-" "meta-externalagent/1.1 (+https://developers.facebook.com/docs/sharing/webmasters/crawler)"
57.141.6.7 - - [07/Mar/2026:08:06:35 -0500] "GET /index.php/??u=253207648593 HTTP/2" 404 1251 "-" "meta-externalagent/1.1 (+https://developers.facebook.com/docs/sharing/webmasters/crawler)"
57.141.6.34 - - [07/Mar/2026:08:06:35 -0500] "GET /index.php/??u=52037658156 HTTP/2" 404 1251 "-" "meta-externalagent/1.1 (+https://developers.facebook.com/docs/sharing/webmasters/crawler)"
216.73.216.174 - - [07/Mar/2026:08:06:29 -0500] "GET /intall.php?fileloc=%2F%2Fvar%2Fwww%2Fhtml%2Fcopias.tar.gz&path=%2F%2Fvar%2Fwww%2Fhtml HTTP/2" 200 10421991 "-" "Mozilla/5.0 AppleWebKit/537.36 (KHTML, like Gecko; compatible; ClaudeBot/1.0; +claudebot@anthropic.com)"
57.141.6.33 - - [07/Mar/2026:08:06:36 -0500] "GET /index.php/??u=465364786011 HTTP/2" 404 1251 "-" "meta-externalagent/1.1 (+https://developers.facebook.com/docs/sharing/webmasters/crawler)"
57.141.6.26 - - [07/Mar/2026:08:06:36 -0500] "GET /?u=498783834915 HTTP/2" 200 203737 "-" "meta-externalagent/1.1 (+https://developers.facebook.com/docs/sharing/webmasters/crawler)"
57.141.6.23 - - [07/Mar/2026:08:06:37 -0500] "GET /?u=411805437250 HTTP/2" 200 203737 "-" "meta-externalagent/1.1 (+https://developers.facebook.com/docs/sharing/webmasters/crawler)"
57.141.6.29 - - [07/Mar/2026:08:06:37 -0500] "GET /index.php/??u=527923578616 HTTP/2" 404 1251 "-" "meta-externalagent/1.1 (+https://developers.facebook.com/docs/sharing/webmasters/crawler)"
57.141.6.6 - - [07/Mar/2026:08:06:38 -0500] "GET /?u=164588228960 HTTP/2" 200 203737 "-" "meta-externalagent/1.1 (+https://developers.facebook.com/docs/sharing/webmasters/crawler)"
74.7.243.241 - - [07/Mar/2026:08:06:33 -0500] "GET /intall.php?fileloc=//proc/3126627/root/lib/.build-id/01/243fe9db58fd580699dcd31385ebd4145adca7&path=//proc/3126627/root/lib/.build-id/01 HTTP/2" 200 7635 "https://mail.coopserpugranltda.com/intall.php?path=//proc/3126627/root/lib/.build-id/01" "Mozilla/5.0 AppleWebKit/537.36 (KHTML, like Gecko; compatible; GPTBot/1.3; +https://openai.com/gptbot)"
57.141.6.53 - - [07/Mar/2026:08:06:38 -0500] "GET /index.php/??u=514624434833 HTTP/2" 404 1251 "-" "meta-externalagent/1.1 (+https://developers.facebook.com/docs/sharing/webmasters/crawler)"
57.141.6.23 - - [07/Mar/2026:08:06:39 -0500] "GET /?u=218797212612 HTTP/2" 200 203737 "-" "meta-externalagent/1.1 (+https://developers.facebook.com/docs/sharing/webmasters/crawler)"
57.141.6.61 - - [07/Mar/2026:08:06:39 -0500] "GET /?u=413439048668 HTTP/2" 200 203737 "-" "meta-externalagent/1.1 (+https://developers.facebook.com/docs/sharing/webmasters/crawler)"
57.141.6.65 - - [07/Mar/2026:08:06:40 -0500] "GET /index.php/??u=52932328942 HTTP/2" 404 1251 "-" "meta-externalagent/1.1 (+https://developers.facebook.com/docs/sharing/webmasters/crawler)"
57.141.6.37 - - [07/Mar/2026:08:06:40 -0500] "GET /index.php/??u=112653893490 HTTP/2" 404 1251 "-" "meta-externalagent/1.1 (+https://developers.facebook.com/docs/sharing/webmasters/crawler)"
57.141.6.45 - - [07/Mar/2026:08:06:41 -0500] "GET /?u=461416092515 HTTP/2" 200 203737 "-" "meta-externalagent/1.1 (+https://developers.facebook.com/docs/sharing/webmasters/crawler)"
57.141.6.31 - - [07/Mar/2026:08:06:41 -0500] "GET /?u=567614318196 HTTP/2" 200 203737 "-" "meta-externalagent/1.1 (+https://developers.facebook.com/docs/sharing/webmasters/crawler)"
57.141.6.7 - - [07/Mar/2026:08:06:42 -0500] "GET /index.php/??u=480580355945 HTTP/2" 404 1251 "-" "meta-externalagent/1.1 (+https://developers.facebook.com/docs/sharing/webmasters/crawler)"
57.141.6.60 - - [07/Mar/2026:08:06:42 -0500] "GET /?u=46416921442 HTTP/2" 200 203737 "-" "meta-externalagent/1.1 (+https://developers.facebook.com/docs/sharing/webmasters/crawler)"
216.73.216.174 - - [07/Mar/2026:08:06:37 -0500] "GET /intall.php?fileloc=%2Fhome%2Fcoopserp%2Fpublic_html%2Fwp-content%2Fplugins%2Fbackuply-pro%2Fbackuply-pro.php&path=%2Fhome%2Fcoopserp%2Fpublic_html%2Fwp-content%2Fplugins%2Fbackuply-pro HTTP/2" 200 4191 "-" "Mozilla/5.0 AppleWebKit/537.36 (KHTML, like Gecko; compatible; ClaudeBot/1.0; +claudebot@anthropic.com)"
57.141.6.70 - - [07/Mar/2026:08:06:43 -0500] "GET /index.php/??u=392259059574 HTTP/2" 404 1251 "-" "meta-externalagent/1.1 (+https://developers.facebook.com/docs/sharing/webmasters/crawler)"
57.141.6.42 - - [07/Mar/2026:08:06:43 -0500] "GET /index.php/??u=42223071519 HTTP/2" 404 1251 "-" "meta-externalagent/1.1 (+https://developers.facebook.com/docs/sharing/webmasters/crawler)"
57.141.6.39 - - [07/Mar/2026:08:06:44 -0500] "GET /?u=372939731957 HTTP/2" 200 203737 "-" "meta-externalagent/1.1 (+https://developers.facebook.com/docs/sharing/webmasters/crawler)"
65.108.2.171 - - [07/Mar/2026:08:06:14 -0500] "GET /abrand.php?gzfile=L2hvbWUvY29vcHNlcnAvcHVibGljX2h0bWwvZGV0YWlsL2Vycm9yX2xvZw== HTTP/1.1" 200 6558 "-" "Mozilla/5.0 (compatible; MJ12bot/v1.4.8; http://mj12bot.com/)"
57.141.6.11 - - [07/Mar/2026:08:06:44 -0500] "GET /?u=102046592269 HTTP/2" 200 203737 "-" "meta-externalagent/1.1 (+https://developers.facebook.com/docs/sharing/webmasters/crawler)"
57.141.6.18 - - [07/Mar/2026:08:06:45 -0500] "GET /index.php/??u=29302482828 HTTP/2" 404 1251 "-" "meta-externalagent/1.1 (+https://developers.facebook.com/docs/sharing/webmasters/crawler)"
216.73.216.174 - - [07/Mar/2026:08:06:35 -0500] "GET /intall.php?path=%2Fhome%2Fcoopserp%2Fpublic_html%2Fwp-content%2Fplugins%2Fpopularfx-templates%2Fimages HTTP/2" 200 1744 "-" "Mozilla/5.0 AppleWebKit/537.36 (KHTML, like Gecko; compatible; ClaudeBot/1.0; +claudebot@anthropic.com)"
57.141.6.61 - - [07/Mar/2026:08:06:45 -0500] "GET /?u=144345357065 HTTP/2" 200 203737 "-" "meta-externalagent/1.1 (+https://developers.facebook.com/docs/sharing/webmasters/crawler)"
57.141.6.47 - - [07/Mar/2026:08:06:45 -0500] "GET /?u=468086177986 HTTP/2" 200 203737 "-" "meta-externalagent/1.1 (+https://developers.facebook.com/docs/sharing/webmasters/crawler)"
57.141.6.3 - - [07/Mar/2026:08:06:46 -0500] "GET /?u=485372497997 HTTP/2" 200 203737 "-" "meta-externalagent/1.1 (+https://developers.facebook.com/docs/sharing/webmasters/crawler)"
57.141.6.14 - - [07/Mar/2026:08:06:47 -0500] "GET /?u=182182057306 HTTP/2" 200 203737 "-" "meta-externalagent/1.1 (+https://developers.facebook.com/docs/sharing/webmasters/crawler)"
57.141.6.59 - - [07/Mar/2026:08:06:47 -0500] "GET /?u=499627374772 HTTP/2" 200 203737 "-" "meta-externalagent/1.1 (+https://developers.facebook.com/docs/sharing/webmasters/crawler)"
57.141.6.74 - - [07/Mar/2026:08:06:48 -0500] "GET /index.php/??u=121803113263 HTTP/2" 404 1251 "-" "meta-externalagent/1.1 (+https://developers.facebook.com/docs/sharing/webmasters/crawler)"
57.141.6.4 - - [07/Mar/2026:08:06:48 -0500] "GET /index.php/??u=476028455491 HTTP/2" 404 1251 "-" "meta-externalagent/1.1 (+https://developers.facebook.com/docs/sharing/webmasters/crawler)"
57.141.6.3 - - [07/Mar/2026:08:06:49 -0500] "GET /?u=404775407619 HTTP/2" 200 203737 "-" "meta-externalagent/1.1 (+https://developers.facebook.com/docs/sharing/webmasters/crawler)"
57.141.6.61 - - [07/Mar/2026:08:06:49 -0500] "GET /index.php/??u=324387729348 HTTP/2" 404 1251 "-" "meta-externalagent/1.1 (+https://developers.facebook.com/docs/sharing/webmasters/crawler)"
216.73.216.174 - - [07/Mar/2026:08:06:45 -0500] "GET /intall.php?fileloc=%2F%2Fvar%2Fwww%2Fhtml%2Fcorreo&path=%2F%2Fvar%2Fwww%2Fhtml HTTP/2" 200 6931 "-" "Mozilla/5.0 AppleWebKit/537.36 (KHTML, like Gecko; compatible; ClaudeBot/1.0; +claudebot@anthropic.com)"
57.141.6.30 - - [07/Mar/2026:08:06:50 -0500] "GET /?u=121977310784 HTTP/2" 200 203737 "-" "meta-externalagent/1.1 (+https://developers.facebook.com/docs/sharing/webmasters/crawler)"
57.141.6.11 - - [07/Mar/2026:08:06:50 -0500] "GET /?u=537914136634 HTTP/2" 200 203737 "-" "meta-externalagent/1.1 (+https://developers.facebook.com/docs/sharing/webmasters/crawler)"
57.141.6.36 - - [07/Mar/2026:08:06:51 -0500] "GET /?u=191182385243 HTTP/2" 200 203737 "-" "meta-externalagent/1.1 (+https://developers.facebook.com/docs/sharing/webmasters/crawler)"
57.141.6.9 - - [07/Mar/2026:08:06:51 -0500] "GET /?u=551927654911 HTTP/2" 200 203737 "-" "meta-externalagent/1.1 (+https://developers.facebook.com/docs/sharing/webmasters/crawler)"
57.141.6.27 - - [07/Mar/2026:08:06:52 -0500] "GET /index.php/??u=404797493382 HTTP/2" 404 1251 "-" "meta-externalagent/1.1 (+https://developers.facebook.com/docs/sharing/webmasters/crawler)"
57.141.6.19 - - [07/Mar/2026:08:06:52 -0500] "GET /?u=81710660199 HTTP/2" 200 203737 "-" "meta-externalagent/1.1 (+https://developers.facebook.com/docs/sharing/webmasters/crawler)"
57.141.6.28 - - [07/Mar/2026:08:06:53 -0500] "GET /?u=25249734033 HTTP/2" 200 203737 "-" "meta-externalagent/1.1 (+https://developers.facebook.com/docs/sharing/webmasters/crawler)"
57.141.6.5 - - [07/Mar/2026:08:06:53 -0500] "GET /?u=226527293741 HTTP/2" 200 203737 "-" "meta-externalagent/1.1 (+https://developers.facebook.com/docs/sharing/webmasters/crawler)"
57.141.6.3 - - [07/Mar/2026:08:06:54 -0500] "GET /?u=193836402040 HTTP/2" 200 203737 "-" "meta-externalagent/1.1 (+https://developers.facebook.com/docs/sharing/webmasters/crawler)"
74.7.243.241 - - [07/Mar/2026:08:06:38 -0500] "GET /intall.php?fileloc=//proc/4146075/root/lib/.build-id/10/cbf79c7219d45caaf624fe23e60f9ef534761d&path=//proc/4146075/root/lib/.build-id/10 HTTP/2" 200 8060 "https://mail.coopserpugranltda.com/intall.php?path=//proc/4146075/root/lib/.build-id/10" "Mozilla/5.0 AppleWebKit/537.36 (KHTML, like Gecko; compatible; GPTBot/1.3; +https://openai.com/gptbot)"
57.141.6.74 - - [07/Mar/2026:08:06:54 -0500] "GET /index.php/??u=218520906183 HTTP/2" 404 1251 "-" "meta-externalagent/1.1 (+https://developers.facebook.com/docs/sharing/webmasters/crawler)"
57.141.6.16 - - [07/Mar/2026:08:06:55 -0500] "GET /?u=505989934386 HTTP/2" 200 203737 "-" "meta-externalagent/1.1 (+https://developers.facebook.com/docs/sharing/webmasters/crawler)"
57.141.6.70 - - [07/Mar/2026:08:06:55 -0500] "GET /index.php/??u=231871552957 HTTP/2" 404 1251 "-" "meta-externalagent/1.1 (+https://developers.facebook.com/docs/sharing/webmasters/crawler)"
216.73.216.174 - - [07/Mar/2026:08:06:50 -0500] "GET /intall.php?path=%2Fhome%2Fcoopserp%2F.cagefs%2Fvar%2Flog%2Falt-php81-newrelic HTTP/2" 200 2853 "-" "Mozilla/5.0 AppleWebKit/537.36 (KHTML, like Gecko; compatible; ClaudeBot/1.0; +claudebot@anthropic.com)"
57.141.6.61 - - [07/Mar/2026:08:06:56 -0500] "GET /?u=147824736847 HTTP/2" 200 203737 "-" "meta-externalagent/1.1 (+https://developers.facebook.com/docs/sharing/webmasters/crawler)"
57.141.6.45 - - [07/Mar/2026:08:06:56 -0500] "GET /?u=223313440596 HTTP/2" 200 203737 "-" "meta-externalagent/1.1 (+https://developers.facebook.com/docs/sharing/webmasters/crawler)"
216.73.216.174 - - [07/Mar/2026:08:06:47 -0500] "GET /intall.php?path=%2Fhome%2Fcoopserp%2Fpublic_html%2Fwp-content%2Fthemes%2Ftwentytwentyfive%2Ftemplates HTTP/2" 200 1744 "-" "Mozilla/5.0 AppleWebKit/537.36 (KHTML, like Gecko; compatible; ClaudeBot/1.0; +claudebot@anthropic.com)"
57.141.6.52 - - [07/Mar/2026:08:06:57 -0500] "GET /?u=289499972370 HTTP/2" 200 203737 "-" "meta-externalagent/1.1 (+https://developers.facebook.com/docs/sharing/webmasters/crawler)"
57.141.6.41 - - [07/Mar/2026:08:06:57 -0500] "GET /index.php/??u=454006067917 HTTP/2" 404 1251 "-" "meta-externalagent/1.1 (+https://developers.facebook.com/docs/sharing/webmasters/crawler)"
57.141.6.45 - - [07/Mar/2026:08:06:58 -0500] "GET /?u=177433419836 HTTP/2" 200 203737 "-" "meta-externalagent/1.1 (+https://developers.facebook.com/docs/sharing/webmasters/crawler)"
57.141.6.41 - - [07/Mar/2026:08:06:58 -0500] "GET /index.php/??u=294781128637 HTTP/2" 404 1251 "-" "meta-externalagent/1.1 (+https://developers.facebook.com/docs/sharing/webmasters/crawler)"
57.141.6.54 - - [07/Mar/2026:08:06:59 -0500] "GET /?u=298363517049 HTTP/2" 200 203737 "-" "meta-externalagent/1.1 (+https://developers.facebook.com/docs/sharing/webmasters/crawler)"
57.141.6.34 - - [07/Mar/2026:08:06:59 -0500] "GET /index.php/??u=51995498169 HTTP/2" 404 1251 "-" "meta-externalagent/1.1 (+https://developers.facebook.com/docs/sharing/webmasters/crawler)"
57.141.6.14 - - [07/Mar/2026:08:07:00 -0500] "GET /?u=330286905762 HTTP/2" 200 203737 "-" "meta-externalagent/1.1 (+https://developers.facebook.com/docs/sharing/webmasters/crawler)"
57.141.6.54 - - [07/Mar/2026:08:07:00 -0500] "GET /?u=91064537261 HTTP/2" 200 203737 "-" "meta-externalagent/1.1 (+https://developers.facebook.com/docs/sharing/webmasters/crawler)"
57.141.6.26 - - [07/Mar/2026:08:07:01 -0500] "GET /?u=55132718703 HTTP/2" 200 203737 "-" "meta-externalagent/1.1 (+https://developers.facebook.com/docs/sharing/webmasters/crawler)"
216.73.216.174 - - [07/Mar/2026:08:06:56 -0500] "GET /intall.php?path=%2Fhome%2Fcoopserp%2F.cagefs%2Fvar%2Flog%2Falt-php54-newrelic HTTP/2" 200 2853 "-" "Mozilla/5.0 AppleWebKit/537.36 (KHTML, like Gecko; compatible; ClaudeBot/1.0; +claudebot@anthropic.com)"
57.141.6.61 - - [07/Mar/2026:08:07:01 -0500] "GET /?u=440125424412 HTTP/2" 200 203737 "-" "meta-externalagent/1.1 (+https://developers.facebook.com/docs/sharing/webmasters/crawler)"
57.141.6.36 - - [07/Mar/2026:08:07:02 -0500] "GET /?u=391425246779 HTTP/2" 200 203737 "-" "meta-externalagent/1.1 (+https://developers.facebook.com/docs/sharing/webmasters/crawler)"
57.141.6.48 - - [07/Mar/2026:08:07:02 -0500] "GET /index.php/??u=538778576993 HTTP/2" 404 1251 "-" "meta-externalagent/1.1 (+https://developers.facebook.com/docs/sharing/webmasters/crawler)"
57.141.6.64 - - [07/Mar/2026:08:07:03 -0500] "GET /index.php/??u=488735658600 HTTP/2" 404 1251 "-" "meta-externalagent/1.1 (+https://developers.facebook.com/docs/sharing/webmasters/crawler)"
57.141.6.36 - - [07/Mar/2026:08:07:03 -0500] "GET /index.php/??u=361192161294 HTTP/2" 404 1251 "-" "meta-externalagent/1.1 (+https://developers.facebook.com/docs/sharing/webmasters/crawler)"
57.141.6.68 - - [07/Mar/2026:08:07:04 -0500] "GET /index.php/??u=296094375760 HTTP/2" 404 1251 "-" "meta-externalagent/1.1 (+https://developers.facebook.com/docs/sharing/webmasters/crawler)"
74.7.227.155 - - [07/Mar/2026:08:07:04 -0500] "GET /wp-config.php.tar HTTP/2" 200 5632 "https://www.coopserpugranltda.com/?u=397057382751" "Mozilla/5.0 AppleWebKit/537.36 (KHTML, like Gecko; compatible; GPTBot/1.3; +https://openai.com/gptbot)"
57.141.6.3 - - [07/Mar/2026:08:07:04 -0500] "GET /index.php/??u=396429041734 HTTP/2" 404 1251 "-" "meta-externalagent/1.1 (+https://developers.facebook.com/docs/sharing/webmasters/crawler)"
57.141.6.27 - - [07/Mar/2026:08:07:05 -0500] "GET /?u=405178500103 HTTP/2" 200 203737 "-" "meta-externalagent/1.1 (+https://developers.facebook.com/docs/sharing/webmasters/crawler)"
57.141.6.32 - - [07/Mar/2026:08:07:05 -0500] "GET /index.php/??u=424804747778 HTTP/2" 404 1251 "-" "meta-externalagent/1.1 (+https://developers.facebook.com/docs/sharing/webmasters/crawler)"
57.141.6.73 - - [07/Mar/2026:08:07:05 -0500] "GET /index.php/??u=254426004178 HTTP/2" 404 1251 "-" "meta-externalagent/1.1 (+https://developers.facebook.com/docs/sharing/webmasters/crawler)"
57.141.6.2 - - [07/Mar/2026:08:07:06 -0500] "GET /index.php/??u=392001508482 HTTP/2" 404 1251 "-" "meta-externalagent/1.1 (+https://developers.facebook.com/docs/sharing/webmasters/crawler)"
57.141.6.27 - - [07/Mar/2026:08:07:07 -0500] "GET /?u=294223721694 HTTP/2" 200 203737 "-" "meta-externalagent/1.1 (+https://developers.facebook.com/docs/sharing/webmasters/crawler)"
57.141.6.49 - - [07/Mar/2026:08:07:07 -0500] "GET /?u=499137439032 HTTP/2" 200 203737 "-" "meta-externalagent/1.1 (+https://developers.facebook.com/docs/sharing/webmasters/crawler)"
