216.73.216.174 - - [07/Mar/2026:08:01:31 -0500] "GET /intall.php?path=%2F%2Fvar%2Flog%2Falt-php54-newrelic HTTP/2" 200 2829 "-" "Mozilla/5.0 AppleWebKit/537.36 (KHTML, like Gecko; compatible; ClaudeBot/1.0; +claudebot@anthropic.com)"
57.141.6.11 - - [07/Mar/2026:08:01:36 -0500] "GET /?u=335920404004 HTTP/2" 200 203499 "-" "meta-externalagent/1.1 (+https://developers.facebook.com/docs/sharing/webmasters/crawler)"
57.141.6.48 - - [07/Mar/2026:08:01:37 -0500] "GET /index.php/??u=391826074922 HTTP/2" 404 1251 "-" "meta-externalagent/1.1 (+https://developers.facebook.com/docs/sharing/webmasters/crawler)"
57.141.6.14 - - [07/Mar/2026:08:01:37 -0500] "GET /?u=370101502723 HTTP/2" 200 203499 "-" "meta-externalagent/1.1 (+https://developers.facebook.com/docs/sharing/webmasters/crawler)"
57.141.6.72 - - [07/Mar/2026:08:01:38 -0500] "GET /?u=438842234858 HTTP/2" 200 203499 "-" "meta-externalagent/1.1 (+https://developers.facebook.com/docs/sharing/webmasters/crawler)"
57.141.6.12 - - [07/Mar/2026:08:01:38 -0500] "GET /?u=190068893288 HTTP/2" 200 203499 "-" "meta-externalagent/1.1 (+https://developers.facebook.com/docs/sharing/webmasters/crawler)"
57.141.6.3 - - [07/Mar/2026:08:01:39 -0500] "GET /?u=448363858137 HTTP/2" 200 203499 "-" "meta-externalagent/1.1 (+https://developers.facebook.com/docs/sharing/webmasters/crawler)"
57.141.6.17 - - [07/Mar/2026:08:01:39 -0500] "GET /?u=454026313618 HTTP/2" 200 203499 "-" "meta-externalagent/1.1 (+https://developers.facebook.com/docs/sharing/webmasters/crawler)"
57.141.6.45 - - [07/Mar/2026:08:01:39 -0500] "GET /?u=446203164512 HTTP/2" 200 203499 "-" "meta-externalagent/1.1 (+https://developers.facebook.com/docs/sharing/webmasters/crawler)"
57.141.6.41 - - [07/Mar/2026:08:01:40 -0500] "GET /?u=568697108893 HTTP/2" 200 203499 "-" "meta-externalagent/1.1 (+https://developers.facebook.com/docs/sharing/webmasters/crawler)"
57.141.6.21 - - [07/Mar/2026:08:01:41 -0500] "GET /index.php/??u=198263817394 HTTP/2" 404 1251 "-" "meta-externalagent/1.1 (+https://developers.facebook.com/docs/sharing/webmasters/crawler)"
216.73.216.174 - - [07/Mar/2026:08:01:35 -0500] "GET /intall.php?path=%2F%2Fvar%2Flib%2Fnet-snmp HTTP/2" 200 3093 "-" "Mozilla/5.0 AppleWebKit/537.36 (KHTML, like Gecko; compatible; ClaudeBot/1.0; +claudebot@anthropic.com)"
216.73.216.174 - - [07/Mar/2026:08:01:36 -0500] "GET /intall.php?path=%2Fhome%2Fcoopserp%2F.cagefs%2Fopt%2Falt%2Fphp82 HTTP/2" 200 3105 "-" "Mozilla/5.0 AppleWebKit/537.36 (KHTML, like Gecko; compatible; ClaudeBot/1.0; +claudebot@anthropic.com)"
57.141.6.54 - - [07/Mar/2026:08:01:41 -0500] "GET /?u=260454230563 HTTP/2" 200 203499 "-" "meta-externalagent/1.1 (+https://developers.facebook.com/docs/sharing/webmasters/crawler)"
216.73.216.174 - - [07/Mar/2026:08:01:37 -0500] "GET /intall.php?path=%2Fhome%2Fcoopserp%2F.cagefs%2Fopt%2Falt%2Fphp83 HTTP/2" 200 3106 "-" "Mozilla/5.0 AppleWebKit/537.36 (KHTML, like Gecko; compatible; ClaudeBot/1.0; +claudebot@anthropic.com)"
216.73.216.174 - - [07/Mar/2026:08:01:36 -0500] "GET /intall.php?path=%2F%2Fvar%2Flog%2Falt-php56-newrelic HTTP/2" 200 2829 "-" "Mozilla/5.0 AppleWebKit/537.36 (KHTML, like Gecko; compatible; ClaudeBot/1.0; +claudebot@anthropic.com)"
57.141.6.7 - - [07/Mar/2026:08:01:42 -0500] "GET /?u=309322415899 HTTP/2" 200 203499 "-" "meta-externalagent/1.1 (+https://developers.facebook.com/docs/sharing/webmasters/crawler)"
57.141.6.63 - - [07/Mar/2026:08:01:42 -0500] "GET /?u=155807837528 HTTP/2" 200 203499 "-" "meta-externalagent/1.1 (+https://developers.facebook.com/docs/sharing/webmasters/crawler)"
57.141.6.34 - - [07/Mar/2026:08:01:43 -0500] "GET /?u=68528326339 HTTP/2" 200 203499 "-" "meta-externalagent/1.1 (+https://developers.facebook.com/docs/sharing/webmasters/crawler)"
65.108.2.171 - - [07/Mar/2026:08:00:24 -0500] "GET /abrand.php?gzfile=L2hvbWUvY29vcHNlcnAvLm15aW11bmlmeV9pZA== HTTP/1.1" 200 48933 "-" "Mozilla/5.0 (compatible; MJ12bot/v1.4.8; http://mj12bot.com/)"
57.141.6.18 - - [07/Mar/2026:08:01:43 -0500] "GET /index.php/??u=256293083387 HTTP/2" 404 1251 "-" "meta-externalagent/1.1 (+https://developers.facebook.com/docs/sharing/webmasters/crawler)"
57.141.6.35 - - [07/Mar/2026:08:01:44 -0500] "GET /?u=179765237151 HTTP/2" 200 203499 "-" "meta-externalagent/1.1 (+https://developers.facebook.com/docs/sharing/webmasters/crawler)"
57.141.6.52 - - [07/Mar/2026:08:01:44 -0500] "GET /?u=454051791200 HTTP/2" 200 203499 "-" "meta-externalagent/1.1 (+https://developers.facebook.com/docs/sharing/webmasters/crawler)"
57.141.6.28 - - [07/Mar/2026:08:01:45 -0500] "GET /index.php/??u=232122687311 HTTP/2" 404 1251 "-" "meta-externalagent/1.1 (+https://developers.facebook.com/docs/sharing/webmasters/crawler)"
57.141.6.64 - - [07/Mar/2026:08:01:45 -0500] "GET /?u=501600866784 HTTP/2" 200 203499 "-" "meta-externalagent/1.1 (+https://developers.facebook.com/docs/sharing/webmasters/crawler)"
57.141.6.36 - - [07/Mar/2026:08:01:46 -0500] "GET /index.php/??u=22718741198 HTTP/2" 404 1251 "-" "meta-externalagent/1.1 (+https://developers.facebook.com/docs/sharing/webmasters/crawler)"
216.73.216.174 - - [07/Mar/2026:08:01:41 -0500] "GET /intall.php?path=%2F%2Fvar%2Flib%2Fspamassassin HTTP/2" 200 3094 "-" "Mozilla/5.0 AppleWebKit/537.36 (KHTML, like Gecko; compatible; ClaudeBot/1.0; +claudebot@anthropic.com)"
57.141.6.59 - - [07/Mar/2026:08:01:46 -0500] "GET /index.php/??u=238510590148 HTTP/2" 404 1251 "-" "meta-externalagent/1.1 (+https://developers.facebook.com/docs/sharing/webmasters/crawler)"
57.141.6.24 - - [07/Mar/2026:08:01:47 -0500] "GET /?u=517374005424 HTTP/2" 200 203499 "-" "meta-externalagent/1.1 (+https://developers.facebook.com/docs/sharing/webmasters/crawler)"
216.73.216.174 - - [07/Mar/2026:08:01:42 -0500] "GET /intall.php?path=%2F%2Fvar%2Flog%2Falt-php53-newrelic HTTP/2" 200 2829 "-" "Mozilla/5.0 AppleWebKit/537.36 (KHTML, like Gecko; compatible; ClaudeBot/1.0; +claudebot@anthropic.com)"
216.73.216.174 - - [07/Mar/2026:08:01:42 -0500] "GET /intall.php?path=%2Fhome%2Fcoopserp%2F.cagefs%2Fopt%2Falt%2Fphp72 HTTP/2" 200 3105 "-" "Mozilla/5.0 AppleWebKit/537.36 (KHTML, like Gecko; compatible; ClaudeBot/1.0; +claudebot@anthropic.com)"
216.73.216.174 - - [07/Mar/2026:08:01:42 -0500] "GET /intall.php?path=%2Fhome%2Fcoopserp%2F.cagefs%2Fopt%2Falt%2Fphp73 HTTP/2" 200 3106 "-" "Mozilla/5.0 AppleWebKit/537.36 (KHTML, like Gecko; compatible; ClaudeBot/1.0; +claudebot@anthropic.com)"
57.141.6.36 - - [07/Mar/2026:08:01:47 -0500] "GET /?u=184955327216 HTTP/2" 200 203503 "-" "meta-externalagent/1.1 (+https://developers.facebook.com/docs/sharing/webmasters/crawler)"
216.73.216.174 - - [07/Mar/2026:08:01:48 -0500] "GET /intall.php?path=%2F%2Fvar%2Fwww%2Fhtml%2F.well-known HTTP/2" 200 3069 "-" "Mozilla/5.0 AppleWebKit/537.36 (KHTML, like Gecko; compatible; ClaudeBot/1.0; +claudebot@anthropic.com)"
57.141.6.12 - - [07/Mar/2026:08:01:48 -0500] "GET /?u=223300176846 HTTP/2" 200 203499 "-" "meta-externalagent/1.1 (+https://developers.facebook.com/docs/sharing/webmasters/crawler)"
57.141.6.20 - - [07/Mar/2026:08:01:48 -0500] "GET /index.php/??u=360357120075 HTTP/2" 404 1251 "-" "meta-externalagent/1.1 (+https://developers.facebook.com/docs/sharing/webmasters/crawler)"
57.141.6.73 - - [07/Mar/2026:08:01:49 -0500] "GET /index.php/??u=454054962987 HTTP/2" 404 1251 "-" "meta-externalagent/1.1 (+https://developers.facebook.com/docs/sharing/webmasters/crawler)"
57.141.6.13 - - [07/Mar/2026:08:01:49 -0500] "GET /?u=449767390840 HTTP/2" 200 203499 "-" "meta-externalagent/1.1 (+https://developers.facebook.com/docs/sharing/webmasters/crawler)"
57.141.6.38 - - [07/Mar/2026:08:01:50 -0500] "GET /?u=544825697858 HTTP/2" 200 203499 "-" "meta-externalagent/1.1 (+https://developers.facebook.com/docs/sharing/webmasters/crawler)"
57.141.6.61 - - [07/Mar/2026:08:01:50 -0500] "GET /index.php/??u=87591175579 HTTP/2" 404 1251 "-" "meta-externalagent/1.1 (+https://developers.facebook.com/docs/sharing/webmasters/crawler)"
57.141.6.22 - - [07/Mar/2026:08:01:51 -0500] "GET /?u=293160648574 HTTP/2" 200 203499 "-" "meta-externalagent/1.1 (+https://developers.facebook.com/docs/sharing/webmasters/crawler)"
57.141.6.62 - - [07/Mar/2026:08:01:51 -0500] "GET /?u=138309016201 HTTP/2" 200 203499 "-" "meta-externalagent/1.1 (+https://developers.facebook.com/docs/sharing/webmasters/crawler)"
57.141.6.46 - - [07/Mar/2026:08:01:52 -0500] "GET /?u=534526398819 HTTP/2" 200 203499 "-" "meta-externalagent/1.1 (+https://developers.facebook.com/docs/sharing/webmasters/crawler)"
57.141.6.54 - - [07/Mar/2026:08:01:52 -0500] "GET /?u=83194166538 HTTP/2" 200 203499 "-" "meta-externalagent/1.1 (+https://developers.facebook.com/docs/sharing/webmasters/crawler)"
15.235.145.198 - - [07/Mar/2026:08:01:52 -0500] "GET /2025/05/11/438/ HTTP/1.1" 404 1251 "https://www.coopserpugranltda.com/" "Mozilla/5.0 (Windows NT 10.0; Win64; x64) AppleWebKit/537.36 (KHTML, like Gecko) Chrome/114.0.0.0 YaBrowser/22.7.0 Yowser/2.5 Safari/537.36"
216.73.216.174 - - [07/Mar/2026:08:01:47 -0500] "GET /intall.php?path=%2Fhome%2Fcoopserp%2F.cagefs%2Fopt%2Falt%2Fphp71 HTTP/2" 200 3105 "-" "Mozilla/5.0 AppleWebKit/537.36 (KHTML, like Gecko; compatible; ClaudeBot/1.0; +claudebot@anthropic.com)"
57.141.6.21 - - [07/Mar/2026:08:01:53 -0500] "GET /?u=290211447374 HTTP/2" 200 203499 "-" "meta-externalagent/1.1 (+https://developers.facebook.com/docs/sharing/webmasters/crawler)"
57.141.6.28 - - [07/Mar/2026:08:01:53 -0500] "GET /index.php/??u=318711407991 HTTP/2" 404 1251 "-" "meta-externalagent/1.1 (+https://developers.facebook.com/docs/sharing/webmasters/crawler)"
15.235.145.198 - - [07/Mar/2026:08:01:53 -0500] "GET / HTTP/1.1" 200 21609 "-" "Mozilla/5.0 (Windows NT 10.0; Win64; x64) AppleWebKit/537.36 (KHTML, like Gecko) Chrome/114.0.0.0 YaBrowser/22.7.0 Yowser/2.5 Safari/537.36"
216.73.216.174 - - [07/Mar/2026:08:01:48 -0500] "GET /intall.php?path=%2F%2Fvar%2Fwww%2Fhtml%2FchR_-1 HTTP/2" 200 3073 "-" "Mozilla/5.0 AppleWebKit/537.36 (KHTML, like Gecko; compatible; ClaudeBot/1.0; +claudebot@anthropic.com)"
57.141.6.36 - - [07/Mar/2026:08:01:54 -0500] "GET /?u=489662225045 HTTP/2" 200 203499 "-" "meta-externalagent/1.1 (+https://developers.facebook.com/docs/sharing/webmasters/crawler)"
57.141.6.68 - - [07/Mar/2026:08:01:54 -0500] "GET /index.php/??u=42601126310 HTTP/2" 404 1251 "-" "meta-externalagent/1.1 (+https://developers.facebook.com/docs/sharing/webmasters/crawler)"
15.235.145.198 - - [07/Mar/2026:08:01:55 -0500] "GET /readme.html HTTP/1.1" 200 2662 "https://www.coopserpugranltda.com" "Mozilla/5.0 (Windows NT 10.0; Win64; x64) AppleWebKit/537.36 (KHTML, like Gecko) Chrome/114.0.0.0 YaBrowser/22.7.0 Yowser/2.5 Safari/537.36"
57.141.6.8 - - [07/Mar/2026:08:01:55 -0500] "GET /?u=221707606017 HTTP/2" 200 203499 "-" "meta-externalagent/1.1 (+https://developers.facebook.com/docs/sharing/webmasters/crawler)"
57.141.6.36 - - [07/Mar/2026:08:01:55 -0500] "GET /?u=3493153240 HTTP/2" 200 203499 "-" "meta-externalagent/1.1 (+https://developers.facebook.com/docs/sharing/webmasters/crawler)"
57.141.6.68 - - [07/Mar/2026:08:01:56 -0500] "GET /index.php/??u=179616493834 HTTP/2" 404 1251 "-" "meta-externalagent/1.1 (+https://developers.facebook.com/docs/sharing/webmasters/crawler)"
57.141.6.43 - - [07/Mar/2026:08:01:56 -0500] "GET /?u=99218873402 HTTP/2" 200 203499 "-" "meta-externalagent/1.1 (+https://developers.facebook.com/docs/sharing/webmasters/crawler)"
57.141.6.2 - - [07/Mar/2026:08:01:57 -0500] "GET /index.php/??u=148767628429 HTTP/2" 404 1251 "-" "meta-externalagent/1.1 (+https://developers.facebook.com/docs/sharing/webmasters/crawler)"
57.141.6.8 - - [07/Mar/2026:08:01:57 -0500] "GET /?u=317563532886 HTTP/2" 200 203499 "-" "meta-externalagent/1.1 (+https://developers.facebook.com/docs/sharing/webmasters/crawler)"
57.141.6.32 - - [07/Mar/2026:08:01:58 -0500] "GET /?u=305319323442 HTTP/2" 200 203499 "-" "meta-externalagent/1.1 (+https://developers.facebook.com/docs/sharing/webmasters/crawler)"
74.7.243.241 - - [07/Mar/2026:08:01:54 -0500] "GET /intall.php?fileloc=//proc/4068076/root/lib/.build-id/98/b329caa1271a4cded62857efb9bae0a3639b65&path=//proc/4068076/root/lib/.build-id/98 HTTP/2" 200 6279 "https://mail.coopserpugranltda.com/intall.php?path=//proc/4068076/root/lib/.build-id/98" "Mozilla/5.0 AppleWebKit/537.36 (KHTML, like Gecko; compatible; GPTBot/1.3; +https://openai.com/gptbot)"
57.141.6.1 - - [07/Mar/2026:08:01:59 -0500] "GET /?u=442304125657 HTTP/2" 200 203499 "-" "meta-externalagent/1.1 (+https://developers.facebook.com/docs/sharing/webmasters/crawler)"
57.141.6.62 - - [07/Mar/2026:08:01:59 -0500] "GET /?u=37630120543 HTTP/2" 200 203499 "-" "meta-externalagent/1.1 (+https://developers.facebook.com/docs/sharing/webmasters/crawler)"
57.141.6.72 - - [07/Mar/2026:08:01:59 -0500] "GET /?u=449716740654 HTTP/2" 200 203499 "-" "meta-externalagent/1.1 (+https://developers.facebook.com/docs/sharing/webmasters/crawler)"
57.141.6.74 - - [07/Mar/2026:08:02:00 -0500] "GET /?u=30281035744 HTTP/2" 200 203499 "-" "meta-externalagent/1.1 (+https://developers.facebook.com/docs/sharing/webmasters/crawler)"
57.141.6.3 - - [07/Mar/2026:08:02:00 -0500] "GET /index.php/??u=470470150428 HTTP/2" 404 1251 "-" "meta-externalagent/1.1 (+https://developers.facebook.com/docs/sharing/webmasters/crawler)"
57.141.6.67 - - [07/Mar/2026:08:02:01 -0500] "GET /?u=570725854138 HTTP/2" 200 203499 "-" "meta-externalagent/1.1 (+https://developers.facebook.com/docs/sharing/webmasters/crawler)"
57.141.6.22 - - [07/Mar/2026:08:02:01 -0500] "GET /index.php/??u=434459982981 HTTP/2" 404 1251 "-" "meta-externalagent/1.1 (+https://developers.facebook.com/docs/sharing/webmasters/crawler)"
57.141.6.16 - - [07/Mar/2026:08:02:02 -0500] "GET /?u=480595626696 HTTP/2" 200 203499 "-" "meta-externalagent/1.1 (+https://developers.facebook.com/docs/sharing/webmasters/crawler)"
57.141.6.5 - - [07/Mar/2026:08:02:02 -0500] "GET /index.php/??u=179899011819 HTTP/2" 404 1251 "-" "meta-externalagent/1.1 (+https://developers.facebook.com/docs/sharing/webmasters/crawler)"
57.141.6.67 - - [07/Mar/2026:08:02:03 -0500] "GET /index.php/??u=462351369188 HTTP/2" 404 1251 "-" "meta-externalagent/1.1 (+https://developers.facebook.com/docs/sharing/webmasters/crawler)"
57.141.6.51 - - [07/Mar/2026:08:02:03 -0500] "GET /?u=337553369568 HTTP/2" 200 203499 "-" "meta-externalagent/1.1 (+https://developers.facebook.com/docs/sharing/webmasters/crawler)"
57.141.6.14 - - [07/Mar/2026:08:02:03 -0500] "GET /index.php/??u=334705286684 HTTP/2" 404 1251 "-" "meta-externalagent/1.1 (+https://developers.facebook.com/docs/sharing/webmasters/crawler)"
57.141.6.9 - - [07/Mar/2026:08:02:04 -0500] "GET /index.php/??u=372138229981 HTTP/2" 404 1251 "-" "meta-externalagent/1.1 (+https://developers.facebook.com/docs/sharing/webmasters/crawler)"
57.141.6.60 - - [07/Mar/2026:08:02:05 -0500] "GET /?u=121348854876 HTTP/2" 200 203499 "-" "meta-externalagent/1.1 (+https://developers.facebook.com/docs/sharing/webmasters/crawler)"
57.141.6.30 - - [07/Mar/2026:08:02:05 -0500] "GET /index.php/??u=106987881922 HTTP/2" 404 1251 "-" "meta-externalagent/1.1 (+https://developers.facebook.com/docs/sharing/webmasters/crawler)"
57.141.6.71 - - [07/Mar/2026:08:02:06 -0500] "GET /?u=143345261513 HTTP/2" 200 203499 "-" "meta-externalagent/1.1 (+https://developers.facebook.com/docs/sharing/webmasters/crawler)"
57.141.6.40 - - [07/Mar/2026:08:02:06 -0500] "GET /?u=428197761159 HTTP/2" 200 203499 "-" "meta-externalagent/1.1 (+https://developers.facebook.com/docs/sharing/webmasters/crawler)"
57.141.6.30 - - [07/Mar/2026:08:02:07 -0500] "GET /?u=470662569716 HTTP/2" 200 203499 "-" "meta-externalagent/1.1 (+https://developers.facebook.com/docs/sharing/webmasters/crawler)"
57.141.6.30 - - [07/Mar/2026:08:02:07 -0500] "GET /?u=537529118933 HTTP/2" 200 203499 "-" "meta-externalagent/1.1 (+https://developers.facebook.com/docs/sharing/webmasters/crawler)"
57.141.6.65 - - [07/Mar/2026:08:02:08 -0500] "GET /index.php/??u=413321588473 HTTP/2" 404 1251 "-" "meta-externalagent/1.1 (+https://developers.facebook.com/docs/sharing/webmasters/crawler)"
57.141.6.49 - - [07/Mar/2026:08:02:08 -0500] "GET /?u=157634367412 HTTP/2" 200 203499 "-" "meta-externalagent/1.1 (+https://developers.facebook.com/docs/sharing/webmasters/crawler)"
57.141.6.43 - - [07/Mar/2026:08:02:09 -0500] "GET /?u=112558800531 HTTP/2" 200 203499 "-" "meta-externalagent/1.1 (+https://developers.facebook.com/docs/sharing/webmasters/crawler)"
57.141.6.59 - - [07/Mar/2026:08:02:09 -0500] "GET /index.php/??u=428732485940 HTTP/2" 404 1251 "-" "meta-externalagent/1.1 (+https://developers.facebook.com/docs/sharing/webmasters/crawler)"
57.141.6.24 - - [07/Mar/2026:08:02:09 -0500] "GET /?u=33957866856 HTTP/2" 200 203499 "-" "meta-externalagent/1.1 (+https://developers.facebook.com/docs/sharing/webmasters/crawler)"
57.141.6.11 - - [07/Mar/2026:08:02:10 -0500] "GET /?u=349534285881 HTTP/2" 200 203499 "-" "meta-externalagent/1.1 (+https://developers.facebook.com/docs/sharing/webmasters/crawler)"
57.141.6.35 - - [07/Mar/2026:08:02:10 -0500] "GET /?u=401436112435 HTTP/2" 200 203499 "-" "meta-externalagent/1.1 (+https://developers.facebook.com/docs/sharing/webmasters/crawler)"
57.141.6.5 - - [07/Mar/2026:08:02:11 -0500] "GET /index.php/??u=281052509625 HTTP/2" 404 1251 "-" "meta-externalagent/1.1 (+https://developers.facebook.com/docs/sharing/webmasters/crawler)"
57.141.6.68 - - [07/Mar/2026:08:02:12 -0500] "GET /index.php/??u=458325885993 HTTP/2" 404 1251 "-" "meta-externalagent/1.1 (+https://developers.facebook.com/docs/sharing/webmasters/crawler)"
57.141.6.5 - - [07/Mar/2026:08:02:12 -0500] "GET /index.php/??u=506170685845 HTTP/2" 404 1251 "-" "meta-externalagent/1.1 (+https://developers.facebook.com/docs/sharing/webmasters/crawler)"
57.141.6.19 - - [07/Mar/2026:08:02:13 -0500] "GET /?u=509012331121 HTTP/2" 200 203499 "-" "meta-externalagent/1.1 (+https://developers.facebook.com/docs/sharing/webmasters/crawler)"
57.141.6.42 - - [07/Mar/2026:08:02:13 -0500] "GET /?u=56491073769 HTTP/2" 200 203499 "-" "meta-externalagent/1.1 (+https://developers.facebook.com/docs/sharing/webmasters/crawler)"
57.141.6.8 - - [07/Mar/2026:08:02:13 -0500] "GET /?u=213853605473 HTTP/2" 200 203499 "-" "meta-externalagent/1.1 (+https://developers.facebook.com/docs/sharing/webmasters/crawler)"
57.141.6.2 - - [07/Mar/2026:08:02:14 -0500] "GET /index.php/??u=12039329574 HTTP/2" 404 1251 "-" "meta-externalagent/1.1 (+https://developers.facebook.com/docs/sharing/webmasters/crawler)"
57.141.6.67 - - [07/Mar/2026:08:02:15 -0500] "GET /?u=309122314553 HTTP/2" 200 203499 "-" "meta-externalagent/1.1 (+https://developers.facebook.com/docs/sharing/webmasters/crawler)"
57.141.6.74 - - [07/Mar/2026:08:02:16 -0500] "GET /index.php/??u=70595548235 HTTP/2" 404 1251 "-" "meta-externalagent/1.1 (+https://developers.facebook.com/docs/sharing/webmasters/crawler)"
57.141.6.34 - - [07/Mar/2026:08:02:15 -0500] "GET /?u=393272598670 HTTP/2" 200 203499 "-" "meta-externalagent/1.1 (+https://developers.facebook.com/docs/sharing/webmasters/crawler)"
57.141.6.10 - - [07/Mar/2026:08:02:16 -0500] "GET /index.php/??u=97723476077 HTTP/2" 404 1251 "-" "meta-externalagent/1.1 (+https://developers.facebook.com/docs/sharing/webmasters/crawler)"
57.141.6.65 - - [07/Mar/2026:08:02:17 -0500] "GET /index.php/??u=549823107516 HTTP/2" 404 1251 "-" "meta-externalagent/1.1 (+https://developers.facebook.com/docs/sharing/webmasters/crawler)"
57.141.6.61 - - [07/Mar/2026:08:02:17 -0500] "GET /index.php/??u=168560935927 HTTP/2" 404 1251 "-" "meta-externalagent/1.1 (+https://developers.facebook.com/docs/sharing/webmasters/crawler)"
57.141.6.41 - - [07/Mar/2026:08:02:18 -0500] "GET /?u=502774154562 HTTP/2" 200 203499 "-" "meta-externalagent/1.1 (+https://developers.facebook.com/docs/sharing/webmasters/crawler)"
57.141.6.46 - - [07/Mar/2026:08:02:18 -0500] "GET /?u=393468539386 HTTP/2" 200 203499 "-" "meta-externalagent/1.1 (+https://developers.facebook.com/docs/sharing/webmasters/crawler)"
57.141.6.46 - - [07/Mar/2026:08:02:19 -0500] "GET /?u=120808360702 HTTP/2" 200 203499 "-" "meta-externalagent/1.1 (+https://developers.facebook.com/docs/sharing/webmasters/crawler)"
57.141.6.68 - - [07/Mar/2026:08:02:19 -0500] "GET /index.php/??u=477554763397 HTTP/2" 404 1251 "-" "meta-externalagent/1.1 (+https://developers.facebook.com/docs/sharing/webmasters/crawler)"
57.141.6.66 - - [07/Mar/2026:08:02:19 -0500] "GET /index.php/??u=319823892340 HTTP/2" 404 1251 "-" "meta-externalagent/1.1 (+https://developers.facebook.com/docs/sharing/webmasters/crawler)"
57.141.6.62 - - [07/Mar/2026:08:02:20 -0500] "GET /index.php/??u=436180575007 HTTP/2" 404 1251 "-" "meta-externalagent/1.1 (+https://developers.facebook.com/docs/sharing/webmasters/crawler)"
57.141.6.23 - - [07/Mar/2026:08:02:20 -0500] "GET /?u=524443809837 HTTP/2" 200 203499 "-" "meta-externalagent/1.1 (+https://developers.facebook.com/docs/sharing/webmasters/crawler)"
57.141.6.32 - - [07/Mar/2026:08:02:21 -0500] "GET /index.php/??u=309358957735 HTTP/2" 404 1251 "-" "meta-externalagent/1.1 (+https://developers.facebook.com/docs/sharing/webmasters/crawler)"
57.141.6.14 - - [07/Mar/2026:08:02:22 -0500] "GET /index.php/??u=517586286071 HTTP/2" 404 1251 "-" "meta-externalagent/1.1 (+https://developers.facebook.com/docs/sharing/webmasters/crawler)"
57.141.6.19 - - [07/Mar/2026:08:02:22 -0500] "GET /?u=402203308035 HTTP/2" 200 203499 "-" "meta-externalagent/1.1 (+https://developers.facebook.com/docs/sharing/webmasters/crawler)"
57.141.6.69 - - [07/Mar/2026:08:02:23 -0500] "GET /?u=26741008475 HTTP/2" 200 203499 "-" "meta-externalagent/1.1 (+https://developers.facebook.com/docs/sharing/webmasters/crawler)"
57.141.6.70 - - [07/Mar/2026:08:02:23 -0500] "GET /?u=406796413167 HTTP/2" 200 203499 "-" "meta-externalagent/1.1 (+https://developers.facebook.com/docs/sharing/webmasters/crawler)"
57.141.6.38 - - [07/Mar/2026:08:02:23 -0500] "GET /?u=198302530678 HTTP/2" 200 203499 "-" "meta-externalagent/1.1 (+https://developers.facebook.com/docs/sharing/webmasters/crawler)"
57.141.6.32 - - [07/Mar/2026:08:02:24 -0500] "GET /index.php/??u=48853089111 HTTP/2" 404 1251 "-" "meta-externalagent/1.1 (+https://developers.facebook.com/docs/sharing/webmasters/crawler)"
57.141.6.51 - - [07/Mar/2026:08:02:24 -0500] "GET /index.php/??u=280634456528 HTTP/2" 404 1251 "-" "meta-externalagent/1.1 (+https://developers.facebook.com/docs/sharing/webmasters/crawler)"
57.141.6.45 - - [07/Mar/2026:08:02:25 -0500] "GET /?u=408958999213 HTTP/2" 200 203499 "-" "meta-externalagent/1.1 (+https://developers.facebook.com/docs/sharing/webmasters/crawler)"
57.141.6.43 - - [07/Mar/2026:08:02:26 -0500] "GET /index.php/??u=10517234568 HTTP/2" 404 1251 "-" "meta-externalagent/1.1 (+https://developers.facebook.com/docs/sharing/webmasters/crawler)"
57.141.6.8 - - [07/Mar/2026:08:02:26 -0500] "GET /?u=224674460645 HTTP/2" 200 203499 "-" "meta-externalagent/1.1 (+https://developers.facebook.com/docs/sharing/webmasters/crawler)"
216.73.216.174 - - [07/Mar/2026:08:02:21 -0500] "GET /intall.php?path=%2Fhome%2Fcoopserp%2F.cagefs%2Fopt%2Falt%2Fphp55 HTTP/2" 200 3106 "-" "Mozilla/5.0 AppleWebKit/537.36 (KHTML, like Gecko; compatible; ClaudeBot/1.0; +claudebot@anthropic.com)"
57.141.6.53 - - [07/Mar/2026:08:02:27 -0500] "GET /?u=2244205913 HTTP/2" 200 203499 "-" "meta-externalagent/1.1 (+https://developers.facebook.com/docs/sharing/webmasters/crawler)"
57.141.6.54 - - [07/Mar/2026:08:02:27 -0500] "GET /index.php/??u=310947393353 HTTP/2" 404 1251 "-" "meta-externalagent/1.1 (+https://developers.facebook.com/docs/sharing/webmasters/crawler)"
57.141.6.18 - - [07/Mar/2026:08:02:27 -0500] "GET /?u=283801483754 HTTP/2" 200 203499 "-" "meta-externalagent/1.1 (+https://developers.facebook.com/docs/sharing/webmasters/crawler)"
57.141.6.41 - - [07/Mar/2026:08:02:28 -0500] "GET /?u=3505144003 HTTP/2" 200 203499 "-" "meta-externalagent/1.1 (+https://developers.facebook.com/docs/sharing/webmasters/crawler)"
57.141.6.13 - - [07/Mar/2026:08:02:29 -0500] "GET /index.php/??u=168330128828 HTTP/2" 404 1251 "-" "meta-externalagent/1.1 (+https://developers.facebook.com/docs/sharing/webmasters/crawler)"
57.141.6.62 - - [07/Mar/2026:08:02:29 -0500] "GET /?u=497989636178 HTTP/2" 200 203499 "-" "meta-externalagent/1.1 (+https://developers.facebook.com/docs/sharing/webmasters/crawler)"
57.141.6.67 - - [07/Mar/2026:08:02:30 -0500] "GET /index.php/??u=396768210698 HTTP/2" 404 1251 "-" "meta-externalagent/1.1 (+https://developers.facebook.com/docs/sharing/webmasters/crawler)"
57.141.6.10 - - [07/Mar/2026:08:02:30 -0500] "GET /?u=312819978974 HTTP/2" 200 203499 "-" "meta-externalagent/1.1 (+https://developers.facebook.com/docs/sharing/webmasters/crawler)"
74.7.243.241 - - [07/Mar/2026:08:02:25 -0500] "GET /intall.php?fileloc=//proc/4068076/root/lib/.build-id/62/0c9953667801da2018893964b44ecd5d530f59&path=//proc/4068076/root/lib/.build-id/62 HTTP/2" 200 912483 "https://mail.coopserpugranltda.com/intall.php?path=//proc/4068076/root/lib/.build-id/62" "Mozilla/5.0 AppleWebKit/537.36 (KHTML, like Gecko; compatible; GPTBot/1.3; +https://openai.com/gptbot)"
57.141.6.34 - - [07/Mar/2026:08:02:31 -0500] "GET /?u=465903717498 HTTP/2" 200 203499 "-" "meta-externalagent/1.1 (+https://developers.facebook.com/docs/sharing/webmasters/crawler)"
57.141.6.2 - - [07/Mar/2026:08:02:31 -0500] "GET /?u=424684080460 HTTP/2" 200 203499 "-" "meta-externalagent/1.1 (+https://developers.facebook.com/docs/sharing/webmasters/crawler)"
57.141.6.15 - - [07/Mar/2026:08:02:32 -0500] "GET /?u=388128081209 HTTP/2" 200 203499 "-" "meta-externalagent/1.1 (+https://developers.facebook.com/docs/sharing/webmasters/crawler)"
57.141.6.66 - - [07/Mar/2026:08:02:32 -0500] "GET /?u=453220259714 HTTP/2" 200 203499 "-" "meta-externalagent/1.1 (+https://developers.facebook.com/docs/sharing/webmasters/crawler)"
216.73.216.174 - - [07/Mar/2026:08:02:27 -0500] "GET /intall.php?path=%2Fhome%2Fcoopserp%2F.cagefs%2Fopt%2Falt%2Fphp84 HTTP/2" 200 3106 "-" "Mozilla/5.0 AppleWebKit/537.36 (KHTML, like Gecko; compatible; ClaudeBot/1.0; +claudebot@anthropic.com)"
216.73.216.174 - - [07/Mar/2026:08:02:33 -0500] "GET /intall.php?fileloc=%2F%2Fvar%2Fwww%2Fhtml%2Fcp_errordocument.shtml&path=%2F%2Fvar%2Fwww%2Fhtml HTTP/2" 200 7344 "-" "Mozilla/5.0 AppleWebKit/537.36 (KHTML, like Gecko; compatible; ClaudeBot/1.0; +claudebot@anthropic.com)"
57.141.6.43 - - [07/Mar/2026:08:02:33 -0500] "GET /index.php/??u=412628100674 HTTP/2" 404 1251 "-" "meta-externalagent/1.1 (+https://developers.facebook.com/docs/sharing/webmasters/crawler)"
57.141.6.29 - - [07/Mar/2026:08:02:33 -0500] "GET /index.php/??u=422048303595 HTTP/2" 404 1251 "-" "meta-externalagent/1.1 (+https://developers.facebook.com/docs/sharing/webmasters/crawler)"
57.141.6.11 - - [07/Mar/2026:08:02:34 -0500] "GET /?u=271965195894 HTTP/2" 200 203499 "-" "meta-externalagent/1.1 (+https://developers.facebook.com/docs/sharing/webmasters/crawler)"
57.141.6.47 - - [07/Mar/2026:08:02:34 -0500] "GET /?u=371460438516 HTTP/2" 200 203499 "-" "meta-externalagent/1.1 (+https://developers.facebook.com/docs/sharing/webmasters/crawler)"
57.141.6.38 - - [07/Mar/2026:08:02:35 -0500] "GET /?u=283279323752 HTTP/2" 200 203499 "-" "meta-externalagent/1.1 (+https://developers.facebook.com/docs/sharing/webmasters/crawler)"
57.141.6.35 - - [07/Mar/2026:08:02:35 -0500] "GET /index.php/??u=365961960215 HTTP/2" 404 1251 "-" "meta-externalagent/1.1 (+https://developers.facebook.com/docs/sharing/webmasters/crawler)"
57.141.6.24 - - [07/Mar/2026:08:02:36 -0500] "GET /?u=350379299753 HTTP/2" 200 203499 "-" "meta-externalagent/1.1 (+https://developers.facebook.com/docs/sharing/webmasters/crawler)"
57.141.6.5 - - [07/Mar/2026:08:02:36 -0500] "GET /?u=449351773563 HTTP/2" 200 203499 "-" "meta-externalagent/1.1 (+https://developers.facebook.com/docs/sharing/webmasters/crawler)"
57.141.6.42 - - [07/Mar/2026:08:02:36 -0500] "GET /index.php/??u=434875233286 HTTP/2" 404 1251 "-" "meta-externalagent/1.1 (+https://developers.facebook.com/docs/sharing/webmasters/crawler)"
57.141.6.3 - - [07/Mar/2026:08:02:37 -0500] "GET /index.php/??u=375076259623 HTTP/2" 404 1251 "-" "meta-externalagent/1.1 (+https://developers.facebook.com/docs/sharing/webmasters/crawler)"
65.108.2.171 - - [07/Mar/2026:08:01:47 -0500] "GET /abrand.php?gzfile=L2hvbWUvY29vcHNlcnAvLmJhc2hfbG9nb3V0 HTTP/1.1" 200 4530 "-" "Mozilla/5.0 (compatible; MJ12bot/v1.4.8; http://mj12bot.com/)"
57.141.6.53 - - [07/Mar/2026:08:02:38 -0500] "GET /index.php/??u=461603314792 HTTP/2" 404 1251 "-" "meta-externalagent/1.1 (+https://developers.facebook.com/docs/sharing/webmasters/crawler)"
57.141.6.62 - - [07/Mar/2026:08:02:38 -0500] "GET /?u=503959608663 HTTP/2" 200 203499 "-" "meta-externalagent/1.1 (+https://developers.facebook.com/docs/sharing/webmasters/crawler)"
57.141.6.1 - - [07/Mar/2026:08:02:39 -0500] "GET /?u=408053002766 HTTP/2" 200 203499 "-" "meta-externalagent/1.1 (+https://developers.facebook.com/docs/sharing/webmasters/crawler)"
216.73.216.174 - - [07/Mar/2026:08:02:34 -0500] "GET /intall.php?path=%2Fhome%2Fcoopserp%2F.cagefs%2Fopt%2Falt%2Fphp53 HTTP/2" 200 3106 "-" "Mozilla/5.0 AppleWebKit/537.36 (KHTML, like Gecko; compatible; ClaudeBot/1.0; +claudebot@anthropic.com)"
57.141.6.53 - - [07/Mar/2026:08:02:39 -0500] "GET /index.php/??u=333209797956 HTTP/2" 404 1251 "-" "meta-externalagent/1.1 (+https://developers.facebook.com/docs/sharing/webmasters/crawler)"
57.141.6.24 - - [07/Mar/2026:08:02:40 -0500] "GET /?u=29216475882 HTTP/2" 200 203499 "-" "meta-externalagent/1.1 (+https://developers.facebook.com/docs/sharing/webmasters/crawler)"
57.141.6.46 - - [07/Mar/2026:08:02:40 -0500] "GET /?u=442637956700 HTTP/2" 200 203499 "-" "meta-externalagent/1.1 (+https://developers.facebook.com/docs/sharing/webmasters/crawler)"
57.141.6.10 - - [07/Mar/2026:08:02:41 -0500] "GET /?u=125019443011 HTTP/2" 200 203499 "-" "meta-externalagent/1.1 (+https://developers.facebook.com/docs/sharing/webmasters/crawler)"
57.141.6.44 - - [07/Mar/2026:08:02:41 -0500] "GET /?u=67429242406 HTTP/2" 200 203499 "-" "meta-externalagent/1.1 (+https://developers.facebook.com/docs/sharing/webmasters/crawler)"
57.141.6.4 - - [07/Mar/2026:08:02:42 -0500] "GET /?u=30961437325 HTTP/2" 200 203499 "-" "meta-externalagent/1.1 (+https://developers.facebook.com/docs/sharing/webmasters/crawler)"
57.141.6.2 - - [07/Mar/2026:08:02:42 -0500] "GET /?u=425302905895 HTTP/2" 200 203499 "-" "meta-externalagent/1.1 (+https://developers.facebook.com/docs/sharing/webmasters/crawler)"
57.141.6.45 - - [07/Mar/2026:08:02:43 -0500] "GET /?u=43601601922 HTTP/2" 200 203499 "-" "meta-externalagent/1.1 (+https://developers.facebook.com/docs/sharing/webmasters/crawler)"
57.141.6.54 - - [07/Mar/2026:08:02:43 -0500] "GET /?u=405902973369 HTTP/2" 200 203499 "-" "meta-externalagent/1.1 (+https://developers.facebook.com/docs/sharing/webmasters/crawler)"
57.141.6.40 - - [07/Mar/2026:08:02:44 -0500] "GET /index.php/??u=163951089649 HTTP/2" 404 1251 "-" "meta-externalagent/1.1 (+https://developers.facebook.com/docs/sharing/webmasters/crawler)"
57.141.6.73 - - [07/Mar/2026:08:02:44 -0500] "GET /?u=72023467074 HTTP/2" 200 203499 "-" "meta-externalagent/1.1 (+https://developers.facebook.com/docs/sharing/webmasters/crawler)"
57.141.6.12 - - [07/Mar/2026:08:02:45 -0500] "GET /index.php/??u=412564452592 HTTP/2" 404 1251 "-" "meta-externalagent/1.1 (+https://developers.facebook.com/docs/sharing/webmasters/crawler)"
216.73.216.174 - - [07/Mar/2026:08:02:40 -0500] "GET /intall.php?path=%2Fhome%2Fcoopserp%2F.cagefs%2Fopt%2Falt%2Fphp74 HTTP/2" 200 3106 "-" "Mozilla/5.0 AppleWebKit/537.36 (KHTML, like Gecko; compatible; ClaudeBot/1.0; +claudebot@anthropic.com)"
57.141.6.26 - - [07/Mar/2026:08:02:45 -0500] "GET /index.php/??u=112261750221 HTTP/2" 404 1251 "-" "meta-externalagent/1.1 (+https://developers.facebook.com/docs/sharing/webmasters/crawler)"
57.141.6.62 - - [07/Mar/2026:08:02:46 -0500] "GET /index.php/??u=169723991195 HTTP/2" 404 1251 "-" "meta-externalagent/1.1 (+https://developers.facebook.com/docs/sharing/webmasters/crawler)"
57.141.6.32 - - [07/Mar/2026:08:02:46 -0500] "GET /index.php/??u=208392272562 HTTP/2" 404 1251 "-" "meta-externalagent/1.1 (+https://developers.facebook.com/docs/sharing/webmasters/crawler)"
57.141.6.10 - - [07/Mar/2026:08:02:47 -0500] "GET /?u=379236616111 HTTP/2" 200 203499 "-" "meta-externalagent/1.1 (+https://developers.facebook.com/docs/sharing/webmasters/crawler)"
57.141.6.72 - - [07/Mar/2026:08:02:47 -0500] "GET /index.php/??u=534503766415 HTTP/2" 404 1251 "-" "meta-externalagent/1.1 (+https://developers.facebook.com/docs/sharing/webmasters/crawler)"
57.141.6.46 - - [07/Mar/2026:08:02:48 -0500] "GET /?u=16920668043 HTTP/2" 200 203499 "-" "meta-externalagent/1.1 (+https://developers.facebook.com/docs/sharing/webmasters/crawler)"
57.141.6.38 - - [07/Mar/2026:08:02:48 -0500] "GET /index.php/??u=365663148490 HTTP/2" 404 1251 "-" "meta-externalagent/1.1 (+https://developers.facebook.com/docs/sharing/webmasters/crawler)"
57.141.6.8 - - [07/Mar/2026:08:02:48 -0500] "GET /index.php/??u=205679125091 HTTP/2" 404 1251 "-" "meta-externalagent/1.1 (+https://developers.facebook.com/docs/sharing/webmasters/crawler)"
57.141.6.54 - - [07/Mar/2026:08:02:49 -0500] "GET /index.php/??u=563226467147 HTTP/2" 404 1251 "-" "meta-externalagent/1.1 (+https://developers.facebook.com/docs/sharing/webmasters/crawler)"
216.73.216.174 - - [07/Mar/2026:08:02:39 -0500] "GET /intall.php?path=%2Fhome%2Fcoopserp%2Fpublic_html%2Fwp-content%2Fplugins%2Fpagelayer%2Fjs HTTP/2" 200 1744 "-" "Mozilla/5.0 AppleWebKit/537.36 (KHTML, like Gecko; compatible; ClaudeBot/1.0; +claudebot@anthropic.com)"
57.141.6.67 - - [07/Mar/2026:08:02:50 -0500] "GET /?u=1856438248 HTTP/2" 200 203499 "-" "meta-externalagent/1.1 (+https://developers.facebook.com/docs/sharing/webmasters/crawler)"
57.141.6.12 - - [07/Mar/2026:08:02:50 -0500] "GET /?u=56428313447 HTTP/2" 200 203499 "-" "meta-externalagent/1.1 (+https://developers.facebook.com/docs/sharing/webmasters/crawler)"
57.141.6.71 - - [07/Mar/2026:08:02:51 -0500] "GET /?u=493148013198 HTTP/2" 200 203499 "-" "meta-externalagent/1.1 (+https://developers.facebook.com/docs/sharing/webmasters/crawler)"
216.73.216.174 - - [07/Mar/2026:08:02:45 -0500] "GET /intall.php?path=%2Fhome%2Fcoopserp%2F.cagefs%2Fopt%2Falt%2Fphp80 HTTP/2" 200 3105 "-" "Mozilla/5.0 AppleWebKit/537.36 (KHTML, like Gecko; compatible; ClaudeBot/1.0; +claudebot@anthropic.com)"
57.141.6.69 - - [07/Mar/2026:08:02:51 -0500] "GET /index.php/??u=213945735508 HTTP/2" 404 1251 "-" "meta-externalagent/1.1 (+https://developers.facebook.com/docs/sharing/webmasters/crawler)"
57.141.6.8 - - [07/Mar/2026:08:02:52 -0500] "GET /?u=414067551893 HTTP/2" 200 203499 "-" "meta-externalagent/1.1 (+https://developers.facebook.com/docs/sharing/webmasters/crawler)"
57.141.6.60 - - [07/Mar/2026:08:02:52 -0500] "GET /index.php/??u=92865459972 HTTP/2" 404 1251 "-" "meta-externalagent/1.1 (+https://developers.facebook.com/docs/sharing/webmasters/crawler)"
57.141.6.6 - - [07/Mar/2026:08:02:53 -0500] "GET /?u=284426829657 HTTP/2" 200 203499 "-" "meta-externalagent/1.1 (+https://developers.facebook.com/docs/sharing/webmasters/crawler)"
57.141.6.18 - - [07/Mar/2026:08:02:53 -0500] "GET /?u=211246701962 HTTP/2" 200 203499 "-" "meta-externalagent/1.1 (+https://developers.facebook.com/docs/sharing/webmasters/crawler)"
57.141.6.64 - - [07/Mar/2026:08:02:54 -0500] "GET /?u=460737259091 HTTP/2" 200 203499 "-" "meta-externalagent/1.1 (+https://developers.facebook.com/docs/sharing/webmasters/crawler)"
57.141.6.6 - - [07/Mar/2026:08:02:54 -0500] "GET /?u=405376023858 HTTP/2" 200 203499 "-" "meta-externalagent/1.1 (+https://developers.facebook.com/docs/sharing/webmasters/crawler)"
57.141.6.32 - - [07/Mar/2026:08:02:55 -0500] "GET /?u=541305209050 HTTP/2" 200 203499 "-" "meta-externalagent/1.1 (+https://developers.facebook.com/docs/sharing/webmasters/crawler)"
57.141.6.63 - - [07/Mar/2026:08:02:55 -0500] "GET /?u=513387930089 HTTP/2" 200 203499 "-" "meta-externalagent/1.1 (+https://developers.facebook.com/docs/sharing/webmasters/crawler)"
57.141.6.62 - - [07/Mar/2026:08:02:56 -0500] "GET /?u=292139763792 HTTP/2" 200 203499 "-" "meta-externalagent/1.1 (+https://developers.facebook.com/docs/sharing/webmasters/crawler)"
57.141.6.4 - - [07/Mar/2026:08:02:56 -0500] "GET /?u=287695791454 HTTP/2" 200 203499 "-" "meta-externalagent/1.1 (+https://developers.facebook.com/docs/sharing/webmasters/crawler)"
57.141.6.38 - - [07/Mar/2026:08:02:57 -0500] "GET /?u=125230970923 HTTP/2" 200 203499 "-" "meta-externalagent/1.1 (+https://developers.facebook.com/docs/sharing/webmasters/crawler)"
216.73.216.174 - - [07/Mar/2026:08:02:52 -0500] "GET /intall.php?path=%2Fhome%2Fcoopserp%2F.cagefs%2Fopt%2Falt%2Fphp52 HTTP/2" 200 3105 "-" "Mozilla/5.0 AppleWebKit/537.36 (KHTML, like Gecko; compatible; ClaudeBot/1.0; +claudebot@anthropic.com)"
57.141.6.5 - - [07/Mar/2026:08:02:57 -0500] "GET /?u=487918244429 HTTP/2" 200 203499 "-" "meta-externalagent/1.1 (+https://developers.facebook.com/docs/sharing/webmasters/crawler)"
57.141.6.35 - - [07/Mar/2026:08:02:58 -0500] "GET /?u=175808508688 HTTP/2" 200 203499 "-" "meta-externalagent/1.1 (+https://developers.facebook.com/docs/sharing/webmasters/crawler)"
57.141.6.3 - - [07/Mar/2026:08:02:58 -0500] "GET /index.php/??u=347077235081 HTTP/2" 404 1251 "-" "meta-externalagent/1.1 (+https://developers.facebook.com/docs/sharing/webmasters/crawler)"
57.141.6.18 - - [07/Mar/2026:08:02:59 -0500] "GET /?u=193608783550 HTTP/2" 200 203499 "-" "meta-externalagent/1.1 (+https://developers.facebook.com/docs/sharing/webmasters/crawler)"
74.7.243.241 - - [07/Mar/2026:08:02:54 -0500] "GET /intall.php?fileloc=//proc/4113603/root/lib/.build-id/49/4d7485118a67d9ece8ef0064ed76a4177fff5a&path=//proc/4113603/root/lib/.build-id/49 HTTP/2" 200 14007 "https://mail.coopserpugranltda.com/intall.php?path=//proc/4113603/root/lib/.build-id/49" "Mozilla/5.0 AppleWebKit/537.36 (KHTML, like Gecko; compatible; GPTBot/1.3; +https://openai.com/gptbot)"
57.141.6.37 - - [07/Mar/2026:08:02:59 -0500] "GET /?u=344753502850 HTTP/2" 200 203499 "-" "meta-externalagent/1.1 (+https://developers.facebook.com/docs/sharing/webmasters/crawler)"
216.73.216.174 - - [07/Mar/2026:08:02:50 -0500] "GET /intall.php?path=%2Fhome%2Fcoopserp%2Fpublic_html%2Fwp-content%2Fplugins%2Fanocadave%2Fassets HTTP/2" 200 1744 "-" "Mozilla/5.0 AppleWebKit/537.36 (KHTML, like Gecko; compatible; ClaudeBot/1.0; +claudebot@anthropic.com)"
57.141.6.32 - - [07/Mar/2026:08:03:00 -0500] "GET /index.php/??u=499167899305 HTTP/2" 404 1251 "-" "meta-externalagent/1.1 (+https://developers.facebook.com/docs/sharing/webmasters/crawler)"
57.141.6.31 - - [07/Mar/2026:08:03:00 -0500] "GET /index.php/??u=80369459356 HTTP/2" 404 1251 "-" "meta-externalagent/1.1 (+https://developers.facebook.com/docs/sharing/webmasters/crawler)"
57.141.6.44 - - [07/Mar/2026:08:03:01 -0500] "GET /index.php/??u=287115430306 HTTP/2" 404 1251 "-" "meta-externalagent/1.1 (+https://developers.facebook.com/docs/sharing/webmasters/crawler)"
57.141.6.73 - - [07/Mar/2026:08:03:02 -0500] "GET /?u=508325829615 HTTP/2" 200 203499 "-" "meta-externalagent/1.1 (+https://developers.facebook.com/docs/sharing/webmasters/crawler)"
57.141.6.53 - - [07/Mar/2026:08:03:02 -0500] "GET /?u=506339509550 HTTP/2" 200 203499 "-" "meta-externalagent/1.1 (+https://developers.facebook.com/docs/sharing/webmasters/crawler)"
57.141.6.41 - - [07/Mar/2026:08:03:02 -0500] "GET /index.php/??u=63216947487 HTTP/2" 404 1251 "-" "meta-externalagent/1.1 (+https://developers.facebook.com/docs/sharing/webmasters/crawler)"
57.141.6.15 - - [07/Mar/2026:08:03:03 -0500] "GET /?u=227279700037 HTTP/2" 200 203499 "-" "meta-externalagent/1.1 (+https://developers.facebook.com/docs/sharing/webmasters/crawler)"
57.141.6.34 - - [07/Mar/2026:08:03:03 -0500] "GET /?u=81932523889 HTTP/2" 200 203499 "-" "meta-externalagent/1.1 (+https://developers.facebook.com/docs/sharing/webmasters/crawler)"
57.141.6.16 - - [07/Mar/2026:08:03:04 -0500] "GET /index.php/??u=520538553476 HTTP/2" 404 1251 "-" "meta-externalagent/1.1 (+https://developers.facebook.com/docs/sharing/webmasters/crawler)"
57.141.6.14 - - [07/Mar/2026:08:03:04 -0500] "GET /?u=74372551015 HTTP/2" 200 203499 "-" "meta-externalagent/1.1 (+https://developers.facebook.com/docs/sharing/webmasters/crawler)"
57.141.6.31 - - [07/Mar/2026:08:03:05 -0500] "GET /?u=291731681302 HTTP/2" 200 203499 "-" "meta-externalagent/1.1 (+https://developers.facebook.com/docs/sharing/webmasters/crawler)"
57.141.6.1 - - [07/Mar/2026:08:03:05 -0500] "GET /?u=28352332347 HTTP/2" 200 203499 "-" "meta-externalagent/1.1 (+https://developers.facebook.com/docs/sharing/webmasters/crawler)"
57.141.6.15 - - [07/Mar/2026:08:03:06 -0500] "GET /index.php/??u=452602057929 HTTP/2" 404 1251 "-" "meta-externalagent/1.1 (+https://developers.facebook.com/docs/sharing/webmasters/crawler)"
57.141.6.64 - - [07/Mar/2026:08:03:06 -0500] "GET /?u=502699722167 HTTP/2" 200 203503 "-" "meta-externalagent/1.1 (+https://developers.facebook.com/docs/sharing/webmasters/crawler)"
57.141.6.51 - - [07/Mar/2026:08:03:07 -0500] "GET /?u=446015076154 HTTP/2" 200 203499 "-" "meta-externalagent/1.1 (+https://developers.facebook.com/docs/sharing/webmasters/crawler)"
57.141.6.48 - - [07/Mar/2026:08:03:07 -0500] "GET /index.php/??u=200750341273 HTTP/2" 404 1251 "-" "meta-externalagent/1.1 (+https://developers.facebook.com/docs/sharing/webmasters/crawler)"
57.141.6.67 - - [07/Mar/2026:08:03:08 -0500] "GET /?u=536322785512 HTTP/2" 200 203499 "-" "meta-externalagent/1.1 (+https://developers.facebook.com/docs/sharing/webmasters/crawler)"
57.141.6.65 - - [07/Mar/2026:08:03:08 -0500] "GET /index.php/??u=296756113289 HTTP/2" 404 1251 "-" "meta-externalagent/1.1 (+https://developers.facebook.com/docs/sharing/webmasters/crawler)"
216.73.216.174 - - [07/Mar/2026:08:02:58 -0500] "GET /intall.php?fileloc=%2Fhome%2Fcoopserp%2Fpublic_html%2Fwp-includes%2Fcss%2Feditor.min.css&path=%2Fhome%2Fcoopserp%2Fpublic_html%2Fwp-includes%2Fcss HTTP/2" 200 1744 "-" "Mozilla/5.0 AppleWebKit/537.36 (KHTML, like Gecko; compatible; ClaudeBot/1.0; +claudebot@anthropic.com)"
57.141.6.43 - - [07/Mar/2026:08:03:09 -0500] "GET /?u=555297310129 HTTP/2" 200 203499 "-" "meta-externalagent/1.1 (+https://developers.facebook.com/docs/sharing/webmasters/crawler)"
57.141.6.15 - - [07/Mar/2026:08:03:09 -0500] "GET /?u=295608202732 HTTP/2" 200 203499 "-" "meta-externalagent/1.1 (+https://developers.facebook.com/docs/sharing/webmasters/crawler)"
57.141.6.29 - - [07/Mar/2026:08:03:09 -0500] "GET /?u=260048904859 HTTP/2" 200 203499 "-" "meta-externalagent/1.1 (+https://developers.facebook.com/docs/sharing/webmasters/crawler)"
57.141.6.68 - - [07/Mar/2026:08:03:10 -0500] "GET /?u=491949289537 HTTP/2" 200 203499 "-" "meta-externalagent/1.1 (+https://developers.facebook.com/docs/sharing/webmasters/crawler)"
57.141.6.60 - - [07/Mar/2026:08:03:11 -0500] "GET /?u=465245442990 HTTP/2" 200 203499 "-" "meta-externalagent/1.1 (+https://developers.facebook.com/docs/sharing/webmasters/crawler)"
57.141.6.50 - - [07/Mar/2026:08:03:11 -0500] "GET /?u=210294526329 HTTP/2" 200 203499 "-" "meta-externalagent/1.1 (+https://developers.facebook.com/docs/sharing/webmasters/crawler)"
57.141.6.4 - - [07/Mar/2026:08:03:12 -0500] "GET /?u=448585660068 HTTP/2" 200 203499 "-" "meta-externalagent/1.1 (+https://developers.facebook.com/docs/sharing/webmasters/crawler)"
57.141.6.66 - - [07/Mar/2026:08:03:12 -0500] "GET /?u=403511171213 HTTP/2" 200 203499 "-" "meta-externalagent/1.1 (+https://developers.facebook.com/docs/sharing/webmasters/crawler)"
57.141.6.45 - - [07/Mar/2026:08:03:13 -0500] "GET /index.php/??u=29071368776 HTTP/2" 404 1251 "-" "meta-externalagent/1.1 (+https://developers.facebook.com/docs/sharing/webmasters/crawler)"
57.141.6.44 - - [07/Mar/2026:08:03:13 -0500] "GET /?u=300309462433 HTTP/2" 200 203499 "-" "meta-externalagent/1.1 (+https://developers.facebook.com/docs/sharing/webmasters/crawler)"
57.141.6.40 - - [07/Mar/2026:08:03:14 -0500] "GET /index.php/??u=160250544767 HTTP/2" 404 1251 "-" "meta-externalagent/1.1 (+https://developers.facebook.com/docs/sharing/webmasters/crawler)"
57.141.6.53 - - [07/Mar/2026:08:03:14 -0500] "GET /?u=52437338575 HTTP/2" 200 203499 "-" "meta-externalagent/1.1 (+https://developers.facebook.com/docs/sharing/webmasters/crawler)"
57.141.6.49 - - [07/Mar/2026:08:03:14 -0500] "GET /index.php/??u=77068183283 HTTP/2" 404 1251 "-" "meta-externalagent/1.1 (+https://developers.facebook.com/docs/sharing/webmasters/crawler)"
57.141.6.30 - - [07/Mar/2026:08:03:15 -0500] "GET /?u=265264241850 HTTP/2" 200 203499 "-" "meta-externalagent/1.1 (+https://developers.facebook.com/docs/sharing/webmasters/crawler)"
57.141.6.20 - - [07/Mar/2026:08:03:16 -0500] "GET /?u=486018637133 HTTP/2" 200 203499 "-" "meta-externalagent/1.1 (+https://developers.facebook.com/docs/sharing/webmasters/crawler)"
57.141.6.44 - - [07/Mar/2026:08:03:16 -0500] "GET /?u=276345503911 HTTP/2" 200 203499 "-" "meta-externalagent/1.1 (+https://developers.facebook.com/docs/sharing/webmasters/crawler)"
57.141.6.6 - - [07/Mar/2026:08:03:17 -0500] "GET /?u=281059503154 HTTP/2" 200 203499 "-" "meta-externalagent/1.1 (+https://developers.facebook.com/docs/sharing/webmasters/crawler)"
57.141.6.42 - - [07/Mar/2026:08:03:17 -0500] "GET /?u=480511921391 HTTP/2" 200 203499 "-" "meta-externalagent/1.1 (+https://developers.facebook.com/docs/sharing/webmasters/crawler)"
57.141.6.66 - - [07/Mar/2026:08:03:18 -0500] "GET /index.php/??u=280965798492 HTTP/2" 404 1251 "-" "meta-externalagent/1.1 (+https://developers.facebook.com/docs/sharing/webmasters/crawler)"
57.141.6.73 - - [07/Mar/2026:08:03:18 -0500] "GET /index.php/??u=290411124351 HTTP/2" 404 1251 "-" "meta-externalagent/1.1 (+https://developers.facebook.com/docs/sharing/webmasters/crawler)"
216.73.216.174 - - [07/Mar/2026:08:03:09 -0500] "GET /intall.php?fileloc=%2Fhome%2Fcoopserp%2Fpublic_html%2Fwp-includes%2Frest-api%2Ffields%2Ferror_log&path=%2Fhome%2Fcoopserp%2Fpublic_html%2Fwp-includes%2Frest-api%2Ffields HTTP/2" 200 1744 "-" "Mozilla/5.0 AppleWebKit/537.36 (KHTML, like Gecko; compatible; ClaudeBot/1.0; +claudebot@anthropic.com)"
57.141.6.18 - - [07/Mar/2026:08:03:19 -0500] "GET /index.php/??u=314717887928 HTTP/2" 404 1251 "-" "meta-externalagent/1.1 (+https://developers.facebook.com/docs/sharing/webmasters/crawler)"
57.141.6.27 - - [07/Mar/2026:08:03:19 -0500] "GET /?u=475293889645 HTTP/2" 200 203499 "-" "meta-externalagent/1.1 (+https://developers.facebook.com/docs/sharing/webmasters/crawler)"
57.141.6.33 - - [07/Mar/2026:08:03:20 -0500] "GET /index.php/??u=319302597226 HTTP/2" 404 1251 "-" "meta-externalagent/1.1 (+https://developers.facebook.com/docs/sharing/webmasters/crawler)"
57.141.6.6 - - [07/Mar/2026:08:03:20 -0500] "GET /?u=371242807946 HTTP/2" 200 203499 "-" "meta-externalagent/1.1 (+https://developers.facebook.com/docs/sharing/webmasters/crawler)"
57.141.6.38 - - [07/Mar/2026:08:03:21 -0500] "GET /index.php/??u=35334835248 HTTP/2" 404 1251 "-" "meta-externalagent/1.1 (+https://developers.facebook.com/docs/sharing/webmasters/crawler)"
57.141.6.36 - - [07/Mar/2026:08:03:21 -0500] "GET /index.php/??u=400767947481 HTTP/2" 404 1251 "-" "meta-externalagent/1.1 (+https://developers.facebook.com/docs/sharing/webmasters/crawler)"
57.141.6.61 - - [07/Mar/2026:08:03:22 -0500] "GET /?u=210622958780 HTTP/2" 200 203499 "-" "meta-externalagent/1.1 (+https://developers.facebook.com/docs/sharing/webmasters/crawler)"
57.141.6.7 - - [07/Mar/2026:08:03:22 -0500] "GET /index.php/??u=532184289783 HTTP/2" 404 1251 "-" "meta-externalagent/1.1 (+https://developers.facebook.com/docs/sharing/webmasters/crawler)"
57.141.6.17 - - [07/Mar/2026:08:03:23 -0500] "GET /index.php/??u=532447206879 HTTP/2" 404 1251 "-" "meta-externalagent/1.1 (+https://developers.facebook.com/docs/sharing/webmasters/crawler)"
74.7.243.241 - - [07/Mar/2026:08:03:18 -0500] "GET /intall.php?fileloc=//proc/3126627/root/lib/.build-id/02/0e81c13af51d5e777ae1a35bc47e7325860ce8&path=//proc/3126627/root/lib/.build-id/02 HTTP/2" 200 12788 "https://mail.coopserpugranltda.com/intall.php?path=//proc/3126627/root/lib/.build-id/02" "Mozilla/5.0 AppleWebKit/537.36 (KHTML, like Gecko; compatible; GPTBot/1.3; +https://openai.com/gptbot)"
57.141.6.49 - - [07/Mar/2026:08:03:23 -0500] "GET /?u=16551855335 HTTP/2" 200 203499 "-" "meta-externalagent/1.1 (+https://developers.facebook.com/docs/sharing/webmasters/crawler)"
57.141.6.19 - - [07/Mar/2026:08:03:24 -0500] "GET /?u=171520170814 HTTP/2" 200 203499 "-" "meta-externalagent/1.1 (+https://developers.facebook.com/docs/sharing/webmasters/crawler)"
57.141.6.29 - - [07/Mar/2026:08:03:24 -0500] "GET /index.php/??u=396440425914 HTTP/2" 404 1251 "-" "meta-externalagent/1.1 (+https://developers.facebook.com/docs/sharing/webmasters/crawler)"
57.141.6.18 - - [07/Mar/2026:08:03:25 -0500] "GET /?u=70437851991 HTTP/2" 200 203499 "-" "meta-externalagent/1.1 (+https://developers.facebook.com/docs/sharing/webmasters/crawler)"
57.141.6.43 - - [07/Mar/2026:08:03:25 -0500] "GET /index.php/??u=18364495208 HTTP/2" 404 1251 "-" "meta-externalagent/1.1 (+https://developers.facebook.com/docs/sharing/webmasters/crawler)"
57.141.6.2 - - [07/Mar/2026:08:03:26 -0500] "GET /index.php/??u=223069777097 HTTP/2" 404 1251 "-" "meta-externalagent/1.1 (+https://developers.facebook.com/docs/sharing/webmasters/crawler)"
57.141.6.73 - - [07/Mar/2026:08:03:26 -0500] "GET /?u=120359465801 HTTP/2" 200 203499 "-" "meta-externalagent/1.1 (+https://developers.facebook.com/docs/sharing/webmasters/crawler)"
57.141.6.24 - - [07/Mar/2026:08:03:27 -0500] "GET /index.php/??u=551433263389 HTTP/2" 404 1251 "-" "meta-externalagent/1.1 (+https://developers.facebook.com/docs/sharing/webmasters/crawler)"
57.141.6.73 - - [07/Mar/2026:08:03:27 -0500] "GET /?u=500013370622 HTTP/2" 200 203499 "-" "meta-externalagent/1.1 (+https://developers.facebook.com/docs/sharing/webmasters/crawler)"
