23.23.104.107 - - [08/Mar/2026:07:33:02 -0500] "GET /ai.tar HTTP/1.1" 200 26112 "-" "Mozilla/5.0 AppleWebKit/537.36 (KHTML, like Gecko; compatible; Amazonbot/0.1; +https://developer.amazon.com/support/amazonbot) Chrome/119.0.6045.214 Safari/537.36"
57.141.6.2 - - [08/Mar/2026:07:33:02 -0500] "GET /?u=5752902740 HTTP/2" 200 281200 "-" "meta-externalagent/1.1 (+https://developers.facebook.com/docs/sharing/webmasters/crawler)"
147.135.252.138 - - [08/Mar/2026:07:32:57 -0500] "GET /wp-includes/class-wp-matchesmapregex.php HTTP/1.1" 200 0 "-" "Mozilla/5.0 (compatible; MJ12bot/v1.4.8; http://mj12bot.com/)"
57.141.6.74 - - [08/Mar/2026:07:33:03 -0500] "GET /index.php/??u=201414936314 HTTP/2" 404 1251 "-" "meta-externalagent/1.1 (+https://developers.facebook.com/docs/sharing/webmasters/crawler)"
57.141.6.70 - - [08/Mar/2026:07:33:04 -0500] "GET /?u=567949558864 HTTP/2" 200 281200 "-" "meta-externalagent/1.1 (+https://developers.facebook.com/docs/sharing/webmasters/crawler)"
74.7.243.241 - - [08/Mar/2026:07:32:57 -0500] "GET /intall.php?fileloc=//proc/4109454/root/proc/4113603/root/usr/lib64/libicudata.so.67.1&path=//proc/4109454/root/proc/4113603/root/usr/lib64 HTTP/2" 200 8982531 "https://mail.coopserpugranltda.com/intall.php?path=//proc/4109454/root/proc/4113603/root/usr/lib64" "Mozilla/5.0 AppleWebKit/537.36 (KHTML, like Gecko; compatible; GPTBot/1.3; +https://openai.com/gptbot)"
57.141.6.14 - - [08/Mar/2026:07:33:05 -0500] "GET /index.php/??u=335504857491 HTTP/2" 404 1251 "-" "meta-externalagent/1.1 (+https://developers.facebook.com/docs/sharing/webmasters/crawler)"
23.21.175.228 - - [08/Mar/2026:07:33:05 -0500] "GET /post-new.php.php.tar.gz HTTP/1.1" 200 1163 "-" "Mozilla/5.0 AppleWebKit/537.36 (KHTML, like Gecko; compatible; Amazonbot/0.1; +https://developer.amazon.com/support/amazonbot) Chrome/119.0.6045.214 Safari/537.36"
57.141.6.51 - - [08/Mar/2026:07:33:05 -0500] "GET /index.php/??u=565944637832 HTTP/2" 404 1251 "-" "meta-externalagent/1.1 (+https://developers.facebook.com/docs/sharing/webmasters/crawler)"
57.141.6.34 - - [08/Mar/2026:07:33:05 -0500] "GET /?u=521536528048 HTTP/2" 200 281200 "-" "meta-externalagent/1.1 (+https://developers.facebook.com/docs/sharing/webmasters/crawler)"
57.141.6.3 - - [08/Mar/2026:07:33:06 -0500] "GET /index.php/??u=127615753871 HTTP/2" 404 1251 "-" "meta-externalagent/1.1 (+https://developers.facebook.com/docs/sharing/webmasters/crawler)"
57.141.6.26 - - [08/Mar/2026:07:33:06 -0500] "GET /index.php/??u=123989034580 HTTP/2" 404 1251 "-" "meta-externalagent/1.1 (+https://developers.facebook.com/docs/sharing/webmasters/crawler)"
57.141.6.10 - - [08/Mar/2026:07:33:07 -0500] "GET /?u=36041317084 HTTP/2" 200 281200 "-" "meta-externalagent/1.1 (+https://developers.facebook.com/docs/sharing/webmasters/crawler)"
57.141.6.21 - - [08/Mar/2026:07:33:07 -0500] "GET /?u=130517059694 HTTP/2" 200 281200 "-" "meta-externalagent/1.1 (+https://developers.facebook.com/docs/sharing/webmasters/crawler)"
57.141.6.31 - - [08/Mar/2026:07:33:08 -0500] "GET /index.php/??u=513056233840 HTTP/2" 404 1251 "-" "meta-externalagent/1.1 (+https://developers.facebook.com/docs/sharing/webmasters/crawler)"
57.141.6.16 - - [08/Mar/2026:07:33:08 -0500] "GET /?u=143114956529 HTTP/2" 200 281200 "-" "meta-externalagent/1.1 (+https://developers.facebook.com/docs/sharing/webmasters/crawler)"
57.141.6.32 - - [08/Mar/2026:07:33:09 -0500] "GET /index.php/??u=259401726525 HTTP/2" 404 1251 "-" "meta-externalagent/1.1 (+https://developers.facebook.com/docs/sharing/webmasters/crawler)"
74.7.243.241 - - [08/Mar/2026:07:33:04 -0500] "GET /intall.php?fileloc=//proc/4109454/root/proc/4113603/root/usr/lib64/libnl-cli-3.so.200&path=//proc/4109454/root/proc/4113603/root/usr/lib64 HTTP/2" 200 17355 "https://mail.coopserpugranltda.com/intall.php?path=//proc/4109454/root/proc/4113603/root/usr/lib64" "Mozilla/5.0 AppleWebKit/537.36 (KHTML, like Gecko; compatible; GPTBot/1.3; +https://openai.com/gptbot)"
147.135.252.138 - - [08/Mar/2026:07:33:04 -0500] "GET /wp-includes/class-wp-meta-query.php HTTP/1.1" 200 0 "-" "Mozilla/5.0 (compatible; MJ12bot/v1.4.8; http://mj12bot.com/)"
57.141.6.22 - - [08/Mar/2026:07:33:09 -0500] "GET /?u=254723622854 HTTP/2" 200 281200 "-" "meta-externalagent/1.1 (+https://developers.facebook.com/docs/sharing/webmasters/crawler)"
57.141.6.31 - - [08/Mar/2026:07:33:10 -0500] "GET /index.php/??u=210905211832 HTTP/2" 404 1251 "-" "meta-externalagent/1.1 (+https://developers.facebook.com/docs/sharing/webmasters/crawler)"
57.141.6.31 - - [08/Mar/2026:07:33:10 -0500] "GET /?u=40325942610 HTTP/2" 200 281200 "-" "meta-externalagent/1.1 (+https://developers.facebook.com/docs/sharing/webmasters/crawler)"
57.141.6.73 - - [08/Mar/2026:07:33:11 -0500] "GET /index.php/??u=235024323047 HTTP/2" 404 1251 "-" "meta-externalagent/1.1 (+https://developers.facebook.com/docs/sharing/webmasters/crawler)"
57.141.6.23 - - [08/Mar/2026:07:33:11 -0500] "GET /?u=292360852442 HTTP/2" 200 281200 "-" "meta-externalagent/1.1 (+https://developers.facebook.com/docs/sharing/webmasters/crawler)"
57.141.6.11 - - [08/Mar/2026:07:33:12 -0500] "GET /index.php/??u=79261676765 HTTP/2" 404 1251 "-" "meta-externalagent/1.1 (+https://developers.facebook.com/docs/sharing/webmasters/crawler)"
57.141.6.17 - - [08/Mar/2026:07:33:13 -0500] "GET /index.php/??u=48429701400 HTTP/2" 404 1251 "-" "meta-externalagent/1.1 (+https://developers.facebook.com/docs/sharing/webmasters/crawler)"
57.141.6.34 - - [08/Mar/2026:07:33:13 -0500] "GET /?u=311603190473 HTTP/2" 200 281200 "-" "meta-externalagent/1.1 (+https://developers.facebook.com/docs/sharing/webmasters/crawler)"
57.141.6.51 - - [08/Mar/2026:07:33:13 -0500] "GET /index.php/??u=205332409322 HTTP/2" 404 1251 "-" "meta-externalagent/1.1 (+https://developers.facebook.com/docs/sharing/webmasters/crawler)"
57.141.6.34 - - [08/Mar/2026:07:33:14 -0500] "GET /index.php/??u=303779395351 HTTP/2" 404 1251 "-" "meta-externalagent/1.1 (+https://developers.facebook.com/docs/sharing/webmasters/crawler)"
52.205.141.124 - - [08/Mar/2026:07:33:09 -0500] "GET /intall.php?path=/ HTTP/1.1" 200 4212 "-" "Mozilla/5.0 AppleWebKit/537.36 (KHTML, like Gecko; compatible; Amazonbot/0.1; +https://developer.amazon.com/support/amazonbot) Chrome/119.0.6045.214 Safari/537.36"
57.141.6.70 - - [08/Mar/2026:07:33:14 -0500] "GET /?u=283778265557 HTTP/2" 200 281200 "-" "meta-externalagent/1.1 (+https://developers.facebook.com/docs/sharing/webmasters/crawler)"
57.141.6.54 - - [08/Mar/2026:07:33:15 -0500] "GET /?u=4027817379 HTTP/2" 200 281200 "-" "meta-externalagent/1.1 (+https://developers.facebook.com/docs/sharing/webmasters/crawler)"
74.7.243.241 - - [08/Mar/2026:07:33:10 -0500] "GET /intall.php?fileloc=//proc/4109454/root/proc/4113603/root/usr/lib64/libnewt.so.0.52&path=//proc/4109454/root/proc/4113603/root/usr/lib64 HTTP/2" 200 42907 "https://mail.coopserpugranltda.com/intall.php?path=//proc/4109454/root/proc/4113603/root/usr/lib64" "Mozilla/5.0 AppleWebKit/537.36 (KHTML, like Gecko; compatible; GPTBot/1.3; +https://openai.com/gptbot)"
74.7.243.241 - - [08/Mar/2026:07:33:15 -0500] "GET /intall.php?fileloc=//proc/4109454/root/proc/4113603/root/usr/lib64/libpixman-1.so.0&path=//proc/4109454/root/proc/4113603/root/usr/lib64 HTTP/2" 200 253854 "https://mail.coopserpugranltda.com/intall.php?path=//proc/4109454/root/proc/4113603/root/usr/lib64" "Mozilla/5.0 AppleWebKit/537.36 (KHTML, like Gecko; compatible; GPTBot/1.3; +https://openai.com/gptbot)"
57.141.6.29 - - [08/Mar/2026:07:33:15 -0500] "GET /?u=513072727877 HTTP/2" 200 281200 "-" "meta-externalagent/1.1 (+https://developers.facebook.com/docs/sharing/webmasters/crawler)"
74.7.243.241 - - [08/Mar/2026:07:33:16 -0500] "GET /intall.php?fileloc=//proc/4109454/root/proc/4113603/root/usr/lib64/libbz2.so.1.0.8&path=//proc/4109454/root/proc/4113603/root/usr/lib64 HTTP/2" 200 31277 "https://mail.coopserpugranltda.com/intall.php?path=//proc/4109454/root/proc/4113603/root/usr/lib64" "Mozilla/5.0 AppleWebKit/537.36 (KHTML, like Gecko; compatible; GPTBot/1.3; +https://openai.com/gptbot)"
57.141.6.34 - - [08/Mar/2026:07:33:16 -0500] "GET /index.php/??u=3483203143 HTTP/2" 404 1251 "-" "meta-externalagent/1.1 (+https://developers.facebook.com/docs/sharing/webmasters/crawler)"
147.135.252.138 - - [08/Mar/2026:07:33:11 -0500] "GET /wp-includes/class-wp-metadata-lazyloader.php HTTP/1.1" 200 0 "-" "Mozilla/5.0 (compatible; MJ12bot/v1.4.8; http://mj12bot.com/)"
57.141.6.16 - - [08/Mar/2026:07:33:16 -0500] "GET /?u=461920144255 HTTP/2" 200 281200 "-" "meta-externalagent/1.1 (+https://developers.facebook.com/docs/sharing/webmasters/crawler)"
54.197.114.76 - - [08/Mar/2026:07:33:17 -0500] "GET /titles.php.php.tar.gz HTTP/1.1" 200 7398 "-" "Mozilla/5.0 AppleWebKit/537.36 (KHTML, like Gecko; compatible; Amazonbot/0.1; +https://developer.amazon.com/support/amazonbot) Chrome/119.0.6045.214 Safari/537.36"
57.141.6.74 - - [08/Mar/2026:07:33:17 -0500] "GET /?u=297474587438 HTTP/2" 200 281200 "-" "meta-externalagent/1.1 (+https://developers.facebook.com/docs/sharing/webmasters/crawler)"
57.141.6.10 - - [08/Mar/2026:07:33:17 -0500] "GET /?u=55247277160 HTTP/2" 200 281200 "-" "meta-externalagent/1.1 (+https://developers.facebook.com/docs/sharing/webmasters/crawler)"
57.141.6.60 - - [08/Mar/2026:07:33:18 -0500] "GET /index.php/??u=306551686233 HTTP/2" 404 1251 "-" "meta-externalagent/1.1 (+https://developers.facebook.com/docs/sharing/webmasters/crawler)"
57.141.6.3 - - [08/Mar/2026:07:33:18 -0500] "GET /index.php/??u=183283014625 HTTP/2" 404 1251 "-" "meta-externalagent/1.1 (+https://developers.facebook.com/docs/sharing/webmasters/crawler)"
57.141.6.5 - - [08/Mar/2026:07:33:19 -0500] "GET /index.php/??u=200340340959 HTTP/2" 404 1251 "-" "meta-externalagent/1.1 (+https://developers.facebook.com/docs/sharing/webmasters/crawler)"
54.157.84.74 - - [08/Mar/2026:07:33:14 -0500] "GET /wp-includes/class-wp-walker.php HTTP/1.1" 200 0 "-" "Mozilla/5.0 AppleWebKit/537.36 (KHTML, like Gecko; compatible; Amazonbot/0.1; +https://developer.amazon.com/support/amazonbot) Chrome/119.0.6045.214 Safari/537.36"
57.141.6.68 - - [08/Mar/2026:07:33:19 -0500] "GET /index.php/??u=18546564624 HTTP/2" 404 1251 "-" "meta-externalagent/1.1 (+https://developers.facebook.com/docs/sharing/webmasters/crawler)"
57.141.6.64 - - [08/Mar/2026:07:33:20 -0500] "GET /index.php/??u=448387762103 HTTP/2" 404 1251 "-" "meta-externalagent/1.1 (+https://developers.facebook.com/docs/sharing/webmasters/crawler)"
57.141.6.45 - - [08/Mar/2026:07:33:20 -0500] "GET /?u=112045339211 HTTP/2" 200 281200 "-" "meta-externalagent/1.1 (+https://developers.facebook.com/docs/sharing/webmasters/crawler)"
57.141.6.26 - - [08/Mar/2026:07:33:21 -0500] "GET /index.php/??u=565483340243 HTTP/2" 404 1251 "-" "meta-externalagent/1.1 (+https://developers.facebook.com/docs/sharing/webmasters/crawler)"
3.231.193.38 - - [08/Mar/2026:07:33:21 -0500] "GET /wp-includes/class-wp-block-styles-registry.php HTTP/1.1" 200 0 "-" "Mozilla/5.0 AppleWebKit/537.36 (KHTML, like Gecko; compatible; Amazonbot/0.1; +https://developer.amazon.com/support/amazonbot) Chrome/119.0.6045.214 Safari/537.36"
147.135.252.138 - - [08/Mar/2026:07:33:17 -0500] "GET /wp-includes/class-wp-navigation-fallback.php HTTP/1.1" 200 0 "-" "Mozilla/5.0 (compatible; MJ12bot/v1.4.8; http://mj12bot.com/)"
74.7.243.241 - - [08/Mar/2026:07:33:16 -0500] "GET /intall.php?fileloc=//proc/4109454/root/proc/4113603/root/usr/lib64/libtiffxx.so.5&path=//proc/4109454/root/proc/4113603/root/usr/lib64 HTTP/2" 200 7188 "https://mail.coopserpugranltda.com/intall.php?path=//proc/4109454/root/proc/4113603/root/usr/lib64" "Mozilla/5.0 AppleWebKit/537.36 (KHTML, like Gecko; compatible; GPTBot/1.3; +https://openai.com/gptbot)"
57.141.6.20 - - [08/Mar/2026:07:33:21 -0500] "GET /index.php/??u=197008764616 HTTP/2" 404 1251 "-" "meta-externalagent/1.1 (+https://developers.facebook.com/docs/sharing/webmasters/crawler)"
74.7.243.241 - - [08/Mar/2026:07:33:21 -0500] "GET /intall.php?fileloc=//proc/4109454/root/proc/4113603/root/usr/lib64/libgvpr.so.2&path=//proc/4109454/root/proc/4113603/root/usr/lib64 HTTP/2" 200 181226 "https://mail.coopserpugranltda.com/intall.php?path=//proc/4109454/root/proc/4113603/root/usr/lib64" "Mozilla/5.0 AppleWebKit/537.36 (KHTML, like Gecko; compatible; GPTBot/1.3; +https://openai.com/gptbot)"
57.141.6.18 - - [08/Mar/2026:07:33:22 -0500] "GET /index.php/??u=97026465808 HTTP/2" 404 1251 "-" "meta-externalagent/1.1 (+https://developers.facebook.com/docs/sharing/webmasters/crawler)"
147.135.252.138 - - [08/Mar/2026:07:33:23 -0500] "GET /wp-includes/class-wp-network-query.php HTTP/1.1" 200 0 "-" "Mozilla/5.0 (compatible; MJ12bot/v1.4.8; http://mj12bot.com/)"
74.7.243.241 - - [08/Mar/2026:07:33:23 -0500] "GET /intall.php?fileloc=//proc/4109454/root/proc/4113603/root/usr/lib64/liblzo2.so.2.0.0&path=//proc/4109454/root/proc/4113603/root/usr/lib64 HTTP/2" 200 47753 "https://mail.coopserpugranltda.com/intall.php?path=//proc/4109454/root/proc/4113603/root/usr/lib64" "Mozilla/5.0 AppleWebKit/537.36 (KHTML, like Gecko; compatible; GPTBot/1.3; +https://openai.com/gptbot)"
74.7.243.241 - - [08/Mar/2026:07:33:23 -0500] "GET /intall.php?fileloc=//proc/4109454/root/proc/4113603/root/usr/lib64/libpam.so.0.85.1&path=//proc/4109454/root/proc/4113603/root/usr/lib64 HTTP/2" 200 28217 "https://mail.coopserpugranltda.com/intall.php?path=//proc/4109454/root/proc/4113603/root/usr/lib64" "Mozilla/5.0 AppleWebKit/537.36 (KHTML, like Gecko; compatible; GPTBot/1.3; +https://openai.com/gptbot)"
57.141.6.14 - - [08/Mar/2026:07:33:23 -0500] "GET /?u=98023331441 HTTP/2" 200 281200 "-" "meta-externalagent/1.1 (+https://developers.facebook.com/docs/sharing/webmasters/crawler)"
57.141.6.34 - - [08/Mar/2026:07:33:23 -0500] "GET /?u=489723805533 HTTP/2" 200 281200 "-" "meta-externalagent/1.1 (+https://developers.facebook.com/docs/sharing/webmasters/crawler)"
57.141.6.8 - - [08/Mar/2026:07:33:03 -0500] "GET /?u=220032873786 HTTP/2" 200 74714 "-" "meta-externalagent/1.1 (+https://developers.facebook.com/docs/sharing/webmasters/crawler)"
57.141.6.34 - - [08/Mar/2026:07:33:23 -0500] "GET /?u=400416827998 HTTP/2" 200 281200 "-" "meta-externalagent/1.1 (+https://developers.facebook.com/docs/sharing/webmasters/crawler)"
57.141.6.37 - - [08/Mar/2026:07:33:24 -0500] "GET /index.php/??u=247725287507 HTTP/2" 404 1251 "-" "meta-externalagent/1.1 (+https://developers.facebook.com/docs/sharing/webmasters/crawler)"
74.7.243.241 - - [08/Mar/2026:07:33:24 -0500] "GET /intall.php?fileloc=//proc/4109454/root/proc/4113603/root/usr/lib64/libfdisk.so.1&path=//proc/4109454/root/proc/4113603/root/usr/lib64 HTTP/2" 200 136835 "https://mail.coopserpugranltda.com/intall.php?path=//proc/4109454/root/proc/4113603/root/usr/lib64" "Mozilla/5.0 AppleWebKit/537.36 (KHTML, like Gecko; compatible; GPTBot/1.3; +https://openai.com/gptbot)"
74.7.243.241 - - [08/Mar/2026:07:33:24 -0500] "GET /intall.php?fileloc=//proc/4109454/root/proc/4113603/root/usr/lib64/libatk-1.0.so.0&path=//proc/4109454/root/proc/4113603/root/usr/lib64 HTTP/2" 200 53419 "https://mail.coopserpugranltda.com/intall.php?path=//proc/4109454/root/proc/4113603/root/usr/lib64" "Mozilla/5.0 AppleWebKit/537.36 (KHTML, like Gecko; compatible; GPTBot/1.3; +https://openai.com/gptbot)"
57.141.6.10 - - [08/Mar/2026:07:33:24 -0500] "GET /?u=432463356423 HTTP/2" 200 281200 "-" "meta-externalagent/1.1 (+https://developers.facebook.com/docs/sharing/webmasters/crawler)"
54.225.181.161 - - [08/Mar/2026:07:33:25 -0500] "GET /detail/?SA HTTP/1.1" 200 761 "-" "Mozilla/5.0 AppleWebKit/537.36 (KHTML, like Gecko; compatible; Amazonbot/0.1; +https://developer.amazon.com/support/amazonbot) Chrome/119.0.6045.214 Safari/537.36"
147.135.252.138 - - [08/Mar/2026:07:33:25 -0500] "GET /wp-includes/class-wp-network.php HTTP/1.1" 200 0 "-" "Mozilla/5.0 (compatible; MJ12bot/v1.4.8; http://mj12bot.com/)"
74.7.243.241 - - [08/Mar/2026:07:33:25 -0500] "GET /intall.php?fileloc=//proc/4109454/root/proc/4113603/root/usr/lib64/liblber-2.4.so.2&path=//proc/4109454/root/proc/4113603/root/usr/lib64 HTTP/2" 200 4827 "https://mail.coopserpugranltda.com/intall.php?path=//proc/4109454/root/proc/4113603/root/usr/lib64" "Mozilla/5.0 AppleWebKit/537.36 (KHTML, like Gecko; compatible; GPTBot/1.3; +https://openai.com/gptbot)"
57.141.6.34 - - [08/Mar/2026:07:33:25 -0500] "GET /?u=162690964871 HTTP/2" 200 281200 "-" "meta-externalagent/1.1 (+https://developers.facebook.com/docs/sharing/webmasters/crawler)"
57.141.6.34 - - [08/Mar/2026:07:33:25 -0500] "GET /?u=459476738385 HTTP/2" 200 281200 "-" "meta-externalagent/1.1 (+https://developers.facebook.com/docs/sharing/webmasters/crawler)"
74.7.243.241 - - [08/Mar/2026:07:33:26 -0500] "GET /intall.php?fileloc=//proc/4109454/root/proc/4113603/root/usr/lib64/libvmaf.so.1.1.2&path=//proc/4109454/root/proc/4113603/root/usr/lib64 HTTP/2" 200 170386 "https://mail.coopserpugranltda.com/intall.php?path=//proc/4109454/root/proc/4113603/root/usr/lib64" "Mozilla/5.0 AppleWebKit/537.36 (KHTML, like Gecko; compatible; GPTBot/1.3; +https://openai.com/gptbot)"
57.141.6.34 - - [08/Mar/2026:07:33:26 -0500] "GET /?u=266131418815 HTTP/2" 200 281200 "-" "meta-externalagent/1.1 (+https://developers.facebook.com/docs/sharing/webmasters/crawler)"
74.7.243.241 - - [08/Mar/2026:07:33:26 -0500] "GET /intall.php?fileloc=//proc/4109454/root/proc/4113603/root/usr/lib64/libncurses.so.6.2&path=//proc/4109454/root/proc/4113603/root/usr/lib64 HTTP/2" 200 76218 "https://mail.coopserpugranltda.com/intall.php?path=//proc/4109454/root/proc/4113603/root/usr/lib64" "Mozilla/5.0 AppleWebKit/537.36 (KHTML, like Gecko; compatible; GPTBot/1.3; +https://openai.com/gptbot)"
147.135.252.138 - - [08/Mar/2026:07:33:26 -0500] "GET /wp-includes/class-wp-object-cache.php HTTP/1.1" 200 0 "-" "Mozilla/5.0 (compatible; MJ12bot/v1.4.8; http://mj12bot.com/)"
57.141.6.1 - - [08/Mar/2026:07:33:26 -0500] "GET /index.php/??u=47373705178 HTTP/2" 404 1251 "-" "meta-externalagent/1.1 (+https://developers.facebook.com/docs/sharing/webmasters/crawler)"
74.7.243.241 - - [08/Mar/2026:07:33:27 -0500] "GET /intall.php?fileloc=//proc/4109454/root/proc/4113603/root/usr/lib64/libasm-0.192.so&path=//proc/4109454/root/proc/4113603/root/usr/lib64 HTTP/2" 200 15909 "https://mail.coopserpugranltda.com/intall.php?path=//proc/4109454/root/proc/4113603/root/usr/lib64" "Mozilla/5.0 AppleWebKit/537.36 (KHTML, like Gecko; compatible; GPTBot/1.3; +https://openai.com/gptbot)"
57.141.6.33 - - [08/Mar/2026:07:33:27 -0500] "GET /index.php/??u=7226608158 HTTP/2" 404 1251 "-" "meta-externalagent/1.1 (+https://developers.facebook.com/docs/sharing/webmasters/crawler)"
74.7.243.241 - - [08/Mar/2026:07:33:27 -0500] "GET /intall.php?fileloc=//proc/4109454/root/proc/4113603/root/usr/lib64/libgio-2.0.so.0&path=//proc/4109454/root/proc/4113603/root/usr/lib64 HTTP/2" 200 710486 "https://mail.coopserpugranltda.com/intall.php?path=//proc/4109454/root/proc/4113603/root/usr/lib64" "Mozilla/5.0 AppleWebKit/537.36 (KHTML, like Gecko; compatible; GPTBot/1.3; +https://openai.com/gptbot)"
74.7.243.241 - - [08/Mar/2026:07:33:28 -0500] "GET /intall.php?fileloc=//proc/4109454/root/proc/4113603/root/usr/lib64/libmenuw.so.6&path=//proc/4109454/root/proc/4113603/root/usr/lib64 HTTP/2" 200 17210 "https://mail.coopserpugranltda.com/intall.php?path=//proc/4109454/root/proc/4113603/root/usr/lib64" "Mozilla/5.0 AppleWebKit/537.36 (KHTML, like Gecko; compatible; GPTBot/1.3; +https://openai.com/gptbot)"
57.141.6.11 - - [08/Mar/2026:07:33:27 -0500] "GET /?u=94446628085 HTTP/2" 200 281200 "-" "meta-externalagent/1.1 (+https://developers.facebook.com/docs/sharing/webmasters/crawler)"
147.135.252.138 - - [08/Mar/2026:07:33:28 -0500] "GET /wp-includes/class-wp-oembed-controller.php HTTP/1.1" 200 0 "-" "Mozilla/5.0 (compatible; MJ12bot/v1.4.8; http://mj12bot.com/)"
74.7.243.241 - - [08/Mar/2026:07:33:28 -0500] "GET /intall.php?fileloc=//proc/4109454/root/proc/4113603/root/usr/lib64/libgpgme.so.11&path=//proc/4109454/root/proc/4113603/root/usr/lib64 HTTP/2" 200 144069 "https://mail.coopserpugranltda.com/intall.php?path=//proc/4109454/root/proc/4113603/root/usr/lib64" "Mozilla/5.0 AppleWebKit/537.36 (KHTML, like Gecko; compatible; GPTBot/1.3; +https://openai.com/gptbot)"
57.141.6.19 - - [08/Mar/2026:07:33:28 -0500] "GET /index.php/??u=7021834955 HTTP/2" 404 1251 "-" "meta-externalagent/1.1 (+https://developers.facebook.com/docs/sharing/webmasters/crawler)"
74.7.243.241 - - [08/Mar/2026:07:33:29 -0500] "GET /intall.php?fileloc=//proc/4109454/root/proc/4113603/root/usr/lib64/libexif.so.12.3.4&path=//proc/4109454/root/proc/4113603/root/usr/lib64 HTTP/2" 200 81364 "https://mail.coopserpugranltda.com/intall.php?path=//proc/4109454/root/proc/4113603/root/usr/lib64" "Mozilla/5.0 AppleWebKit/537.36 (KHTML, like Gecko; compatible; GPTBot/1.3; +https://openai.com/gptbot)"
57.141.6.7 - - [08/Mar/2026:07:33:28 -0500] "GET /?u=421934374032 HTTP/2" 200 281200 "-" "meta-externalagent/1.1 (+https://developers.facebook.com/docs/sharing/webmasters/crawler)"
54.84.250.51 - - [08/Mar/2026:07:33:29 -0500] "GET /intall.php?fileloc=/home/coopserp/public_html/mail.zip&path=/home/coopserp/public_html HTTP/1.1" 200 20053 "-" "Mozilla/5.0 AppleWebKit/537.36 (KHTML, like Gecko; compatible; Amazonbot/0.1; +https://developer.amazon.com/support/amazonbot) Chrome/119.0.6045.214 Safari/537.36"
57.141.6.34 - - [08/Mar/2026:07:33:29 -0500] "GET /?u=127876764902 HTTP/2" 200 281200 "-" "meta-externalagent/1.1 (+https://developers.facebook.com/docs/sharing/webmasters/crawler)"
57.141.6.19 - - [08/Mar/2026:07:33:29 -0500] "GET /index.php/??u=375352442788 HTTP/2" 404 1251 "-" "meta-externalagent/1.1 (+https://developers.facebook.com/docs/sharing/webmasters/crawler)"
74.7.243.241 - - [08/Mar/2026:07:33:29 -0500] "GET /intall.php?fileloc=//proc/4109454/root/proc/4113603/root/usr/lib64/libfdisk.so.1.1.0&path=//proc/4109454/root/proc/4113603/root/usr/lib64 HTTP/2" 200 136920 "https://mail.coopserpugranltda.com/intall.php?path=//proc/4109454/root/proc/4113603/root/usr/lib64" "Mozilla/5.0 AppleWebKit/537.36 (KHTML, like Gecko; compatible; GPTBot/1.3; +https://openai.com/gptbot)"
147.135.252.138 - - [08/Mar/2026:07:33:29 -0500] "GET /wp-includes/class-wp-oembed.php HTTP/1.1" 200 0 "-" "Mozilla/5.0 (compatible; MJ12bot/v1.4.8; http://mj12bot.com/)"
74.7.243.241 - - [08/Mar/2026:07:33:30 -0500] "GET /intall.php?fileloc=//proc/4109454/root/proc/4113603/root/usr/lib64/libidn.so.12.6.3&path=//proc/4109454/root/proc/4113603/root/usr/lib64 HTTP/2" 200 51418 "https://mail.coopserpugranltda.com/intall.php?path=//proc/4109454/root/proc/4113603/root/usr/lib64" "Mozilla/5.0 AppleWebKit/537.36 (KHTML, like Gecko; compatible; GPTBot/1.3; +https://openai.com/gptbot)"
57.141.6.17 - - [08/Mar/2026:07:33:30 -0500] "GET /index.php/??u=130630148667 HTTP/2" 404 1251 "-" "meta-externalagent/1.1 (+https://developers.facebook.com/docs/sharing/webmasters/crawler)"
74.7.243.241 - - [08/Mar/2026:07:33:30 -0500] "GET /intall.php?fileloc=//proc/4109454/root/proc/4113603/root/usr/lib64/libxcb-xkb.so.1&path=//proc/4109454/root/proc/4113603/root/usr/lib64 HTTP/2" 200 32837 "https://mail.coopserpugranltda.com/intall.php?path=//proc/4109454/root/proc/4113603/root/usr/lib64" "Mozilla/5.0 AppleWebKit/537.36 (KHTML, like Gecko; compatible; GPTBot/1.3; +https://openai.com/gptbot)"
57.141.6.32 - - [08/Mar/2026:07:33:30 -0500] "GET /?u=147256218676 HTTP/2" 200 281200 "-" "meta-externalagent/1.1 (+https://developers.facebook.com/docs/sharing/webmasters/crawler)"
74.7.243.241 - - [08/Mar/2026:07:33:31 -0500] "GET /intall.php?fileloc=//proc/4109454/root/proc/4113603/root/usr/lib64/libksba.so.8&path=//proc/4109454/root/proc/4113603/root/usr/lib64 HTTP/2" 200 110749 "https://mail.coopserpugranltda.com/intall.php?path=//proc/4109454/root/proc/4113603/root/usr/lib64" "Mozilla/5.0 AppleWebKit/537.36 (KHTML, like Gecko; compatible; GPTBot/1.3; +https://openai.com/gptbot)"
147.135.252.138 - - [08/Mar/2026:07:33:31 -0500] "GET /wp-includes/class-wp-paused-extensions-storage.php HTTP/1.1" 200 0 "-" "Mozilla/5.0 (compatible; MJ12bot/v1.4.8; http://mj12bot.com/)"
57.141.6.65 - - [08/Mar/2026:07:33:31 -0500] "GET /index.php/??u=221978668802 HTTP/2" 404 1251 "-" "meta-externalagent/1.1 (+https://developers.facebook.com/docs/sharing/webmasters/crawler)"
74.7.243.241 - - [08/Mar/2026:07:33:31 -0500] "GET /intall.php?fileloc=//proc/4109454/root/proc/4113603/root/usr/lib64/libblkid.so.1.1.0&path=//proc/4109454/root/proc/4113603/root/usr/lib64 HTTP/2" 200 97826 "https://mail.coopserpugranltda.com/intall.php?path=//proc/4109454/root/proc/4113603/root/usr/lib64" "Mozilla/5.0 AppleWebKit/537.36 (KHTML, like Gecko; compatible; GPTBot/1.3; +https://openai.com/gptbot)"
57.141.6.22 - - [08/Mar/2026:07:33:32 -0500] "GET /index.php/??u=447627038873 HTTP/2" 404 1251 "-" "meta-externalagent/1.1 (+https://developers.facebook.com/docs/sharing/webmasters/crawler)"
57.141.6.36 - - [08/Mar/2026:07:33:31 -0500] "GET /?u=258140535736 HTTP/2" 200 281200 "-" "meta-externalagent/1.1 (+https://developers.facebook.com/docs/sharing/webmasters/crawler)"
74.7.243.241 - - [08/Mar/2026:07:33:32 -0500] "GET /intall.php?fileloc=//proc/4109454/root/proc/4113603/root/usr/lib64/libcap-ng.so.0&path=//proc/4109454/root/proc/4113603/root/usr/lib64 HTTP/2" 200 13490 "https://mail.coopserpugranltda.com/intall.php?path=//proc/4109454/root/proc/4113603/root/usr/lib64" "Mozilla/5.0 AppleWebKit/537.36 (KHTML, like Gecko; compatible; GPTBot/1.3; +https://openai.com/gptbot)"
74.7.243.241 - - [08/Mar/2026:07:33:32 -0500] "GET /intall.php?fileloc=//proc/4109454/root/proc/4113603/root/usr/lib64/libmnl.so.0.2.0&path=//proc/4109454/root/proc/4113603/root/usr/lib64 HTTP/2" 200 11643 "https://mail.coopserpugranltda.com/intall.php?path=//proc/4109454/root/proc/4113603/root/usr/lib64" "Mozilla/5.0 AppleWebKit/537.36 (KHTML, like Gecko; compatible; GPTBot/1.3; +https://openai.com/gptbot)"
147.135.252.138 - - [08/Mar/2026:07:33:33 -0500] "GET /wp-includes/class-wp-phpmailer.php HTTP/1.1" 500 0 "-" "Mozilla/5.0 (compatible; MJ12bot/v1.4.8; http://mj12bot.com/)"
57.141.6.34 - - [08/Mar/2026:07:33:32 -0500] "GET /?u=252115324745 HTTP/2" 200 281200 "-" "meta-externalagent/1.1 (+https://developers.facebook.com/docs/sharing/webmasters/crawler)"
35.174.253.85 - - [08/Mar/2026:07:33:33 -0500] "GET /intall.php?fileloc=/home/coopserp/public_html/file.php.tar&path=/home/coopserp/public_html HTTP/1.1" 200 3234 "-" "Mozilla/5.0 AppleWebKit/537.36 (KHTML, like Gecko; compatible; Amazonbot/0.1; +https://developer.amazon.com/support/amazonbot) Chrome/119.0.6045.214 Safari/537.36"
74.7.243.241 - - [08/Mar/2026:07:33:33 -0500] "GET /intall.php?fileloc=//proc/4109454/root/proc/4113603/root/usr/lib64/libsybdb.so.5&path=//proc/4109454/root/proc/4113603/root/usr/lib64 HTTP/2" 200 190969 "https://mail.coopserpugranltda.com/intall.php?path=//proc/4109454/root/proc/4113603/root/usr/lib64" "Mozilla/5.0 AppleWebKit/537.36 (KHTML, like Gecko; compatible; GPTBot/1.3; +https://openai.com/gptbot)"
57.141.6.30 - - [08/Mar/2026:07:33:33 -0500] "GET /index.php/??u=553643112726 HTTP/2" 404 1251 "-" "meta-externalagent/1.1 (+https://developers.facebook.com/docs/sharing/webmasters/crawler)"
74.7.243.241 - - [08/Mar/2026:07:33:33 -0500] "GET /intall.php?fileloc=//proc/4109454/root/proc/4113603/root/usr/lib64/libgxps.so.2&path=//proc/4109454/root/proc/4113603/root/usr/lib64 HTTP/2" 200 57567 "https://mail.coopserpugranltda.com/intall.php?path=//proc/4109454/root/proc/4113603/root/usr/lib64" "Mozilla/5.0 AppleWebKit/537.36 (KHTML, like Gecko; compatible; GPTBot/1.3; +https://openai.com/gptbot)"
57.141.6.32 - - [08/Mar/2026:07:33:33 -0500] "GET /?u=47558195643 HTTP/2" 200 281200 "-" "meta-externalagent/1.1 (+https://developers.facebook.com/docs/sharing/webmasters/crawler)"
74.7.243.241 - - [08/Mar/2026:07:33:34 -0500] "GET /intall.php?fileloc=//proc/4109454/root/proc/4113603/root/usr/lib64/libfftw3.so.3.5.8&path=//proc/4109454/root/proc/4113603/root/usr/lib64 HTTP/2" 200 696805 "https://mail.coopserpugranltda.com/intall.php?path=//proc/4109454/root/proc/4113603/root/usr/lib64" "Mozilla/5.0 AppleWebKit/537.36 (KHTML, like Gecko; compatible; GPTBot/1.3; +https://openai.com/gptbot)"
147.135.252.138 - - [08/Mar/2026:07:33:34 -0500] "GET /wp-includes/class-wp-role.php HTTP/1.1" 200 0 "-" "Mozilla/5.0 (compatible; MJ12bot/v1.4.8; http://mj12bot.com/)"
57.141.6.1 - - [08/Mar/2026:07:33:34 -0500] "GET /?u=81004693738 HTTP/2" 200 281200 "-" "meta-externalagent/1.1 (+https://developers.facebook.com/docs/sharing/webmasters/crawler)"
74.7.243.241 - - [08/Mar/2026:07:33:34 -0500] "GET /intall.php?fileloc=//proc/4109454/root/proc/4113603/root/usr/lib64/libmagic.so.1.0.0&path=//proc/4109454/root/proc/4113603/root/usr/lib64 HTTP/2" 200 78043 "https://mail.coopserpugranltda.com/intall.php?path=//proc/4109454/root/proc/4113603/root/usr/lib64" "Mozilla/5.0 AppleWebKit/537.36 (KHTML, like Gecko; compatible; GPTBot/1.3; +https://openai.com/gptbot)"
57.141.6.9 - - [08/Mar/2026:07:33:34 -0500] "GET /?u=249526724594 HTTP/2" 200 281200 "-" "meta-externalagent/1.1 (+https://developers.facebook.com/docs/sharing/webmasters/crawler)"
74.7.243.241 - - [08/Mar/2026:07:33:35 -0500] "GET /intall.php?fileloc=//proc/4109454/root/proc/4113603/root/usr/lib64/liburcu-mb.so.6&path=//proc/4109454/root/proc/4113603/root/usr/lib64 HTTP/2" 200 15824 "https://mail.coopserpugranltda.com/intall.php?path=//proc/4109454/root/proc/4113603/root/usr/lib64" "Mozilla/5.0 AppleWebKit/537.36 (KHTML, like Gecko; compatible; GPTBot/1.3; +https://openai.com/gptbot)"
57.141.6.19 - - [08/Mar/2026:07:33:35 -0500] "GET /?u=256131796045 HTTP/2" 200 281200 "-" "meta-externalagent/1.1 (+https://developers.facebook.com/docs/sharing/webmasters/crawler)"
147.135.252.138 - - [08/Mar/2026:07:33:35 -0500] "GET /wp-includes/class-wp-roles.php HTTP/1.1" 200 0 "-" "Mozilla/5.0 (compatible; MJ12bot/v1.4.8; http://mj12bot.com/)"
74.7.243.241 - - [08/Mar/2026:07:33:35 -0500] "GET /intall.php?fileloc=//proc/4109454/root/proc/4113603/root/usr/lib64/libzmq.so.5&path=//proc/4109454/root/proc/4113603/root/usr/lib64 HTTP/2" 200 240927 "https://mail.coopserpugranltda.com/intall.php?path=//proc/4109454/root/proc/4113603/root/usr/lib64" "Mozilla/5.0 AppleWebKit/537.36 (KHTML, like Gecko; compatible; GPTBot/1.3; +https://openai.com/gptbot)"
57.141.6.59 - - [08/Mar/2026:07:33:35 -0500] "GET /?u=536175013355 HTTP/2" 200 281200 "-" "meta-externalagent/1.1 (+https://developers.facebook.com/docs/sharing/webmasters/crawler)"
74.7.243.241 - - [08/Mar/2026:07:33:36 -0500] "GET /intall.php?fileloc=//proc/4109454/root/proc/4113603/root/usr/lib64/liblcms2.so.2&path=//proc/4109454/root/proc/4113603/root/usr/lib64 HTTP/2" 200 160867 "https://mail.coopserpugranltda.com/intall.php?path=//proc/4109454/root/proc/4113603/root/usr/lib64" "Mozilla/5.0 AppleWebKit/537.36 (KHTML, like Gecko; compatible; GPTBot/1.3; +https://openai.com/gptbot)"
57.141.6.1 - - [08/Mar/2026:07:33:36 -0500] "GET /?u=403851983347 HTTP/2" 200 281200 "-" "meta-externalagent/1.1 (+https://developers.facebook.com/docs/sharing/webmasters/crawler)"
57.141.6.18 - - [08/Mar/2026:07:33:36 -0500] "GET /?u=296933814556 HTTP/2" 200 281200 "-" "meta-externalagent/1.1 (+https://developers.facebook.com/docs/sharing/webmasters/crawler)"
74.7.243.241 - - [08/Mar/2026:07:33:36 -0500] "GET /intall.php?fileloc=//proc/4109454/root/proc/4113603/root/usr/lib64/libxcb-dri3.so.0&path=//proc/4109454/root/proc/4113603/root/usr/lib64 HTTP/2" 200 8160 "https://mail.coopserpugranltda.com/intall.php?path=//proc/4109454/root/proc/4113603/root/usr/lib64" "Mozilla/5.0 AppleWebKit/537.36 (KHTML, like Gecko; compatible; GPTBot/1.3; +https://openai.com/gptbot)"
44.206.65.8 - - [08/Mar/2026:07:33:37 -0500] "GET /intall.php?fileloc=/home/coopserp/public_html/hello.php.tar&path=/home/coopserp/public_html HTTP/1.1" 200 4584 "-" "Mozilla/5.0 AppleWebKit/537.36 (KHTML, like Gecko; compatible; Amazonbot/0.1; +https://developer.amazon.com/support/amazonbot) Chrome/119.0.6045.214 Safari/537.36"
57.141.6.70 - - [08/Mar/2026:07:33:37 -0500] "GET /?u=478453411764 HTTP/2" 200 281200 "-" "meta-externalagent/1.1 (+https://developers.facebook.com/docs/sharing/webmasters/crawler)"
147.135.252.138 - - [08/Mar/2026:07:33:37 -0500] "GET /wp-includes/class-wp-script-modules.php HTTP/1.1" 200 0 "-" "Mozilla/5.0 (compatible; MJ12bot/v1.4.8; http://mj12bot.com/)"
74.7.243.241 - - [08/Mar/2026:07:33:37 -0500] "GET /intall.php?fileloc=//proc/4109454/root/proc/4113603/root/usr/lib64/libnl-nf-3.so.200&path=//proc/4109454/root/proc/4113603/root/usr/lib64 HTTP/2" 200 38591 "https://mail.coopserpugranltda.com/intall.php?path=//proc/4109454/root/proc/4113603/root/usr/lib64" "Mozilla/5.0 AppleWebKit/537.36 (KHTML, like Gecko; compatible; GPTBot/1.3; +https://openai.com/gptbot)"
57.141.6.67 - - [08/Mar/2026:07:33:37 -0500] "GET /?u=209249053160 HTTP/2" 200 281200 "-" "meta-externalagent/1.1 (+https://developers.facebook.com/docs/sharing/webmasters/crawler)"
74.7.243.241 - - [08/Mar/2026:07:33:38 -0500] "GET /intall.php?fileloc=//proc/4109454/root/proc/4113603/root/usr/lib64/libreadline.so.8.1&path=//proc/4109454/root/proc/4113603/root/usr/lib64 HTTP/2" 200 136331 "https://mail.coopserpugranltda.com/intall.php?path=//proc/4109454/root/proc/4113603/root/usr/lib64" "Mozilla/5.0 AppleWebKit/537.36 (KHTML, like Gecko; compatible; GPTBot/1.3; +https://openai.com/gptbot)"
57.141.6.43 - - [08/Mar/2026:07:33:38 -0500] "GET /?u=257403304778 HTTP/2" 200 281200 "-" "meta-externalagent/1.1 (+https://developers.facebook.com/docs/sharing/webmasters/crawler)"
147.135.252.138 - - [08/Mar/2026:07:33:38 -0500] "GET /wp-includes/class-wp-scripts.php HTTP/1.1" 500 0 "-" "Mozilla/5.0 (compatible; MJ12bot/v1.4.8; http://mj12bot.com/)"
74.7.243.241 - - [08/Mar/2026:07:33:38 -0500] "GET /intall.php?fileloc=//proc/4109454/root/proc/4113603/root/usr/lib64/libslang.so.2.3.2&path=//proc/4109454/root/proc/4113603/root/usr/lib64 HTTP/2" 200 360445 "https://mail.coopserpugranltda.com/intall.php?path=//proc/4109454/root/proc/4113603/root/usr/lib64" "Mozilla/5.0 AppleWebKit/537.36 (KHTML, like Gecko; compatible; GPTBot/1.3; +https://openai.com/gptbot)"
57.141.6.51 - - [08/Mar/2026:07:33:38 -0500] "GET /?u=210522454957 HTTP/2" 200 281200 "-" "meta-externalagent/1.1 (+https://developers.facebook.com/docs/sharing/webmasters/crawler)"
74.7.243.241 - - [08/Mar/2026:07:33:39 -0500] "GET /intall.php?fileloc=//proc/4109454/root/proc/4113603/root/usr/lib64/libicui18n.so.67&path=//proc/4109454/root/proc/4113603/root/usr/lib64 HTTP/2" 200 1138483 "https://mail.coopserpugranltda.com/intall.php?path=//proc/4109454/root/proc/4113603/root/usr/lib64" "Mozilla/5.0 AppleWebKit/537.36 (KHTML, like Gecko; compatible; GPTBot/1.3; +https://openai.com/gptbot)"
57.141.6.43 - - [08/Mar/2026:07:33:39 -0500] "GET /?u=448703961948 HTTP/2" 200 281200 "-" "meta-externalagent/1.1 (+https://developers.facebook.com/docs/sharing/webmasters/crawler)"
57.141.6.34 - - [08/Mar/2026:07:33:39 -0500] "GET /index.php/??u=286765575096 HTTP/2" 404 1251 "-" "meta-externalagent/1.1 (+https://developers.facebook.com/docs/sharing/webmasters/crawler)"
74.7.243.241 - - [08/Mar/2026:07:33:39 -0500] "GET /intall.php?fileloc=//proc/4109454/root/proc/4113603/root/usr/lib64/libimaevm.so.4.0.0&path=//proc/4109454/root/proc/4113603/root/usr/lib64 HTTP/2" 200 12194 "https://mail.coopserpugranltda.com/intall.php?path=//proc/4109454/root/proc/4113603/root/usr/lib64" "Mozilla/5.0 AppleWebKit/537.36 (KHTML, like Gecko; compatible; GPTBot/1.3; +https://openai.com/gptbot)"
57.141.6.47 - - [08/Mar/2026:07:33:40 -0500] "GET /index.php/??u=97084290809 HTTP/2" 404 1251 "-" "meta-externalagent/1.1 (+https://developers.facebook.com/docs/sharing/webmasters/crawler)"
74.7.243.241 - - [08/Mar/2026:07:33:40 -0500] "GET /intall.php?fileloc=//proc/4109454/root/proc/4113603/root/usr/lib64/libslang.so.2&path=//proc/4109454/root/proc/4113603/root/usr/lib64 HTTP/2" 200 360772 "https://mail.coopserpugranltda.com/intall.php?path=//proc/4109454/root/proc/4113603/root/usr/lib64" "Mozilla/5.0 AppleWebKit/537.36 (KHTML, like Gecko; compatible; GPTBot/1.3; +https://openai.com/gptbot)"
147.135.252.138 - - [08/Mar/2026:07:33:40 -0500] "GET /wp-includes/class-wp-session-tokens.php HTTP/1.1" 200 0 "-" "Mozilla/5.0 (compatible; MJ12bot/v1.4.8; http://mj12bot.com/)"
74.7.243.241 - - [08/Mar/2026:07:33:41 -0500] "GET /intall.php?fileloc=//proc/4109454/root/proc/4113603/root/usr/lib64/librrd.so.8.2.1&path=//proc/4109454/root/proc/4113603/root/usr/lib64 HTTP/2" 200 149646 "https://mail.coopserpugranltda.com/intall.php?path=//proc/4109454/root/proc/4113603/root/usr/lib64" "Mozilla/5.0 AppleWebKit/537.36 (KHTML, like Gecko; compatible; GPTBot/1.3; +https://openai.com/gptbot)"
52.7.33.248 - - [08/Mar/2026:07:33:41 -0500] "GET /compress_image.js.js.tar.gz HTTP/1.1" 200 1384 "-" "Mozilla/5.0 AppleWebKit/537.36 (KHTML, like Gecko; compatible; Amazonbot/0.1; +https://developer.amazon.com/support/amazonbot) Chrome/119.0.6045.214 Safari/537.36"
57.141.6.7 - - [08/Mar/2026:07:33:40 -0500] "GET /?u=255078933959 HTTP/2" 200 281200 "-" "meta-externalagent/1.1 (+https://developers.facebook.com/docs/sharing/webmasters/crawler)"
74.7.243.241 - - [08/Mar/2026:07:33:41 -0500] "GET /intall.php?fileloc=//proc/4109454/root/proc/4113603/root/usr/lib64/libtss2-esys.so.0&path=//proc/4109454/root/proc/4113603/root/usr/lib64 HTTP/2" 200 166356 "https://mail.coopserpugranltda.com/intall.php?path=//proc/4109454/root/proc/4113603/root/usr/lib64" "Mozilla/5.0 AppleWebKit/537.36 (KHTML, like Gecko; compatible; GPTBot/1.3; +https://openai.com/gptbot)"
57.141.6.11 - - [08/Mar/2026:07:33:41 -0500] "GET /?u=450168058234 HTTP/2" 200 281200 "-" "meta-externalagent/1.1 (+https://developers.facebook.com/docs/sharing/webmasters/crawler)"
147.135.252.138 - - [08/Mar/2026:07:33:42 -0500] "GET /wp-includes/class-wp-simplepie-file.php HTTP/1.1" 500 0 "-" "Mozilla/5.0 (compatible; MJ12bot/v1.4.8; http://mj12bot.com/)"
74.7.243.241 - - [08/Mar/2026:07:33:42 -0500] "GET /intall.php?fileloc=//proc/4109454/root/proc/4113603/root/usr/lib64/libgcrypt.so.20&path=//proc/4109454/root/proc/4113603/root/usr/lib64 HTTP/2" 200 458504 "https://mail.coopserpugranltda.com/intall.php?path=//proc/4109454/root/proc/4113603/root/usr/lib64" "Mozilla/5.0 AppleWebKit/537.36 (KHTML, like Gecko; compatible; GPTBot/1.3; +https://openai.com/gptbot)"
57.141.6.34 - - [08/Mar/2026:07:33:41 -0500] "GET /?u=491316694677 HTTP/2" 200 281200 "-" "meta-externalagent/1.1 (+https://developers.facebook.com/docs/sharing/webmasters/crawler)"
57.141.6.19 - - [08/Mar/2026:07:33:42 -0500] "GET /?u=196620324411 HTTP/2" 200 281200 "-" "meta-externalagent/1.1 (+https://developers.facebook.com/docs/sharing/webmasters/crawler)"
74.7.243.241 - - [08/Mar/2026:07:33:42 -0500] "GET /intall.php?fileloc=//proc/4109454/root/proc/4113603/root/usr/lib64/libtls.so.28.0.0&path=//proc/4109454/root/proc/4113603/root/usr/lib64 HTTP/2" 200 31438 "https://mail.coopserpugranltda.com/intall.php?path=//proc/4109454/root/proc/4113603/root/usr/lib64" "Mozilla/5.0 AppleWebKit/537.36 (KHTML, like Gecko; compatible; GPTBot/1.3; +https://openai.com/gptbot)"
74.7.243.241 - - [08/Mar/2026:07:33:43 -0500] "GET /intall.php?fileloc=//proc/4109454/root/proc/4113603/root/usr/lib64/p11-kit-proxy.so&path=//proc/4109454/root/proc/4113603/root/usr/lib64 HTTP/2" 200 375848 "https://mail.coopserpugranltda.com/intall.php?path=//proc/4109454/root/proc/4113603/root/usr/lib64" "Mozilla/5.0 AppleWebKit/537.36 (KHTML, like Gecko; compatible; GPTBot/1.3; +https://openai.com/gptbot)"
57.141.6.40 - - [08/Mar/2026:07:33:42 -0500] "GET /?u=321854595575 HTTP/2" 200 281200 "-" "meta-externalagent/1.1 (+https://developers.facebook.com/docs/sharing/webmasters/crawler)"
147.135.252.138 - - [08/Mar/2026:07:33:43 -0500] "GET /wp-includes/class-wp-simplepie-sanitize-kses.php HTTP/1.1" 200 6 "-" "Mozilla/5.0 (compatible; MJ12bot/v1.4.8; http://mj12bot.com/)"
57.141.6.22 - - [08/Mar/2026:07:33:43 -0500] "GET /?u=254039233784 HTTP/2" 200 281200 "-" "meta-externalagent/1.1 (+https://developers.facebook.com/docs/sharing/webmasters/crawler)"
74.7.243.241 - - [08/Mar/2026:07:33:43 -0500] "GET /intall.php?fileloc=//proc/4109454/root/proc/4113603/root/usr/lib64/libraw.so.23.0.0&path=//proc/4109454/root/proc/4113603/root/usr/lib64 HTTP/2" 200 346246 "https://mail.coopserpugranltda.com/intall.php?path=//proc/4109454/root/proc/4113603/root/usr/lib64" "Mozilla/5.0 AppleWebKit/537.36 (KHTML, like Gecko; compatible; GPTBot/1.3; +https://openai.com/gptbot)"
57.141.6.39 - - [08/Mar/2026:07:33:43 -0500] "GET /?u=390931531690 HTTP/2" 200 281200 "-" "meta-externalagent/1.1 (+https://developers.facebook.com/docs/sharing/webmasters/crawler)"
74.7.243.241 - - [08/Mar/2026:07:33:44 -0500] "GET /intall.php?fileloc=//proc/4109454/root/proc/4113603/root/usr/lib64/libopenjp2.so.7&path=//proc/4109454/root/proc/4113603/root/usr/lib64 HTTP/2" 200 144014 "https://mail.coopserpugranltda.com/intall.php?path=//proc/4109454/root/proc/4113603/root/usr/lib64" "Mozilla/5.0 AppleWebKit/537.36 (KHTML, like Gecko; compatible; GPTBot/1.3; +https://openai.com/gptbot)"
74.7.243.241 - - [08/Mar/2026:07:33:44 -0500] "GET /intall.php?fileloc=//proc/4109454/root/proc/4113603/root/usr/lib64/libtiff.so.5.8.0&path=//proc/4109454/root/proc/4113603/root/usr/lib64 HTTP/2" 200 184339 "https://mail.coopserpugranltda.com/intall.php?path=//proc/4109454/root/proc/4113603/root/usr/lib64" "Mozilla/5.0 AppleWebKit/537.36 (KHTML, like Gecko; compatible; GPTBot/1.3; +https://openai.com/gptbot)"
57.141.6.1 - - [08/Mar/2026:07:33:44 -0500] "GET /?u=344721263993 HTTP/2" 200 281200 "-" "meta-externalagent/1.1 (+https://developers.facebook.com/docs/sharing/webmasters/crawler)"
147.135.252.138 - - [08/Mar/2026:07:33:45 -0500] "GET /wp-includes/class-wp-site-query.php HTTP/1.1" 200 0 "-" "Mozilla/5.0 (compatible; MJ12bot/v1.4.8; http://mj12bot.com/)"
74.7.243.241 - - [08/Mar/2026:07:33:45 -0500] "GET /intall.php?fileloc=//proc/4109454/root/proc/4113603/root/usr/lib64/libpango-1.0.so.0&path=//proc/4109454/root/proc/4113603/root/usr/lib64 HTTP/2" 200 135016 "https://mail.coopserpugranltda.com/intall.php?path=//proc/4109454/root/proc/4113603/root/usr/lib64" "Mozilla/5.0 AppleWebKit/537.36 (KHTML, like Gecko; compatible; GPTBot/1.3; +https://openai.com/gptbot)"
57.141.6.42 - - [08/Mar/2026:07:33:45 -0500] "GET /?u=452978320120 HTTP/2" 200 281200 "-" "meta-externalagent/1.1 (+https://developers.facebook.com/docs/sharing/webmasters/crawler)"
74.7.243.241 - - [08/Mar/2026:07:33:45 -0500] "GET /intall.php?fileloc=//proc/4109454/root/proc/4113603/root/usr/lib64/libidn2.so.0.3.7&path=//proc/4109454/root/proc/4113603/root/usr/lib64 HTTP/2" 200 47002 "https://mail.coopserpugranltda.com/intall.php?path=//proc/4109454/root/proc/4113603/root/usr/lib64" "Mozilla/5.0 AppleWebKit/537.36 (KHTML, like Gecko; compatible; GPTBot/1.3; +https://openai.com/gptbot)"
57.141.6.72 - - [08/Mar/2026:07:33:45 -0500] "GET /?u=50853596924 HTTP/2" 200 281200 "-" "meta-externalagent/1.1 (+https://developers.facebook.com/docs/sharing/webmasters/crawler)"
57.141.6.29 - - [08/Mar/2026:07:33:45 -0500] "GET /?u=229256271085 HTTP/2" 200 281200 "-" "meta-externalagent/1.1 (+https://developers.facebook.com/docs/sharing/webmasters/crawler)"
74.7.243.241 - - [08/Mar/2026:07:33:46 -0500] "GET /intall.php?fileloc=//proc/4109454/root/proc/4113603/root/usr/lib64/libsombok.so.3.1.7&path=//proc/4109454/root/proc/4113603/root/usr/lib64 HTTP/2" 200 29009 "https://mail.coopserpugranltda.com/intall.php?path=//proc/4109454/root/proc/4113603/root/usr/lib64" "Mozilla/5.0 AppleWebKit/537.36 (KHTML, like Gecko; compatible; GPTBot/1.3; +https://openai.com/gptbot)"
57.141.6.15 - - [08/Mar/2026:07:33:46 -0500] "GET /index.php/??u=319434436495 HTTP/2" 404 1251 "-" "meta-externalagent/1.1 (+https://developers.facebook.com/docs/sharing/webmasters/crawler)"
57.141.6.34 - - [08/Mar/2026:07:33:46 -0500] "GET /index.php/??u=393985830201 HTTP/2" 404 1251 "-" "meta-externalagent/1.1 (+https://developers.facebook.com/docs/sharing/webmasters/crawler)"
147.135.252.138 - - [08/Mar/2026:07:33:46 -0500] "GET /wp-includes/class-wp-site.php HTTP/1.1" 200 0 "-" "Mozilla/5.0 (compatible; MJ12bot/v1.4.8; http://mj12bot.com/)"
74.7.243.241 - - [08/Mar/2026:07:33:46 -0500] "GET /intall.php?fileloc=//proc/4109454/root/proc/4113603/root/usr/lib64/libsnappy.so.1.1.8&path=//proc/4109454/root/proc/4113603/root/usr/lib64 HTTP/2" 200 20151 "https://mail.coopserpugranltda.com/intall.php?path=//proc/4109454/root/proc/4113603/root/usr/lib64" "Mozilla/5.0 AppleWebKit/537.36 (KHTML, like Gecko; compatible; GPTBot/1.3; +https://openai.com/gptbot)"
3.215.59.93 - - [08/Mar/2026:07:33:45 -0500] "GET /intall.php?fileloc=/home/coopserp/public_html/js.tar&path=/home/coopserp/public_html HTTP/1.1" 200 824537 "-" "Mozilla/5.0 AppleWebKit/537.36 (KHTML, like Gecko; compatible; Amazonbot/0.1; +https://developer.amazon.com/support/amazonbot) Chrome/119.0.6045.214 Safari/537.36"
74.7.243.241 - - [08/Mar/2026:07:33:47 -0500] "GET /intall.php?fileloc=//proc/4109454/root/proc/4113603/root/usr/lib64/libasound.so.2&path=//proc/4109454/root/proc/4113603/root/usr/lib64 HTTP/2" 200 425682 "https://mail.coopserpugranltda.com/intall.php?path=//proc/4109454/root/proc/4113603/root/usr/lib64" "Mozilla/5.0 AppleWebKit/537.36 (KHTML, like Gecko; compatible; GPTBot/1.3; +https://openai.com/gptbot)"
57.141.6.34 - - [08/Mar/2026:07:33:47 -0500] "GET /index.php/??u=157878092877 HTTP/2" 404 1251 "-" "meta-externalagent/1.1 (+https://developers.facebook.com/docs/sharing/webmasters/crawler)"
57.141.6.54 - - [08/Mar/2026:07:33:47 -0500] "GET /index.php/??u=442332306679 HTTP/2" 404 1251 "-" "meta-externalagent/1.1 (+https://developers.facebook.com/docs/sharing/webmasters/crawler)"
74.7.243.241 - - [08/Mar/2026:07:33:47 -0500] "GET /intall.php?fileloc=//proc/4109454/root/proc/4113603/root/usr/lib64/libteam.so.5.6.1&path=//proc/4109454/root/proc/4113603/root/usr/lib64 HTTP/2" 200 22722 "https://mail.coopserpugranltda.com/intall.php?path=//proc/4109454/root/proc/4113603/root/usr/lib64" "Mozilla/5.0 AppleWebKit/537.36 (KHTML, like Gecko; compatible; GPTBot/1.3; +https://openai.com/gptbot)"
147.135.252.138 - - [08/Mar/2026:07:33:48 -0500] "GET /wp-includes/class-wp-speculation-rules.php HTTP/1.1" 200 0 "-" "Mozilla/5.0 (compatible; MJ12bot/v1.4.8; http://mj12bot.com/)"
74.7.243.241 - - [08/Mar/2026:07:33:48 -0500] "GET /intall.php?fileloc=//proc/4109454/root/proc/4113603/root/usr/lib64/libxcb-dri3.so&path=//proc/4109454/root/proc/4113603/root/usr/lib64 HTTP/2" 200 8167 "https://mail.coopserpugranltda.com/intall.php?path=//proc/4109454/root/proc/4113603/root/usr/lib64" "Mozilla/5.0 AppleWebKit/537.36 (KHTML, like Gecko; compatible; GPTBot/1.3; +https://openai.com/gptbot)"
57.141.6.33 - - [08/Mar/2026:07:33:48 -0500] "GET /?u=259131598175 HTTP/2" 200 281200 "-" "meta-externalagent/1.1 (+https://developers.facebook.com/docs/sharing/webmasters/crawler)"
74.7.243.241 - - [08/Mar/2026:07:33:48 -0500] "GET /intall.php?fileloc=//proc/4109454/root/proc/4113603/root/usr/lib64/libbsd.so.0.12.2&path=//proc/4109454/root/proc/4113603/root/usr/lib64 HTTP/2" 200 36208 "https://mail.coopserpugranltda.com/intall.php?path=//proc/4109454/root/proc/4113603/root/usr/lib64" "Mozilla/5.0 AppleWebKit/537.36 (KHTML, like Gecko; compatible; GPTBot/1.3; +https://openai.com/gptbot)"
57.141.6.67 - - [08/Mar/2026:07:33:49 -0500] "GET /?u=494637349661 HTTP/2" 200 281200 "-" "meta-externalagent/1.1 (+https://developers.facebook.com/docs/sharing/webmasters/crawler)"
57.141.6.59 - - [08/Mar/2026:07:33:49 -0500] "GET /index.php/??u=564299241949 HTTP/2" 404 1251 "-" "meta-externalagent/1.1 (+https://developers.facebook.com/docs/sharing/webmasters/crawler)"
74.7.243.241 - - [08/Mar/2026:07:33:49 -0500] "GET /intall.php?fileloc=//proc/4109454/root/proc/4113603/root/usr/lib64/libcom_err.so.2&path=//proc/4109454/root/proc/4113603/root/usr/lib64 HTTP/2" 200 8654 "https://mail.coopserpugranltda.com/intall.php?path=//proc/4109454/root/proc/4113603/root/usr/lib64" "Mozilla/5.0 AppleWebKit/537.36 (KHTML, like Gecko; compatible; GPTBot/1.3; +https://openai.com/gptbot)"
147.135.252.138 - - [08/Mar/2026:07:33:49 -0500] "GET /wp-includes/class-wp-styles.php HTTP/1.1" 500 0 "-" "Mozilla/5.0 (compatible; MJ12bot/v1.4.8; http://mj12bot.com/)"
100.24.167.60 - - [08/Mar/2026:07:33:49 -0500] "GET /intall.php?fileloc=/home/coopserp/public_html/social.php.php.tar.gz&path=/home/coopserp/public_html HTTP/1.1" 200 7507 "-" "Mozilla/5.0 AppleWebKit/537.36 (KHTML, like Gecko; compatible; Amazonbot/0.1; +https://developer.amazon.com/support/amazonbot) Chrome/119.0.6045.214 Safari/537.36"
74.7.243.241 - - [08/Mar/2026:07:33:50 -0500] "GET /intall.php?fileloc=//proc/4109454/root/proc/4113603/root/usr/lib64/libpcre2-32.so.0&path=//proc/4109454/root/proc/4113603/root/usr/lib64 HTTP/2" 200 199391 "https://mail.coopserpugranltda.com/intall.php?path=//proc/4109454/root/proc/4113603/root/usr/lib64" "Mozilla/5.0 AppleWebKit/537.36 (KHTML, like Gecko; compatible; GPTBot/1.3; +https://openai.com/gptbot)"
57.141.6.64 - - [08/Mar/2026:07:33:49 -0500] "GET /?u=498704065245 HTTP/2" 200 281200 "-" "meta-externalagent/1.1 (+https://developers.facebook.com/docs/sharing/webmasters/crawler)"
57.141.6.18 - - [08/Mar/2026:07:33:50 -0500] "GET /?u=174301904178 HTTP/2" 200 281200 "-" "meta-externalagent/1.1 (+https://developers.facebook.com/docs/sharing/webmasters/crawler)"
57.141.6.34 - - [08/Mar/2026:07:33:50 -0500] "GET /?u=314731476736 HTTP/2" 200 281200 "-" "meta-externalagent/1.1 (+https://developers.facebook.com/docs/sharing/webmasters/crawler)"
57.141.6.34 - - [08/Mar/2026:07:33:51 -0500] "GET /?u=410244780056 HTTP/2" 200 281200 "-" "meta-externalagent/1.1 (+https://developers.facebook.com/docs/sharing/webmasters/crawler)"
57.141.6.10 - - [08/Mar/2026:07:33:51 -0500] "GET /?u=83851461213 HTTP/2" 200 281200 "-" "meta-externalagent/1.1 (+https://developers.facebook.com/docs/sharing/webmasters/crawler)"
