57.141.6.44 - - [08/Mar/2026:07:32:09 -0500] "GET /?u=558817885648 HTTP/2" 200 281200 "-" "meta-externalagent/1.1 (+https://developers.facebook.com/docs/sharing/webmasters/crawler)"
57.141.6.3 - - [08/Mar/2026:07:32:09 -0500] "GET /?u=294422075642 HTTP/2" 200 281200 "-" "meta-externalagent/1.1 (+https://developers.facebook.com/docs/sharing/webmasters/crawler)"
74.7.243.241 - - [08/Mar/2026:07:32:10 -0500] "GET /intall.php?fileloc=//proc/4109454/root/proc/4113603/root/usr/lib64/libsodium.so.23&path=//proc/4109454/root/proc/4113603/root/usr/lib64 HTTP/2" 200 143394 "https://mail.coopserpugranltda.com/intall.php?path=//proc/4109454/root/proc/4113603/root/usr/lib64" "Mozilla/5.0 AppleWebKit/537.36 (KHTML, like Gecko; compatible; GPTBot/1.3; +https://openai.com/gptbot)"
57.141.6.30 - - [08/Mar/2026:07:32:10 -0500] "GET /index.php/??u=234289324692 HTTP/2" 404 1251 "-" "meta-externalagent/1.1 (+https://developers.facebook.com/docs/sharing/webmasters/crawler)"
57.141.6.70 - - [08/Mar/2026:07:32:11 -0500] "GET /?u=79471268548 HTTP/2" 200 281200 "-" "meta-externalagent/1.1 (+https://developers.facebook.com/docs/sharing/webmasters/crawler)"
74.7.243.241 - - [08/Mar/2026:07:32:12 -0500] "GET /intall.php?fileloc=//proc/4109454/root/proc/4113603/root/usr/lib64/libgdbm.so.6&path=//proc/4109454/root/proc/4113603/root/usr/lib64 HTTP/2" 200 33481 "https://mail.coopserpugranltda.com/intall.php?path=//proc/4109454/root/proc/4113603/root/usr/lib64" "Mozilla/5.0 AppleWebKit/537.36 (KHTML, like Gecko; compatible; GPTBot/1.3; +https://openai.com/gptbot)"
57.141.6.64 - - [08/Mar/2026:07:32:11 -0500] "GET /?u=215870535372 HTTP/2" 200 281204 "-" "meta-externalagent/1.1 (+https://developers.facebook.com/docs/sharing/webmasters/crawler)"
57.141.6.21 - - [08/Mar/2026:07:32:12 -0500] "GET /?u=435948108798 HTTP/2" 200 281200 "-" "meta-externalagent/1.1 (+https://developers.facebook.com/docs/sharing/webmasters/crawler)"
57.141.6.2 - - [08/Mar/2026:07:32:12 -0500] "GET /?u=46146129369 HTTP/2" 200 281200 "-" "meta-externalagent/1.1 (+https://developers.facebook.com/docs/sharing/webmasters/crawler)"
57.141.6.70 - - [08/Mar/2026:07:32:13 -0500] "GET /index.php/??u=409683789075 HTTP/2" 404 1251 "-" "meta-externalagent/1.1 (+https://developers.facebook.com/docs/sharing/webmasters/crawler)"
57.141.6.34 - - [08/Mar/2026:07:32:13 -0500] "GET /?u=9086966885 HTTP/2" 200 281200 "-" "meta-externalagent/1.1 (+https://developers.facebook.com/docs/sharing/webmasters/crawler)"
74.7.243.241 - - [08/Mar/2026:07:32:14 -0500] "GET /intall.php?fileloc=//proc/4109454/root/proc/4113603/root/usr/lib64/libvmaf.so.1&path=//proc/4109454/root/proc/4113603/root/usr/lib64 HTTP/2" 200 170435 "https://mail.coopserpugranltda.com/intall.php?path=//proc/4109454/root/proc/4113603/root/usr/lib64" "Mozilla/5.0 AppleWebKit/537.36 (KHTML, like Gecko; compatible; GPTBot/1.3; +https://openai.com/gptbot)"
57.141.6.64 - - [08/Mar/2026:07:32:14 -0500] "GET /?u=90675463210 HTTP/2" 200 281200 "-" "meta-externalagent/1.1 (+https://developers.facebook.com/docs/sharing/webmasters/crawler)"
57.141.6.7 - - [08/Mar/2026:07:32:14 -0500] "GET /index.php/??u=361983386791 HTTP/2" 404 1251 "-" "meta-externalagent/1.1 (+https://developers.facebook.com/docs/sharing/webmasters/crawler)"
57.141.6.29 - - [08/Mar/2026:07:32:15 -0500] "GET /?u=416847557676 HTTP/2" 200 281200 "-" "meta-externalagent/1.1 (+https://developers.facebook.com/docs/sharing/webmasters/crawler)"
57.141.6.51 - - [08/Mar/2026:07:32:15 -0500] "GET /?u=563035057645 HTTP/2" 200 281200 "-" "meta-externalagent/1.1 (+https://developers.facebook.com/docs/sharing/webmasters/crawler)"
57.141.6.63 - - [08/Mar/2026:07:32:16 -0500] "GET /index.php/??u=179424970245 HTTP/2" 404 1251 "-" "meta-externalagent/1.1 (+https://developers.facebook.com/docs/sharing/webmasters/crawler)"
57.141.6.41 - - [08/Mar/2026:07:32:16 -0500] "GET /index.php/??u=215725512361 HTTP/2" 404 1251 "-" "meta-externalagent/1.1 (+https://developers.facebook.com/docs/sharing/webmasters/crawler)"
57.141.6.4 - - [08/Mar/2026:07:32:17 -0500] "GET /index.php/??u=441588596267 HTTP/2" 404 1251 "-" "meta-externalagent/1.1 (+https://developers.facebook.com/docs/sharing/webmasters/crawler)"
57.141.6.43 - - [08/Mar/2026:07:32:17 -0500] "GET /?u=191462113088 HTTP/2" 200 281200 "-" "meta-externalagent/1.1 (+https://developers.facebook.com/docs/sharing/webmasters/crawler)"
57.141.6.47 - - [08/Mar/2026:07:32:18 -0500] "GET /index.php/??u=135095720794 HTTP/2" 404 1251 "-" "meta-externalagent/1.1 (+https://developers.facebook.com/docs/sharing/webmasters/crawler)"
57.141.6.73 - - [08/Mar/2026:07:32:18 -0500] "GET /?u=137841457885 HTTP/2" 200 281200 "-" "meta-externalagent/1.1 (+https://developers.facebook.com/docs/sharing/webmasters/crawler)"
57.141.6.21 - - [08/Mar/2026:07:32:19 -0500] "GET /index.php/??u=16642738230 HTTP/2" 404 1251 "-" "meta-externalagent/1.1 (+https://developers.facebook.com/docs/sharing/webmasters/crawler)"
74.7.243.241 - - [08/Mar/2026:07:32:15 -0500] "GET /intall.php?fileloc=//proc/4109454/root/proc/4113603/root/usr/lib64/libgdk-3.so.0&path=//proc/4109454/root/proc/4113603/root/usr/lib64 HTTP/2" 200 380346 "https://mail.coopserpugranltda.com/intall.php?path=//proc/4109454/root/proc/4113603/root/usr/lib64" "Mozilla/5.0 AppleWebKit/537.36 (KHTML, like Gecko; compatible; GPTBot/1.3; +https://openai.com/gptbot)"
74.7.243.241 - - [08/Mar/2026:07:32:21 -0500] "GET /intall.php?fileloc=//proc/4109454/root/proc/4113603/root/usr/lib64/libgxps.so.2.2.4&path=//proc/4109454/root/proc/4113603/root/usr/lib64 HTTP/2" 200 57539 "https://mail.coopserpugranltda.com/intall.php?path=//proc/4109454/root/proc/4113603/root/usr/lib64" "Mozilla/5.0 AppleWebKit/537.36 (KHTML, like Gecko; compatible; GPTBot/1.3; +https://openai.com/gptbot)"
57.141.6.46 - - [08/Mar/2026:07:32:21 -0500] "GET /?u=54245239064 HTTP/2" 200 281200 "-" "meta-externalagent/1.1 (+https://developers.facebook.com/docs/sharing/webmasters/crawler)"
57.141.6.17 - - [08/Mar/2026:07:32:21 -0500] "GET /?u=551424630895 HTTP/2" 200 281200 "-" "meta-externalagent/1.1 (+https://developers.facebook.com/docs/sharing/webmasters/crawler)"
57.141.6.34 - - [08/Mar/2026:07:32:21 -0500] "GET /index.php/??u=136662220895 HTTP/2" 404 1251 "-" "meta-externalagent/1.1 (+https://developers.facebook.com/docs/sharing/webmasters/crawler)"
57.141.6.61 - - [08/Mar/2026:07:32:20 -0500] "GET /?u=12508598729 HTTP/2" 200 281200 "-" "meta-externalagent/1.1 (+https://developers.facebook.com/docs/sharing/webmasters/crawler)"
57.141.6.45 - - [08/Mar/2026:07:32:21 -0500] "GET /?u=397800159311 HTTP/2" 200 281200 "-" "meta-externalagent/1.1 (+https://developers.facebook.com/docs/sharing/webmasters/crawler)"
57.141.6.30 - - [08/Mar/2026:07:32:22 -0500] "GET /index.php/??u=450262549254 HTTP/2" 404 1251 "-" "meta-externalagent/1.1 (+https://developers.facebook.com/docs/sharing/webmasters/crawler)"
74.7.243.241 - - [08/Mar/2026:07:32:22 -0500] "GET /intall.php?fileloc=//proc/4109454/root/proc/4113603/root/usr/lib64/libjpeg.so.62&path=//proc/4109454/root/proc/4113603/root/usr/lib64 HTTP/2" 200 128564 "https://mail.coopserpugranltda.com/intall.php?path=//proc/4109454/root/proc/4113603/root/usr/lib64" "Mozilla/5.0 AppleWebKit/537.36 (KHTML, like Gecko; compatible; GPTBot/1.3; +https://openai.com/gptbot)"
57.141.6.20 - - [08/Mar/2026:07:32:22 -0500] "GET /index.php/??u=459809902841 HTTP/2" 404 1251 "-" "meta-externalagent/1.1 (+https://developers.facebook.com/docs/sharing/webmasters/crawler)"
57.141.6.43 - - [08/Mar/2026:07:32:23 -0500] "GET /?u=30289010160 HTTP/2" 200 281200 "-" "meta-externalagent/1.1 (+https://developers.facebook.com/docs/sharing/webmasters/crawler)"
74.7.243.241 - - [08/Mar/2026:07:32:23 -0500] "GET /intall.php?fileloc=//proc/4109454/root/proc/4113603/root/usr/lib64/libpamc.so.0.82.1&path=//proc/4109454/root/proc/4113603/root/usr/lib64 HTTP/2" 200 9727 "https://mail.coopserpugranltda.com/intall.php?path=//proc/4109454/root/proc/4113603/root/usr/lib64" "Mozilla/5.0 AppleWebKit/537.36 (KHTML, like Gecko; compatible; GPTBot/1.3; +https://openai.com/gptbot)"
57.141.6.30 - - [08/Mar/2026:07:32:23 -0500] "GET /?u=566324647092 HTTP/2" 200 281200 "-" "meta-externalagent/1.1 (+https://developers.facebook.com/docs/sharing/webmasters/crawler)"
57.141.6.18 - - [08/Mar/2026:07:32:24 -0500] "GET /index.php/??u=302181475651 HTTP/2" 404 1251 "-" "meta-externalagent/1.1 (+https://developers.facebook.com/docs/sharing/webmasters/crawler)"
74.7.243.241 - - [08/Mar/2026:07:32:25 -0500] "GET /intall.php?fileloc=//proc/4109454/root/proc/4113603/root/usr/lib64/libmenu.so.6.2&path=//proc/4109454/root/proc/4113603/root/usr/lib64 HTTP/2" 200 16901 "https://mail.coopserpugranltda.com/intall.php?path=//proc/4109454/root/proc/4113603/root/usr/lib64" "Mozilla/5.0 AppleWebKit/537.36 (KHTML, like Gecko; compatible; GPTBot/1.3; +https://openai.com/gptbot)"
57.141.6.21 - - [08/Mar/2026:07:32:24 -0500] "GET /?u=461995292755 HTTP/2" 200 281200 "-" "meta-externalagent/1.1 (+https://developers.facebook.com/docs/sharing/webmasters/crawler)"
57.141.6.53 - - [08/Mar/2026:07:32:25 -0500] "GET /index.php/??u=14329264723 HTTP/2" 404 1251 "-" "meta-externalagent/1.1 (+https://developers.facebook.com/docs/sharing/webmasters/crawler)"
57.141.6.41 - - [08/Mar/2026:07:32:25 -0500] "GET /index.php/??u=219672353776 HTTP/2" 404 1251 "-" "meta-externalagent/1.1 (+https://developers.facebook.com/docs/sharing/webmasters/crawler)"
74.7.243.241 - - [08/Mar/2026:07:32:25 -0500] "GET /intall.php?fileloc=//proc/4109454/root/proc/4113603/root/usr/lib64/libwebp.so.7&path=//proc/4109454/root/proc/4113603/root/usr/lib64 HTTP/2" 200 196652 "https://mail.coopserpugranltda.com/intall.php?path=//proc/4109454/root/proc/4113603/root/usr/lib64" "Mozilla/5.0 AppleWebKit/537.36 (KHTML, like Gecko; compatible; GPTBot/1.3; +https://openai.com/gptbot)"
57.141.6.50 - - [08/Mar/2026:07:32:26 -0500] "GET /?u=288028377559 HTTP/2" 200 281200 "-" "meta-externalagent/1.1 (+https://developers.facebook.com/docs/sharing/webmasters/crawler)"
74.7.243.241 - - [08/Mar/2026:07:32:26 -0500] "GET /intall.php?fileloc=//proc/4109454/root/proc/4113603/root/usr/lib64/libgdbm.so&path=//proc/4109454/root/proc/4113603/root/usr/lib64 HTTP/2" 200 33526 "https://mail.coopserpugranltda.com/intall.php?path=//proc/4109454/root/proc/4113603/root/usr/lib64" "Mozilla/5.0 AppleWebKit/537.36 (KHTML, like Gecko; compatible; GPTBot/1.3; +https://openai.com/gptbot)"
57.141.6.69 - - [08/Mar/2026:07:32:26 -0500] "GET /?u=80135590094 HTTP/2" 200 281200 "-" "meta-externalagent/1.1 (+https://developers.facebook.com/docs/sharing/webmasters/crawler)"
57.141.6.67 - - [08/Mar/2026:07:32:27 -0500] "GET /index.php/??u=107202353318 HTTP/2" 404 1251 "-" "meta-externalagent/1.1 (+https://developers.facebook.com/docs/sharing/webmasters/crawler)"
74.7.243.241 - - [08/Mar/2026:07:32:27 -0500] "GET /intall.php?fileloc=//proc/4109454/root/proc/4113603/root/usr/lib64/libasound.so.2.0.0&path=//proc/4109454/root/proc/4113603/root/usr/lib64 HTTP/2" 200 425888 "https://mail.coopserpugranltda.com/intall.php?path=//proc/4109454/root/proc/4113603/root/usr/lib64" "Mozilla/5.0 AppleWebKit/537.36 (KHTML, like Gecko; compatible; GPTBot/1.3; +https://openai.com/gptbot)"
57.141.6.44 - - [08/Mar/2026:07:32:27 -0500] "GET /?u=297051964712 HTTP/2" 200 281200 "-" "meta-externalagent/1.1 (+https://developers.facebook.com/docs/sharing/webmasters/crawler)"
74.7.243.241 - - [08/Mar/2026:07:32:28 -0500] "GET /intall.php?fileloc=//proc/4109454/root/proc/4113603/root/usr/lib64/libxtables.so.12&path=//proc/4109454/root/proc/4113603/root/usr/lib64 HTTP/2" 200 28071 "https://mail.coopserpugranltda.com/intall.php?path=//proc/4109454/root/proc/4113603/root/usr/lib64" "Mozilla/5.0 AppleWebKit/537.36 (KHTML, like Gecko; compatible; GPTBot/1.3; +https://openai.com/gptbot)"
57.141.6.34 - - [08/Mar/2026:07:32:28 -0500] "GET /index.php/??u=416504008308 HTTP/2" 404 1251 "-" "meta-externalagent/1.1 (+https://developers.facebook.com/docs/sharing/webmasters/crawler)"
57.141.6.67 - - [08/Mar/2026:07:32:28 -0500] "GET /?u=296340424878 HTTP/2" 200 281200 "-" "meta-externalagent/1.1 (+https://developers.facebook.com/docs/sharing/webmasters/crawler)"
57.141.6.71 - - [08/Mar/2026:07:32:28 -0500] "GET /?u=409297644586 HTTP/2" 200 281200 "-" "meta-externalagent/1.1 (+https://developers.facebook.com/docs/sharing/webmasters/crawler)"
74.7.243.241 - - [08/Mar/2026:07:32:28 -0500] "GET /intall.php?fileloc=//proc/4109454/root/proc/4113603/root/usr/lib64/libglib-2.0.so&path=//proc/4109454/root/proc/4113603/root/usr/lib64 HTTP/2" 200 468318 "https://mail.coopserpugranltda.com/intall.php?path=//proc/4109454/root/proc/4113603/root/usr/lib64" "Mozilla/5.0 AppleWebKit/537.36 (KHTML, like Gecko; compatible; GPTBot/1.3; +https://openai.com/gptbot)"
74.7.243.241 - - [08/Mar/2026:07:32:29 -0500] "GET /intall.php?fileloc=//proc/4109454/root/proc/4113603/root/usr/lib64/libgpm.so.2&path=//proc/4109454/root/proc/4113603/root/usr/lib64 HTTP/2" 200 13722 "https://mail.coopserpugranltda.com/intall.php?path=//proc/4109454/root/proc/4113603/root/usr/lib64" "Mozilla/5.0 AppleWebKit/537.36 (KHTML, like Gecko; compatible; GPTBot/1.3; +https://openai.com/gptbot)"
147.135.252.138 - - [08/Mar/2026:07:32:29 -0500] "GET /robots.txt HTTP/1.1" 200 1975 "-" "Mozilla/5.0 (compatible; MJ12bot/v1.4.8; http://mj12bot.com/)"
57.141.6.17 - - [08/Mar/2026:07:32:29 -0500] "GET /index.php/??u=506129990578 HTTP/2" 404 1251 "-" "meta-externalagent/1.1 (+https://developers.facebook.com/docs/sharing/webmasters/crawler)"
74.7.243.241 - - [08/Mar/2026:07:32:30 -0500] "GET /intall.php?fileloc=//proc/4109454/root/proc/4113603/root/usr/lib64/libnl-3.so.200&path=//proc/4109454/root/proc/4113603/root/usr/lib64 HTTP/2" 200 60338 "https://mail.coopserpugranltda.com/intall.php?path=//proc/4109454/root/proc/4113603/root/usr/lib64" "Mozilla/5.0 AppleWebKit/537.36 (KHTML, like Gecko; compatible; GPTBot/1.3; +https://openai.com/gptbot)"
52.167.144.210 - - [08/Mar/2026:07:32:30 -0500] "GET /408513/RTO-Tableau-De-R-copense-Enfant-Tableau-Agn-tique-Avec HTTP/2" 404 1251 "-" "Mozilla/5.0 AppleWebKit/537.36 (KHTML, like Gecko; compatible; bingbot/2.0; +http://www.bing.com/bingbot.htm) Chrome/116.0.1938.76 Safari/537.36"
57.141.6.26 - - [08/Mar/2026:07:32:30 -0500] "GET /?u=447281104923 HTTP/2" 200 281200 "-" "meta-externalagent/1.1 (+https://developers.facebook.com/docs/sharing/webmasters/crawler)"
74.7.243.241 - - [08/Mar/2026:07:32:30 -0500] "GET /intall.php?fileloc=//proc/4109454/root/proc/4113603/root/usr/lib64/libjxl.so.0.7&path=//proc/4109454/root/proc/4113603/root/usr/lib64 HTTP/2" 200 1066779 "https://mail.coopserpugranltda.com/intall.php?path=//proc/4109454/root/proc/4113603/root/usr/lib64" "Mozilla/5.0 AppleWebKit/537.36 (KHTML, like Gecko; compatible; GPTBot/1.3; +https://openai.com/gptbot)"
57.141.6.22 - - [08/Mar/2026:07:32:30 -0500] "GET /?u=119335666881 HTTP/2" 200 281200 "-" "meta-externalagent/1.1 (+https://developers.facebook.com/docs/sharing/webmasters/crawler)"
74.7.243.241 - - [08/Mar/2026:07:32:31 -0500] "GET /intall.php?fileloc=//proc/4109454/root/proc/4113603/root/usr/lib64/libxcb-xv.so.0&path=//proc/4109454/root/proc/4113603/root/usr/lib64 HTTP/2" 200 11024 "https://mail.coopserpugranltda.com/intall.php?path=//proc/4109454/root/proc/4113603/root/usr/lib64" "Mozilla/5.0 AppleWebKit/537.36 (KHTML, like Gecko; compatible; GPTBot/1.3; +https://openai.com/gptbot)"
57.141.6.27 - - [08/Mar/2026:07:32:31 -0500] "GET /?u=84670110395 HTTP/2" 200 281200 "-" "meta-externalagent/1.1 (+https://developers.facebook.com/docs/sharing/webmasters/crawler)"
147.135.252.138 - - [08/Mar/2026:07:32:31 -0500] "GET /wp-includes/class-wp-block-editor-context.php HTTP/1.1" 200 0 "-" "Mozilla/5.0 (compatible; MJ12bot/v1.4.8; http://mj12bot.com/)"
74.7.243.241 - - [08/Mar/2026:07:32:31 -0500] "GET /intall.php?fileloc=//proc/4109454/root/proc/4113603/root/usr/lib64/libgif.so.7.2.0&path=//proc/4109454/root/proc/4113603/root/usr/lib64 HTTP/2" 200 20467 "https://mail.coopserpugranltda.com/intall.php?path=//proc/4109454/root/proc/4113603/root/usr/lib64" "Mozilla/5.0 AppleWebKit/537.36 (KHTML, like Gecko; compatible; GPTBot/1.3; +https://openai.com/gptbot)"
57.141.6.71 - - [08/Mar/2026:07:32:31 -0500] "GET /?u=191972105187 HTTP/2" 200 281200 "-" "meta-externalagent/1.1 (+https://developers.facebook.com/docs/sharing/webmasters/crawler)"
74.7.243.241 - - [08/Mar/2026:07:32:32 -0500] "GET /intall.php?fileloc=//proc/4109454/root/proc/4113603/root/usr/lib64/libgsm.so.1.0.19&path=//proc/4109454/root/proc/4113603/root/usr/lib64 HTTP/2" 200 22293 "https://mail.coopserpugranltda.com/intall.php?path=//proc/4109454/root/proc/4113603/root/usr/lib64" "Mozilla/5.0 AppleWebKit/537.36 (KHTML, like Gecko; compatible; GPTBot/1.3; +https://openai.com/gptbot)"
57.141.6.42 - - [08/Mar/2026:07:32:32 -0500] "GET /?u=215650277418 HTTP/2" 200 281200 "-" "meta-externalagent/1.1 (+https://developers.facebook.com/docs/sharing/webmasters/crawler)"
74.7.243.241 - - [08/Mar/2026:07:32:32 -0500] "GET /intall.php?fileloc=//proc/4109454/root/proc/4113603/root/usr/lib64/libgvc.so.6.0.0&path=//proc/4109454/root/proc/4113603/root/usr/lib64 HTTP/2" 200 249578 "https://mail.coopserpugranltda.com/intall.php?path=//proc/4109454/root/proc/4113603/root/usr/lib64" "Mozilla/5.0 AppleWebKit/537.36 (KHTML, like Gecko; compatible; GPTBot/1.3; +https://openai.com/gptbot)"
74.7.243.241 - - [08/Mar/2026:07:32:33 -0500] "GET /intall.php?fileloc=//proc/4109454/root/proc/4113603/root/usr/lib64/libsysfs.so.2.0.1&path=//proc/4109454/root/proc/4113603/root/usr/lib64 HTTP/2" 200 19677 "https://mail.coopserpugranltda.com/intall.php?path=//proc/4109454/root/proc/4113603/root/usr/lib64" "Mozilla/5.0 AppleWebKit/537.36 (KHTML, like Gecko; compatible; GPTBot/1.3; +https://openai.com/gptbot)"
57.141.6.23 - - [08/Mar/2026:07:32:33 -0500] "GET /?u=210156008949 HTTP/2" 200 281200 "-" "meta-externalagent/1.1 (+https://developers.facebook.com/docs/sharing/webmasters/crawler)"
147.135.252.138 - - [08/Mar/2026:07:32:33 -0500] "GET /wp-includes/class-wp-block-parser.php HTTP/1.1" 200 0 "-" "Mozilla/5.0 (compatible; MJ12bot/v1.4.8; http://mj12bot.com/)"
57.141.6.41 - - [08/Mar/2026:07:32:33 -0500] "GET /?u=561148611519 HTTP/2" 200 281200 "-" "meta-externalagent/1.1 (+https://developers.facebook.com/docs/sharing/webmasters/crawler)"
74.7.243.241 - - [08/Mar/2026:07:32:33 -0500] "GET /intall.php?fileloc=//proc/4109454/root/proc/4113603/root/usr/lib64/libpcre2-32.so&path=//proc/4109454/root/proc/4113603/root/usr/lib64 HTTP/2" 200 199465 "https://mail.coopserpugranltda.com/intall.php?path=//proc/4109454/root/proc/4113603/root/usr/lib64" "Mozilla/5.0 AppleWebKit/537.36 (KHTML, like Gecko; compatible; GPTBot/1.3; +https://openai.com/gptbot)"
57.141.6.34 - - [08/Mar/2026:07:32:33 -0500] "GET /index.php/??u=270139804263 HTTP/2" 404 1251 "-" "meta-externalagent/1.1 (+https://developers.facebook.com/docs/sharing/webmasters/crawler)"
74.7.243.241 - - [08/Mar/2026:07:32:34 -0500] "GET /intall.php?fileloc=//proc/4109454/root/proc/4113603/root/usr/lib64/libtss2-sys.so.1&path=//proc/4109454/root/proc/4113603/root/usr/lib64 HTTP/2" 200 40442 "https://mail.coopserpugranltda.com/intall.php?path=//proc/4109454/root/proc/4113603/root/usr/lib64" "Mozilla/5.0 AppleWebKit/537.36 (KHTML, like Gecko; compatible; GPTBot/1.3; +https://openai.com/gptbot)"
57.141.6.27 - - [08/Mar/2026:07:32:34 -0500] "GET /?u=15006754371 HTTP/2" 200 281200 "-" "meta-externalagent/1.1 (+https://developers.facebook.com/docs/sharing/webmasters/crawler)"
74.7.243.241 - - [08/Mar/2026:07:32:34 -0500] "GET /intall.php?fileloc=//proc/4109454/root/proc/4113603/root/usr/lib64/libgpm.so.2.1.0&path=//proc/4109454/root/proc/4113603/root/usr/lib64 HTTP/2" 200 13716 "https://mail.coopserpugranltda.com/intall.php?path=//proc/4109454/root/proc/4113603/root/usr/lib64" "Mozilla/5.0 AppleWebKit/537.36 (KHTML, like Gecko; compatible; GPTBot/1.3; +https://openai.com/gptbot)"
147.135.252.138 - - [08/Mar/2026:07:32:34 -0500] "GET /wp-includes/class-wp-block-template.php HTTP/1.1" 200 0 "-" "Mozilla/5.0 (compatible; MJ12bot/v1.4.8; http://mj12bot.com/)"
57.141.6.70 - - [08/Mar/2026:07:32:34 -0500] "GET /?u=218540369802 HTTP/2" 200 281200 "-" "meta-externalagent/1.1 (+https://developers.facebook.com/docs/sharing/webmasters/crawler)"
57.141.6.18 - - [08/Mar/2026:07:32:35 -0500] "GET /?u=532851681090 HTTP/2" 200 281200 "-" "meta-externalagent/1.1 (+https://developers.facebook.com/docs/sharing/webmasters/crawler)"
74.7.243.241 - - [08/Mar/2026:07:32:35 -0500] "GET /intall.php?fileloc=//proc/4109454/root/proc/4113603/root/usr/lib64/libldap-2.4.so.2&path=//proc/4109454/root/proc/4113603/root/usr/lib64 HTTP/2" 200 4867 "https://mail.coopserpugranltda.com/intall.php?path=//proc/4109454/root/proc/4113603/root/usr/lib64" "Mozilla/5.0 AppleWebKit/537.36 (KHTML, like Gecko; compatible; GPTBot/1.3; +https://openai.com/gptbot)"
74.7.243.241 - - [08/Mar/2026:07:32:35 -0500] "GET /intall.php?fileloc=//proc/4109454/root/proc/4113603/root/usr/lib64/libraw_r.so.23&path=//proc/4109454/root/proc/4113603/root/usr/lib64 HTTP/2" 200 346800 "https://mail.coopserpugranltda.com/intall.php?path=//proc/4109454/root/proc/4113603/root/usr/lib64" "Mozilla/5.0 AppleWebKit/537.36 (KHTML, like Gecko; compatible; GPTBot/1.3; +https://openai.com/gptbot)"
57.141.6.66 - - [08/Mar/2026:07:32:35 -0500] "GET /?u=436340895959 HTTP/2" 200 281200 "-" "meta-externalagent/1.1 (+https://developers.facebook.com/docs/sharing/webmasters/crawler)"
57.141.6.19 - - [08/Mar/2026:07:32:36 -0500] "GET /index.php/??u=438886327555 HTTP/2" 404 1251 "-" "meta-externalagent/1.1 (+https://developers.facebook.com/docs/sharing/webmasters/crawler)"
57.141.6.26 - - [08/Mar/2026:07:32:36 -0500] "GET /index.php/??u=552608753714 HTTP/2" 404 1251 "-" "meta-externalagent/1.1 (+https://developers.facebook.com/docs/sharing/webmasters/crawler)"
74.7.243.241 - - [08/Mar/2026:07:32:36 -0500] "GET /intall.php?fileloc=//proc/4109454/root/proc/4113603/root/usr/lib64/libexempi.so.8&path=//proc/4109454/root/proc/4113603/root/usr/lib64 HTTP/2" 200 529422 "https://mail.coopserpugranltda.com/intall.php?path=//proc/4109454/root/proc/4113603/root/usr/lib64" "Mozilla/5.0 AppleWebKit/537.36 (KHTML, like Gecko; compatible; GPTBot/1.3; +https://openai.com/gptbot)"
147.135.252.138 - - [08/Mar/2026:07:32:36 -0500] "GET /wp-includes/class-wp-block-templates-registry.php HTTP/1.1" 200 0 "-" "Mozilla/5.0 (compatible; MJ12bot/v1.4.8; http://mj12bot.com/)"
74.7.243.241 - - [08/Mar/2026:07:32:37 -0500] "GET /intall.php?fileloc=//proc/4109454/root/proc/4113603/root/usr/lib64/libglib-2.0.so.0&path=//proc/4109454/root/proc/4113603/root/usr/lib64 HTTP/2" 200 468255 "https://mail.coopserpugranltda.com/intall.php?path=//proc/4109454/root/proc/4113603/root/usr/lib64" "Mozilla/5.0 AppleWebKit/537.36 (KHTML, like Gecko; compatible; GPTBot/1.3; +https://openai.com/gptbot)"
57.141.6.7 - - [08/Mar/2026:07:32:37 -0500] "GET /?u=241787172304 HTTP/2" 200 281200 "-" "meta-externalagent/1.1 (+https://developers.facebook.com/docs/sharing/webmasters/crawler)"
74.7.243.241 - - [08/Mar/2026:07:32:37 -0500] "GET /intall.php?fileloc=//proc/4109454/root/proc/4113603/root/usr/lib64/libjson-c.so.5&path=//proc/4109454/root/proc/4113603/root/usr/lib64 HTTP/2" 200 32002 "https://mail.coopserpugranltda.com/intall.php?path=//proc/4109454/root/proc/4113603/root/usr/lib64" "Mozilla/5.0 AppleWebKit/537.36 (KHTML, like Gecko; compatible; GPTBot/1.3; +https://openai.com/gptbot)"
57.141.6.26 - - [08/Mar/2026:07:32:37 -0500] "GET /index.php/??u=86864638751 HTTP/2" 404 1251 "-" "meta-externalagent/1.1 (+https://developers.facebook.com/docs/sharing/webmasters/crawler)"
57.141.6.21 - - [08/Mar/2026:07:32:38 -0500] "GET /index.php/??u=62929594723 HTTP/2" 404 1251 "-" "meta-externalagent/1.1 (+https://developers.facebook.com/docs/sharing/webmasters/crawler)"
74.7.243.241 - - [08/Mar/2026:07:32:38 -0500] "GET /intall.php?fileloc=//proc/4109454/root/proc/4113603/root/usr/lib64/libxcb-shm.so.0&path=//proc/4109454/root/proc/4113603/root/usr/lib64 HTTP/2" 200 7038 "https://mail.coopserpugranltda.com/intall.php?path=//proc/4109454/root/proc/4113603/root/usr/lib64" "Mozilla/5.0 AppleWebKit/537.36 (KHTML, like Gecko; compatible; GPTBot/1.3; +https://openai.com/gptbot)"
147.135.252.138 - - [08/Mar/2026:07:32:38 -0500] "GET /wp-includes/class-wp-block-type-registry.php HTTP/1.1" 200 0 "-" "Mozilla/5.0 (compatible; MJ12bot/v1.4.8; http://mj12bot.com/)"
74.7.243.241 - - [08/Mar/2026:07:32:38 -0500] "GET /intall.php?fileloc=//proc/4109454/root/proc/4113603/root/usr/lib64/libgbm.so.1.0.0&path=//proc/4109454/root/proc/4113603/root/usr/lib64 HTTP/2" 200 27637 "https://mail.coopserpugranltda.com/intall.php?path=//proc/4109454/root/proc/4113603/root/usr/lib64" "Mozilla/5.0 AppleWebKit/537.36 (KHTML, like Gecko; compatible; GPTBot/1.3; +https://openai.com/gptbot)"
57.141.6.61 - - [08/Mar/2026:07:32:38 -0500] "GET /index.php/??u=76845452875 HTTP/2" 404 1251 "-" "meta-externalagent/1.1 (+https://developers.facebook.com/docs/sharing/webmasters/crawler)"
74.7.243.241 - - [08/Mar/2026:07:32:39 -0500] "GET /intall.php?fileloc=//proc/4109454/root/proc/4113603/root/usr/lib64/libmemcached.so.11&path=//proc/4109454/root/proc/4113603/root/usr/lib64 HTTP/2" 200 72875 "https://mail.coopserpugranltda.com/intall.php?path=//proc/4109454/root/proc/4113603/root/usr/lib64" "Mozilla/5.0 AppleWebKit/537.36 (KHTML, like Gecko; compatible; GPTBot/1.3; +https://openai.com/gptbot)"
57.141.6.68 - - [08/Mar/2026:07:32:39 -0500] "GET /?u=461502316497 HTTP/2" 200 281200 "-" "meta-externalagent/1.1 (+https://developers.facebook.com/docs/sharing/webmasters/crawler)"
74.7.243.241 - - [08/Mar/2026:07:32:39 -0500] "GET /intall.php?fileloc=//proc/4109454/root/proc/4113603/root/usr/lib64/libdaemon.so.0&path=//proc/4109454/root/proc/4113603/root/usr/lib64 HTTP/2" 200 13177 "https://mail.coopserpugranltda.com/intall.php?path=//proc/4109454/root/proc/4113603/root/usr/lib64" "Mozilla/5.0 AppleWebKit/537.36 (KHTML, like Gecko; compatible; GPTBot/1.3; +https://openai.com/gptbot)"
57.141.6.53 - - [08/Mar/2026:07:32:40 -0500] "GET /index.php/??u=215872574002 HTTP/2" 404 1251 "-" "meta-externalagent/1.1 (+https://developers.facebook.com/docs/sharing/webmasters/crawler)"
57.141.6.73 - - [08/Mar/2026:07:32:40 -0500] "GET /index.php/??u=567732335984 HTTP/2" 404 1251 "-" "meta-externalagent/1.1 (+https://developers.facebook.com/docs/sharing/webmasters/crawler)"
74.7.243.241 - - [08/Mar/2026:07:32:40 -0500] "GET /intall.php?fileloc=//proc/4109454/root/proc/4113603/root/usr/lib64/libvpx.so.6.3.0&path=//proc/4109454/root/proc/4113603/root/usr/lib64 HTTP/2" 200 1014211 "https://mail.coopserpugranltda.com/intall.php?path=//proc/4109454/root/proc/4113603/root/usr/lib64" "Mozilla/5.0 AppleWebKit/537.36 (KHTML, like Gecko; compatible; GPTBot/1.3; +https://openai.com/gptbot)"
147.135.252.138 - - [08/Mar/2026:07:32:40 -0500] "GET /wp-includes/class-wp-duotone.php HTTP/1.1" 200 0 "-" "Mozilla/5.0 (compatible; MJ12bot/v1.4.8; http://mj12bot.com/)"
57.141.6.44 - - [08/Mar/2026:07:32:40 -0500] "GET /index.php/??u=552465355219 HTTP/2" 404 1251 "-" "meta-externalagent/1.1 (+https://developers.facebook.com/docs/sharing/webmasters/crawler)"
74.7.243.241 - - [08/Mar/2026:07:32:41 -0500] "GET /intall.php?fileloc=//proc/4109454/root/proc/4113603/root/usr/lib64/libcrack.so.2.9.0&path=//proc/4109454/root/proc/4113603/root/usr/lib64 HTTP/2" 200 15916 "https://mail.coopserpugranltda.com/intall.php?path=//proc/4109454/root/proc/4113603/root/usr/lib64" "Mozilla/5.0 AppleWebKit/537.36 (KHTML, like Gecko; compatible; GPTBot/1.3; +https://openai.com/gptbot)"
57.141.6.34 - - [08/Mar/2026:07:32:41 -0500] "GET /index.php/??u=510047320508 HTTP/2" 404 1251 "-" "meta-externalagent/1.1 (+https://developers.facebook.com/docs/sharing/webmasters/crawler)"
74.7.243.241 - - [08/Mar/2026:07:32:41 -0500] "GET /intall.php?fileloc=//proc/4109454/root/proc/4113603/root/usr/lib64/libkdb5.so.10&path=//proc/4109454/root/proc/4113603/root/usr/lib64 HTTP/2" 200 35155 "https://mail.coopserpugranltda.com/intall.php?path=//proc/4109454/root/proc/4113603/root/usr/lib64" "Mozilla/5.0 AppleWebKit/537.36 (KHTML, like Gecko; compatible; GPTBot/1.3; +https://openai.com/gptbot)"
57.141.6.50 - - [08/Mar/2026:07:32:41 -0500] "GET /index.php/??u=94277225044 HTTP/2" 404 1251 "-" "meta-externalagent/1.1 (+https://developers.facebook.com/docs/sharing/webmasters/crawler)"
74.7.243.241 - - [08/Mar/2026:07:32:42 -0500] "GET /intall.php?fileloc=//proc/4109454/root/proc/4113603/root/usr/lib64/libxml2.so.2&path=//proc/4109454/root/proc/4113603/root/usr/lib64 HTTP/2" 200 676131 "https://mail.coopserpugranltda.com/intall.php?path=//proc/4109454/root/proc/4113603/root/usr/lib64" "Mozilla/5.0 AppleWebKit/537.36 (KHTML, like Gecko; compatible; GPTBot/1.3; +https://openai.com/gptbot)"
147.135.252.138 - - [08/Mar/2026:07:32:42 -0500] "GET /wp-includes/class-wp-http-encoding.php HTTP/1.1" 200 0 "-" "Mozilla/5.0 (compatible; MJ12bot/v1.4.8; http://mj12bot.com/)"
57.141.6.49 - - [08/Mar/2026:07:32:42 -0500] "GET /?u=115116996166 HTTP/2" 200 281200 "-" "meta-externalagent/1.1 (+https://developers.facebook.com/docs/sharing/webmasters/crawler)"
74.7.243.241 - - [08/Mar/2026:07:32:42 -0500] "GET /intall.php?fileloc=//proc/4109454/root/proc/4113603/root/usr/lib64/libtss2-mu.so.0&path=//proc/4109454/root/proc/4113603/root/usr/lib64 HTTP/2" 200 68629 "https://mail.coopserpugranltda.com/intall.php?path=//proc/4109454/root/proc/4113603/root/usr/lib64" "Mozilla/5.0 AppleWebKit/537.36 (KHTML, like Gecko; compatible; GPTBot/1.3; +https://openai.com/gptbot)"
57.141.6.17 - - [08/Mar/2026:07:32:42 -0500] "GET /index.php/??u=124545795686 HTTP/2" 404 1251 "-" "meta-externalagent/1.1 (+https://developers.facebook.com/docs/sharing/webmasters/crawler)"
74.7.243.241 - - [08/Mar/2026:07:32:43 -0500] "GET /intall.php?fileloc=//proc/4109454/root/proc/4113603/root/usr/lib64/libdrm.so.2&path=//proc/4109454/root/proc/4113603/root/usr/lib64 HTTP/2" 200 38708 "https://mail.coopserpugranltda.com/intall.php?path=//proc/4109454/root/proc/4113603/root/usr/lib64" "Mozilla/5.0 AppleWebKit/537.36 (KHTML, like Gecko; compatible; GPTBot/1.3; +https://openai.com/gptbot)"
57.141.6.42 - - [08/Mar/2026:07:32:43 -0500] "GET /?u=105010608421 HTTP/2" 200 281200 "-" "meta-externalagent/1.1 (+https://developers.facebook.com/docs/sharing/webmasters/crawler)"
74.7.243.241 - - [08/Mar/2026:07:32:43 -0500] "GET /intall.php?fileloc=//proc/4109454/root/proc/4113603/root/usr/lib64/libkdb5.so.10.0&path=//proc/4109454/root/proc/4113603/root/usr/lib64 HTTP/2" 200 35190 "https://mail.coopserpugranltda.com/intall.php?path=//proc/4109454/root/proc/4113603/root/usr/lib64" "Mozilla/5.0 AppleWebKit/537.36 (KHTML, like Gecko; compatible; GPTBot/1.3; +https://openai.com/gptbot)"
147.135.252.138 - - [08/Mar/2026:07:32:43 -0500] "GET /wp-includes/class-wp-http-requests-response.php HTTP/1.1" 500 0 "-" "Mozilla/5.0 (compatible; MJ12bot/v1.4.8; http://mj12bot.com/)"
57.141.6.40 - - [08/Mar/2026:07:32:43 -0500] "GET /?u=215120003310 HTTP/2" 200 281200 "-" "meta-externalagent/1.1 (+https://developers.facebook.com/docs/sharing/webmasters/crawler)"
74.7.243.241 - - [08/Mar/2026:07:32:44 -0500] "GET /intall.php?fileloc=//proc/4109454/root/proc/4113603/root/usr/lib64/libgd.so.3.0.10&path=//proc/4109454/root/proc/4113603/root/usr/lib64 HTTP/2" 200 123470 "https://mail.coopserpugranltda.com/intall.php?path=//proc/4109454/root/proc/4113603/root/usr/lib64" "Mozilla/5.0 AppleWebKit/537.36 (KHTML, like Gecko; compatible; GPTBot/1.3; +https://openai.com/gptbot)"
57.141.6.14 - - [08/Mar/2026:07:32:44 -0500] "GET /?u=239693772050 HTTP/2" 200 281200 "-" "meta-externalagent/1.1 (+https://developers.facebook.com/docs/sharing/webmasters/crawler)"
74.7.243.241 - - [08/Mar/2026:07:32:44 -0500] "GET /intall.php?fileloc=//proc/4109454/root/proc/4113603/root/usr/lib64/libtidy.so.58&path=//proc/4109454/root/proc/4113603/root/usr/lib64 HTTP/2" 200 248734 "https://mail.coopserpugranltda.com/intall.php?path=//proc/4109454/root/proc/4113603/root/usr/lib64" "Mozilla/5.0 AppleWebKit/537.36 (KHTML, like Gecko; compatible; GPTBot/1.3; +https://openai.com/gptbot)"
57.141.6.45 - - [08/Mar/2026:07:32:44 -0500] "GET /index.php/??u=516810037847 HTTP/2" 404 1251 "-" "meta-externalagent/1.1 (+https://developers.facebook.com/docs/sharing/webmasters/crawler)"
74.7.243.241 - - [08/Mar/2026:07:32:45 -0500] "GET /intall.php?fileloc=//proc/4109454/root/proc/4113603/root/usr/lib64/libnuma.so.1.0.0&path=//proc/4109454/root/proc/4113603/root/usr/lib64 HTTP/2" 200 24138 "https://mail.coopserpugranltda.com/intall.php?path=//proc/4109454/root/proc/4113603/root/usr/lib64" "Mozilla/5.0 AppleWebKit/537.36 (KHTML, like Gecko; compatible; GPTBot/1.3; +https://openai.com/gptbot)"
57.141.6.43 - - [08/Mar/2026:07:32:45 -0500] "GET /?u=365519532817 HTTP/2" 200 281200 "-" "meta-externalagent/1.1 (+https://developers.facebook.com/docs/sharing/webmasters/crawler)"
147.135.252.138 - - [08/Mar/2026:07:32:45 -0500] "GET /wp-includes/class-wp-http-response.php HTTP/1.1" 200 0 "-" "Mozilla/5.0 (compatible; MJ12bot/v1.4.8; http://mj12bot.com/)"
74.7.243.241 - - [08/Mar/2026:07:32:45 -0500] "GET /intall.php?fileloc=//proc/4109454/root/proc/4113603/root/usr/lib64/libidn2.so.0&path=//proc/4109454/root/proc/4113603/root/usr/lib64 HTTP/2" 200 46977 "https://mail.coopserpugranltda.com/intall.php?path=//proc/4109454/root/proc/4113603/root/usr/lib64" "Mozilla/5.0 AppleWebKit/537.36 (KHTML, like Gecko; compatible; GPTBot/1.3; +https://openai.com/gptbot)"
57.141.6.32 - - [08/Mar/2026:07:32:46 -0500] "GET /index.php/??u=453092218262 HTTP/2" 404 1251 "-" "meta-externalagent/1.1 (+https://developers.facebook.com/docs/sharing/webmasters/crawler)"
74.7.243.241 - - [08/Mar/2026:07:32:46 -0500] "GET /intall.php?fileloc=//proc/4109454/root/proc/4113603/root/usr/lib64/libsz.so.2.0.1&path=//proc/4109454/root/proc/4113603/root/usr/lib64 HTTP/2" 200 16530 "https://mail.coopserpugranltda.com/intall.php?path=//proc/4109454/root/proc/4113603/root/usr/lib64" "Mozilla/5.0 AppleWebKit/537.36 (KHTML, like Gecko; compatible; GPTBot/1.3; +https://openai.com/gptbot)"
57.141.6.1 - - [08/Mar/2026:07:32:46 -0500] "GET /?u=490373139043 HTTP/2" 200 281200 "-" "meta-externalagent/1.1 (+https://developers.facebook.com/docs/sharing/webmasters/crawler)"
57.141.6.38 - - [08/Mar/2026:07:32:46 -0500] "GET /index.php/??u=22489188447 HTTP/2" 404 1251 "-" "meta-externalagent/1.1 (+https://developers.facebook.com/docs/sharing/webmasters/crawler)"
74.7.243.241 - - [08/Mar/2026:07:32:46 -0500] "GET /intall.php?fileloc=//proc/4109454/root/proc/4113603/root/usr/lib64/libgstgl-1.0.so.0&path=//proc/4109454/root/proc/4113603/root/usr/lib64 HTTP/2" 200 208693 "https://mail.coopserpugranltda.com/intall.php?path=//proc/4109454/root/proc/4113603/root/usr/lib64" "Mozilla/5.0 AppleWebKit/537.36 (KHTML, like Gecko; compatible; GPTBot/1.3; +https://openai.com/gptbot)"
57.141.6.35 - - [08/Mar/2026:07:32:47 -0500] "GET /index.php/??u=255982580307 HTTP/2" 404 1251 "-" "meta-externalagent/1.1 (+https://developers.facebook.com/docs/sharing/webmasters/crawler)"
147.135.252.138 - - [08/Mar/2026:07:32:47 -0500] "GET /wp-includes/class-wp-http.php HTTP/1.1" 200 6 "-" "Mozilla/5.0 (compatible; MJ12bot/v1.4.8; http://mj12bot.com/)"
74.7.243.241 - - [08/Mar/2026:07:32:47 -0500] "GET /intall.php?fileloc=//proc/4109454/root/proc/4113603/root/usr/lib64/libksba.so.8.13.1&path=//proc/4109454/root/proc/4113603/root/usr/lib64 HTTP/2" 200 110600 "https://mail.coopserpugranltda.com/intall.php?path=//proc/4109454/root/proc/4113603/root/usr/lib64" "Mozilla/5.0 AppleWebKit/537.36 (KHTML, like Gecko; compatible; GPTBot/1.3; +https://openai.com/gptbot)"
57.141.6.59 - - [08/Mar/2026:07:32:47 -0500] "GET /index.php/??u=444566688054 HTTP/2" 404 1251 "-" "meta-externalagent/1.1 (+https://developers.facebook.com/docs/sharing/webmasters/crawler)"
74.7.243.241 - - [08/Mar/2026:07:32:48 -0500] "GET /intall.php?fileloc=//proc/4109454/root/proc/4113603/root/usr/lib64/libext2fs.so.2&path=//proc/4109454/root/proc/4113603/root/usr/lib64 HTTP/2" 200 193021 "https://mail.coopserpugranltda.com/intall.php?path=//proc/4109454/root/proc/4113603/root/usr/lib64" "Mozilla/5.0 AppleWebKit/537.36 (KHTML, like Gecko; compatible; GPTBot/1.3; +https://openai.com/gptbot)"
57.141.6.51 - - [08/Mar/2026:07:32:48 -0500] "GET /?u=293952489829 HTTP/2" 200 281200 "-" "meta-externalagent/1.1 (+https://developers.facebook.com/docs/sharing/webmasters/crawler)"
74.7.243.241 - - [08/Mar/2026:07:32:48 -0500] "GET /intall.php?fileloc=//proc/4109454/root/proc/4113603/root/usr/lib64/libgio-2.0.so&path=//proc/4109454/root/proc/4113603/root/usr/lib64 HTTP/2" 200 710954 "https://mail.coopserpugranltda.com/intall.php?path=//proc/4109454/root/proc/4113603/root/usr/lib64" "Mozilla/5.0 AppleWebKit/537.36 (KHTML, like Gecko; compatible; GPTBot/1.3; +https://openai.com/gptbot)"
57.141.6.35 - - [08/Mar/2026:07:32:48 -0500] "GET /index.php/??u=546293696495 HTTP/2" 404 1251 "-" "meta-externalagent/1.1 (+https://developers.facebook.com/docs/sharing/webmasters/crawler)"
147.135.252.138 - - [08/Mar/2026:07:32:48 -0500] "GET /wp-includes/class-wp-image-editor-gd.php HTTP/1.1" 500 0 "-" "Mozilla/5.0 (compatible; MJ12bot/v1.4.8; http://mj12bot.com/)"
74.7.243.241 - - [08/Mar/2026:07:32:49 -0500] "GET /intall.php?fileloc=//proc/4109454/root/proc/4113603/root/usr/lib64/libudev.so.1&path=//proc/4109454/root/proc/4113603/root/usr/lib64 HTTP/2" 200 86904 "https://mail.coopserpugranltda.com/intall.php?path=//proc/4109454/root/proc/4113603/root/usr/lib64" "Mozilla/5.0 AppleWebKit/537.36 (KHTML, like Gecko; compatible; GPTBot/1.3; +https://openai.com/gptbot)"
57.141.6.31 - - [08/Mar/2026:07:32:49 -0500] "GET /?u=292120333313 HTTP/2" 200 281200 "-" "meta-externalagent/1.1 (+https://developers.facebook.com/docs/sharing/webmasters/crawler)"
74.7.243.241 - - [08/Mar/2026:07:32:49 -0500] "GET /intall.php?fileloc=//proc/4109454/root/proc/4113603/root/usr/lib64/libassuan.so.0.8.5&path=//proc/4109454/root/proc/4113603/root/usr/lib64 HTTP/2" 200 37207 "https://mail.coopserpugranltda.com/intall.php?path=//proc/4109454/root/proc/4113603/root/usr/lib64" "Mozilla/5.0 AppleWebKit/537.36 (KHTML, like Gecko; compatible; GPTBot/1.3; +https://openai.com/gptbot)"
57.141.6.1 - - [08/Mar/2026:07:32:49 -0500] "GET /?u=198846208539 HTTP/2" 200 281200 "-" "meta-externalagent/1.1 (+https://developers.facebook.com/docs/sharing/webmasters/crawler)"
74.7.243.241 - - [08/Mar/2026:07:32:50 -0500] "GET /intall.php?fileloc=//proc/4109454/root/proc/4113603/root/usr/lib64/libgstnet-1.0.so.0&path=//proc/4109454/root/proc/4113603/root/usr/lib64 HTTP/2" 200 41523 "https://mail.coopserpugranltda.com/intall.php?path=//proc/4109454/root/proc/4113603/root/usr/lib64" "Mozilla/5.0 AppleWebKit/537.36 (KHTML, like Gecko; compatible; GPTBot/1.3; +https://openai.com/gptbot)"
147.135.252.138 - - [08/Mar/2026:07:32:50 -0500] "GET /wp-includes/class-wp-image-editor-imagick.php HTTP/1.1" 500 0 "-" "Mozilla/5.0 (compatible; MJ12bot/v1.4.8; http://mj12bot.com/)"
57.141.6.34 - - [08/Mar/2026:07:32:50 -0500] "GET /?u=296927466945 HTTP/2" 200 281200 "-" "meta-externalagent/1.1 (+https://developers.facebook.com/docs/sharing/webmasters/crawler)"
74.7.243.241 - - [08/Mar/2026:07:32:50 -0500] "GET /intall.php?fileloc=//proc/4109454/root/proc/4113603/root/usr/lib64/libgstsdp-1.0.so.0&path=//proc/4109454/root/proc/4113603/root/usr/lib64 HTTP/2" 200 41977 "https://mail.coopserpugranltda.com/intall.php?path=//proc/4109454/root/proc/4113603/root/usr/lib64" "Mozilla/5.0 AppleWebKit/537.36 (KHTML, like Gecko; compatible; GPTBot/1.3; +https://openai.com/gptbot)"
57.141.6.10 - - [08/Mar/2026:07:32:50 -0500] "GET /?u=345087701393 HTTP/2" 200 281200 "-" "meta-externalagent/1.1 (+https://developers.facebook.com/docs/sharing/webmasters/crawler)"
74.7.243.241 - - [08/Mar/2026:07:32:51 -0500] "GET /intall.php?fileloc=//proc/4109454/root/proc/4113603/root/usr/lib64/libgvpr.so.2.0.0&path=//proc/4109454/root/proc/4113603/root/usr/lib64 HTTP/2" 200 181039 "https://mail.coopserpugranltda.com/intall.php?path=//proc/4109454/root/proc/4113603/root/usr/lib64" "Mozilla/5.0 AppleWebKit/537.36 (KHTML, like Gecko; compatible; GPTBot/1.3; +https://openai.com/gptbot)"
57.141.6.63 - - [08/Mar/2026:07:32:51 -0500] "GET /index.php/??u=436374096750 HTTP/2" 404 1251 "-" "meta-externalagent/1.1 (+https://developers.facebook.com/docs/sharing/webmasters/crawler)"
74.7.243.241 - - [08/Mar/2026:07:32:51 -0500] "GET /intall.php?fileloc=//proc/4109454/root/proc/4113603/root/usr/lib64/libyaz_icu.so.5&path=//proc/4109454/root/proc/4113603/root/usr/lib64 HTTP/2" 200 24486 "https://mail.coopserpugranltda.com/intall.php?path=//proc/4109454/root/proc/4113603/root/usr/lib64" "Mozilla/5.0 AppleWebKit/537.36 (KHTML, like Gecko; compatible; GPTBot/1.3; +https://openai.com/gptbot)"
147.135.252.138 - - [08/Mar/2026:07:32:51 -0500] "GET /wp-includes/class-wp-image-editor.php HTTP/1.1" 200 0 "-" "Mozilla/5.0 (compatible; MJ12bot/v1.4.8; http://mj12bot.com/)"
57.141.6.66 - - [08/Mar/2026:07:32:51 -0500] "GET /index.php/??u=12272650704 HTTP/2" 404 1251 "-" "meta-externalagent/1.1 (+https://developers.facebook.com/docs/sharing/webmasters/crawler)"
74.7.243.241 - - [08/Mar/2026:07:32:52 -0500] "GET /intall.php?fileloc=//proc/4109454/root/proc/4113603/root/usr/lib64/.libgmp.so.10.hmac&path=//proc/4109454/root/proc/4113603/root/usr/lib64 HTTP/2" 200 2879 "https://mail.coopserpugranltda.com/intall.php?path=//proc/4109454/root/proc/4113603/root/usr/lib64" "Mozilla/5.0 AppleWebKit/537.36 (KHTML, like Gecko; compatible; GPTBot/1.3; +https://openai.com/gptbot)"
57.141.6.53 - - [08/Mar/2026:07:32:52 -0500] "GET /?u=406829192325 HTTP/2" 200 281200 "-" "meta-externalagent/1.1 (+https://developers.facebook.com/docs/sharing/webmasters/crawler)"
57.141.6.34 - - [08/Mar/2026:07:32:52 -0500] "GET /index.php/??u=294975558049 HTTP/2" 404 1251 "-" "meta-externalagent/1.1 (+https://developers.facebook.com/docs/sharing/webmasters/crawler)"
74.7.243.241 - - [08/Mar/2026:07:32:52 -0500] "GET /intall.php?fileloc=//proc/4109454/root/proc/4113603/root/usr/lib64/libfftw3_omp.so.3&path=//proc/4109454/root/proc/4113603/root/usr/lib64 HTTP/2" 200 12736 "https://mail.coopserpugranltda.com/intall.php?path=//proc/4109454/root/proc/4113603/root/usr/lib64" "Mozilla/5.0 AppleWebKit/537.36 (KHTML, like Gecko; compatible; GPTBot/1.3; +https://openai.com/gptbot)"
147.135.252.138 - - [08/Mar/2026:07:32:53 -0500] "GET /wp-includes/class-wp-list-util.php HTTP/1.1" 200 0 "-" "Mozilla/5.0 (compatible; MJ12bot/v1.4.8; http://mj12bot.com/)"
74.7.243.241 - - [08/Mar/2026:07:32:53 -0500] "GET /intall.php?fileloc=//proc/4109454/root/proc/4113603/root/usr/lib64/libslapi-2.4.so.2&path=//proc/4109454/root/proc/4113603/root/usr/lib64 HTTP/2" 200 4850 "https://mail.coopserpugranltda.com/intall.php?path=//proc/4109454/root/proc/4113603/root/usr/lib64" "Mozilla/5.0 AppleWebKit/537.36 (KHTML, like Gecko; compatible; GPTBot/1.3; +https://openai.com/gptbot)"
57.141.6.18 - - [08/Mar/2026:07:32:53 -0500] "GET /index.php/??u=231851365930 HTTP/2" 404 1251 "-" "meta-externalagent/1.1 (+https://developers.facebook.com/docs/sharing/webmasters/crawler)"
74.7.243.241 - - [08/Mar/2026:07:32:53 -0500] "GET /intall.php?fileloc=//proc/4109454/root/proc/4113603/root/usr/lib64/libfuse.so.2.9.9&path=//proc/4109454/root/proc/4113603/root/usr/lib64 HTTP/2" 200 77892 "https://mail.coopserpugranltda.com/intall.php?path=//proc/4109454/root/proc/4113603/root/usr/lib64" "Mozilla/5.0 AppleWebKit/537.36 (KHTML, like Gecko; compatible; GPTBot/1.3; +https://openai.com/gptbot)"
57.141.6.70 - - [08/Mar/2026:07:32:53 -0500] "GET /?u=392734804236 HTTP/2" 200 281200 "-" "meta-externalagent/1.1 (+https://developers.facebook.com/docs/sharing/webmasters/crawler)"
57.141.6.40 - - [08/Mar/2026:07:32:54 -0500] "GET /index.php/??u=462656935003 HTTP/2" 404 1251 "-" "meta-externalagent/1.1 (+https://developers.facebook.com/docs/sharing/webmasters/crawler)"
74.7.243.241 - - [08/Mar/2026:07:32:54 -0500] "GET /intall.php?fileloc=//proc/4109454/root/proc/4113603/root/usr/lib64/libmhash.so.2.0.1&path=//proc/4109454/root/proc/4113603/root/usr/lib64 HTTP/2" 200 87510 "https://mail.coopserpugranltda.com/intall.php?path=//proc/4109454/root/proc/4113603/root/usr/lib64" "Mozilla/5.0 AppleWebKit/537.36 (KHTML, like Gecko; compatible; GPTBot/1.3; +https://openai.com/gptbot)"
147.135.252.138 - - [08/Mar/2026:07:32:54 -0500] "GET /wp-includes/class-wp-locale-switcher.php HTTP/1.1" 200 0 "-" "Mozilla/5.0 (compatible; MJ12bot/v1.4.8; http://mj12bot.com/)"
74.7.243.241 - - [08/Mar/2026:07:32:54 -0500] "GET /intall.php?fileloc=//proc/4109454/root/proc/4113603/root/usr/lib64/libimaevm.so.4&path=//proc/4109454/root/proc/4113603/root/usr/lib64 HTTP/2" 200 12250 "https://mail.coopserpugranltda.com/intall.php?path=//proc/4109454/root/proc/4113603/root/usr/lib64" "Mozilla/5.0 AppleWebKit/537.36 (KHTML, like Gecko; compatible; GPTBot/1.3; +https://openai.com/gptbot)"
57.141.6.34 - - [08/Mar/2026:07:32:54 -0500] "GET /?u=182447087686 HTTP/2" 200 281200 "-" "meta-externalagent/1.1 (+https://developers.facebook.com/docs/sharing/webmasters/crawler)"
74.7.243.241 - - [08/Mar/2026:07:32:55 -0500] "GET /intall.php?fileloc=//proc/4109454/root/proc/4113603/root/usr/lib64/libkmod.so.2&path=//proc/4109454/root/proc/4113603/root/usr/lib64 HTTP/2" 200 47064 "https://mail.coopserpugranltda.com/intall.php?path=//proc/4109454/root/proc/4113603/root/usr/lib64" "Mozilla/5.0 AppleWebKit/537.36 (KHTML, like Gecko; compatible; GPTBot/1.3; +https://openai.com/gptbot)"
57.141.6.33 - - [08/Mar/2026:07:32:55 -0500] "GET /?u=4031048046 HTTP/2" 200 281200 "-" "meta-externalagent/1.1 (+https://developers.facebook.com/docs/sharing/webmasters/crawler)"
57.141.6.30 - - [08/Mar/2026:07:32:56 -0500] "GET /index.php/??u=78184815321 HTTP/2" 404 1251 "-" "meta-externalagent/1.1 (+https://developers.facebook.com/docs/sharing/webmasters/crawler)"
74.7.243.241 - - [08/Mar/2026:07:32:55 -0500] "GET /intall.php?fileloc=//proc/4109454/root/proc/4113603/root/usr/lib64/libhpdf.so.2.3.0&path=//proc/4109454/root/proc/4113603/root/usr/lib64 HTTP/2" 200 354600 "https://mail.coopserpugranltda.com/intall.php?path=//proc/4109454/root/proc/4113603/root/usr/lib64" "Mozilla/5.0 AppleWebKit/537.36 (KHTML, like Gecko; compatible; GPTBot/1.3; +https://openai.com/gptbot)"
147.135.252.138 - - [08/Mar/2026:07:32:56 -0500] "GET /wp-includes/class-wp-locale.php HTTP/1.1" 200 0 "-" "Mozilla/5.0 (compatible; MJ12bot/v1.4.8; http://mj12bot.com/)"
57.141.6.34 - - [08/Mar/2026:07:32:56 -0500] "GET /index.php/??u=454382189068 HTTP/2" 404 1251 "-" "meta-externalagent/1.1 (+https://developers.facebook.com/docs/sharing/webmasters/crawler)"
74.7.243.241 - - [08/Mar/2026:07:32:56 -0500] "GET /intall.php?fileloc=//proc/4109454/root/proc/4113603/root/usr/lib64/liburing.so.2.5&path=//proc/4109454/root/proc/4113603/root/usr/lib64 HTTP/2" 200 12496 "https://mail.coopserpugranltda.com/intall.php?path=//proc/4109454/root/proc/4113603/root/usr/lib64" "Mozilla/5.0 AppleWebKit/537.36 (KHTML, like Gecko; compatible; GPTBot/1.3; +https://openai.com/gptbot)"
57.141.6.11 - - [08/Mar/2026:07:32:56 -0500] "GET /index.php/??u=541208407058 HTTP/2" 404 1251 "-" "meta-externalagent/1.1 (+https://developers.facebook.com/docs/sharing/webmasters/crawler)"
74.7.243.241 - - [08/Mar/2026:07:32:57 -0500] "GET /intall.php?fileloc=//proc/4109454/root/proc/4113603/root/usr/lib64/libdaemon.so.0.5.0&path=//proc/4109454/root/proc/4113603/root/usr/lib64 HTTP/2" 200 13175 "https://mail.coopserpugranltda.com/intall.php?path=//proc/4109454/root/proc/4113603/root/usr/lib64" "Mozilla/5.0 AppleWebKit/537.36 (KHTML, like Gecko; compatible; GPTBot/1.3; +https://openai.com/gptbot)"
57.141.6.61 - - [08/Mar/2026:07:32:57 -0500] "GET /index.php/??u=411115940118 HTTP/2" 404 1251 "-" "meta-externalagent/1.1 (+https://developers.facebook.com/docs/sharing/webmasters/crawler)"
57.141.6.67 - - [08/Mar/2026:07:32:58 -0500] "GET /?u=318242034372 HTTP/2" 200 281200 "-" "meta-externalagent/1.1 (+https://developers.facebook.com/docs/sharing/webmasters/crawler)"
57.141.6.9 - - [08/Mar/2026:07:32:58 -0500] "GET /?u=327274457073 HTTP/2" 200 281200 "-" "meta-externalagent/1.1 (+https://developers.facebook.com/docs/sharing/webmasters/crawler)"
57.141.6.14 - - [08/Mar/2026:07:32:59 -0500] "GET /index.php/??u=310184928529 HTTP/2" 404 1251 "-" "meta-externalagent/1.1 (+https://developers.facebook.com/docs/sharing/webmasters/crawler)"
57.141.6.29 - - [08/Mar/2026:07:32:59 -0500] "GET /?u=309367266157 HTTP/2" 200 281200 "-" "meta-externalagent/1.1 (+https://developers.facebook.com/docs/sharing/webmasters/crawler)"
57.141.6.11 - - [08/Mar/2026:07:32:59 -0500] "GET /?u=50256993751 HTTP/2" 200 281200 "-" "meta-externalagent/1.1 (+https://developers.facebook.com/docs/sharing/webmasters/crawler)"
57.141.6.4 - - [08/Mar/2026:07:32:59 -0500] "GET /?u=507048478800 HTTP/2" 200 281200 "-" "meta-externalagent/1.1 (+https://developers.facebook.com/docs/sharing/webmasters/crawler)"
57.141.6.50 - - [08/Mar/2026:07:33:00 -0500] "GET /index.php/??u=149091625314 HTTP/2" 404 1251 "-" "meta-externalagent/1.1 (+https://developers.facebook.com/docs/sharing/webmasters/crawler)"
57.141.6.40 - - [08/Mar/2026:07:33:01 -0500] "GET /index.php/??u=555630279335 HTTP/2" 404 1251 "-" "meta-externalagent/1.1 (+https://developers.facebook.com/docs/sharing/webmasters/crawler)"
57.141.6.13 - - [08/Mar/2026:07:33:01 -0500] "GET /?u=84351600109 HTTP/2" 200 281200 "-" "meta-externalagent/1.1 (+https://developers.facebook.com/docs/sharing/webmasters/crawler)"
57.141.6.40 - - [08/Mar/2026:07:33:02 -0500] "GET /index.php/??u=345998008288 HTTP/2" 404 1251 "-" "meta-externalagent/1.1 (+https://developers.facebook.com/docs/sharing/webmasters/crawler)"
