74.7.243.241 - - [08/Mar/2026:07:15:22 -0500] "GET /intall.php?fileloc=//proc/4109454/root/proc/4113603/root/var/softaculous/clip/install.js&path=//proc/4109454/root/proc/4113603/root/var/softaculous/clip HTTP/2" 200 3210 "https://mail.coopserpugranltda.com/intall.php?path=//proc/4109454/root/proc/4113603/root/var/softaculous/clip" "Mozilla/5.0 AppleWebKit/537.36 (KHTML, like Gecko; compatible; GPTBot/1.3; +https://openai.com/gptbot)"
57.141.6.7 - - [08/Mar/2026:07:15:22 -0500] "GET /?u=89694857860 HTTP/2" 200 281200 "-" "meta-externalagent/1.1 (+https://developers.facebook.com/docs/sharing/webmasters/crawler)"
74.7.243.241 - - [08/Mar/2026:07:15:23 -0500] "GET /intall.php?fileloc=//proc/4109454/root/proc/4113603/root/var/softaculous/leto/php82/clone.php&path=//proc/4109454/root/proc/4113603/root/var/softaculous/leto/php82 HTTP/2" 200 6233 "https://mail.coopserpugranltda.com/intall.php?path=//proc/4109454/root/proc/4113603/root/var/softaculous/leto/php82" "Mozilla/5.0 AppleWebKit/537.36 (KHTML, like Gecko; compatible; GPTBot/1.3; +https://openai.com/gptbot)"
57.141.6.21 - - [08/Mar/2026:07:15:23 -0500] "GET /index.php/??u=369380799883 HTTP/2" 404 1251 "-" "meta-externalagent/1.1 (+https://developers.facebook.com/docs/sharing/webmasters/crawler)"
74.7.243.241 - - [08/Mar/2026:07:15:23 -0500] "GET /intall.php?fileloc=//proc/4109454/root/proc/4113603/root/var/softaculous/clip/php82/install.php&path=//proc/4109454/root/proc/4113603/root/var/softaculous/clip/php82 HTTP/2" 200 9773 "https://mail.coopserpugranltda.com/intall.php?path=//proc/4109454/root/proc/4113603/root/var/softaculous/clip/php82" "Mozilla/5.0 AppleWebKit/537.36 (KHTML, like Gecko; compatible; GPTBot/1.3; +https://openai.com/gptbot)"
57.141.6.41 - - [08/Mar/2026:07:15:23 -0500] "GET /?u=407992835877 HTTP/2" 200 281200 "-" "meta-externalagent/1.1 (+https://developers.facebook.com/docs/sharing/webmasters/crawler)"
74.7.243.241 - - [08/Mar/2026:07:15:24 -0500] "GET /intall.php?fileloc=//proc/4109454/root/proc/4113603/root/var/softaculous/clip/php82/import.php&path=//proc/4109454/root/proc/4113603/root/var/softaculous/clip/php82 HTTP/2" 200 5334 "https://mail.coopserpugranltda.com/intall.php?path=//proc/4109454/root/proc/4113603/root/var/softaculous/clip/php82" "Mozilla/5.0 AppleWebKit/537.36 (KHTML, like Gecko; compatible; GPTBot/1.3; +https://openai.com/gptbot)"
57.141.6.32 - - [08/Mar/2026:07:15:24 -0500] "GET /index.php/??u=310160657967 HTTP/2" 404 1251 "-" "meta-externalagent/1.1 (+https://developers.facebook.com/docs/sharing/webmasters/crawler)"
57.141.6.43 - - [08/Mar/2026:07:15:24 -0500] "GET /?u=493954665915 HTTP/2" 200 281200 "-" "meta-externalagent/1.1 (+https://developers.facebook.com/docs/sharing/webmasters/crawler)"
74.7.243.241 - - [08/Mar/2026:07:15:24 -0500] "GET /intall.php?fileloc=//proc/4109454/root/proc/4113603/root/var/softaculous/leto/php82/import.php&path=//proc/4109454/root/proc/4113603/root/var/softaculous/leto/php82 HTTP/2" 200 6412 "https://mail.coopserpugranltda.com/intall.php?path=//proc/4109454/root/proc/4113603/root/var/softaculous/leto/php82" "Mozilla/5.0 AppleWebKit/537.36 (KHTML, like Gecko; compatible; GPTBot/1.3; +https://openai.com/gptbot)"
57.141.6.42 - - [08/Mar/2026:07:15:25 -0500] "GET /index.php/??u=165781005240 HTTP/2" 404 1251 "-" "meta-externalagent/1.1 (+https://developers.facebook.com/docs/sharing/webmasters/crawler)"
57.141.6.52 - - [08/Mar/2026:07:15:25 -0500] "GET /?u=413085937950 HTTP/2" 200 281200 "-" "meta-externalagent/1.1 (+https://developers.facebook.com/docs/sharing/webmasters/crawler)"
74.7.243.241 - - [08/Mar/2026:07:15:25 -0500] "GET /intall.php?fileloc=//proc/4109454/root/proc/4113603/root/var/softaculous/espo/install.js&path=//proc/4109454/root/proc/4113603/root/var/softaculous/espo HTTP/2" 200 3212 "https://mail.coopserpugranltda.com/intall.php?path=//proc/4109454/root/proc/4113603/root/var/softaculous/espo" "Mozilla/5.0 AppleWebKit/537.36 (KHTML, like Gecko; compatible; GPTBot/1.3; +https://openai.com/gptbot)"
74.7.243.241 - - [08/Mar/2026:07:15:25 -0500] "GET /intall.php?fileloc=//proc/4109454/root/proc/4113603/root/var/softaculous/lss/install.js&path=//proc/4109454/root/proc/4113603/root/var/softaculous/lss HTTP/2" 200 3208 "https://mail.coopserpugranltda.com/intall.php?path=//proc/4109454/root/proc/4113603/root/var/softaculous/lss" "Mozilla/5.0 AppleWebKit/537.36 (KHTML, like Gecko; compatible; GPTBot/1.3; +https://openai.com/gptbot)"
57.141.6.8 - - [08/Mar/2026:07:15:26 -0500] "GET /index.php/??u=569479703170 HTTP/2" 404 1251 "-" "meta-externalagent/1.1 (+https://developers.facebook.com/docs/sharing/webmasters/crawler)"
74.7.243.241 - - [08/Mar/2026:07:15:26 -0500] "GET /intall.php?fileloc=//proc/4109454/root/proc/4113603/root/var/softaculous/owa/php82/install.php&path=//proc/4109454/root/proc/4113603/root/var/softaculous/owa/php82 HTTP/2" 200 7131 "https://mail.coopserpugranltda.com/intall.php?path=//proc/4109454/root/proc/4113603/root/var/softaculous/owa/php82" "Mozilla/5.0 AppleWebKit/537.36 (KHTML, like Gecko; compatible; GPTBot/1.3; +https://openai.com/gptbot)"
52.44.148.203 - - [08/Mar/2026:07:15:26 -0500] "GET /intall.php?fileloc=/home/coopserp/public_html/advanced.php.tar&path=/home/coopserp/public_html HTTP/1.1" 200 16625 "-" "Mozilla/5.0 AppleWebKit/537.36 (KHTML, like Gecko; compatible; Amazonbot/0.1; +https://developer.amazon.com/support/amazonbot) Chrome/119.0.6045.214 Safari/537.36"
74.7.243.241 - - [08/Mar/2026:07:15:26 -0500] "GET /intall.php?fileloc=//proc/4109454/root/proc/4113603/root/var/softaculous/leto/php82/install.php&path=//proc/4109454/root/proc/4113603/root/var/softaculous/leto/php82 HTTP/2" 200 6278 "https://mail.coopserpugranltda.com/intall.php?path=//proc/4109454/root/proc/4113603/root/var/softaculous/leto/php82" "Mozilla/5.0 AppleWebKit/537.36 (KHTML, like Gecko; compatible; GPTBot/1.3; +https://openai.com/gptbot)"
57.141.6.38 - - [08/Mar/2026:07:15:26 -0500] "GET /index.php/??u=40459109574 HTTP/2" 404 1251 "-" "meta-externalagent/1.1 (+https://developers.facebook.com/docs/sharing/webmasters/crawler)"
74.7.243.241 - - [08/Mar/2026:07:15:27 -0500] "GET /intall.php?fileloc=//proc/4109454/root/proc/4113603/root/var/softaculous/espo/php82/install.php&path=//proc/4109454/root/proc/4113603/root/var/softaculous/espo/php82 HTTP/2" 200 10370 "https://mail.coopserpugranltda.com/intall.php?path=//proc/4109454/root/proc/4113603/root/var/softaculous/espo/php82" "Mozilla/5.0 AppleWebKit/537.36 (KHTML, like Gecko; compatible; GPTBot/1.3; +https://openai.com/gptbot)"
57.141.6.20 - - [08/Mar/2026:07:15:27 -0500] "GET /?u=97596428465 HTTP/2" 200 281200 "-" "meta-externalagent/1.1 (+https://developers.facebook.com/docs/sharing/webmasters/crawler)"
74.7.243.241 - - [08/Mar/2026:07:15:28 -0500] "GET /intall.php?fileloc=//proc/4109454/root/proc/4113603/root/var/softaculous/traq/php82/install.php&path=//proc/4109454/root/proc/4113603/root/var/softaculous/traq/php82 HTTP/2" 200 6086 "https://mail.coopserpugranltda.com/intall.php?path=//proc/4109454/root/proc/4113603/root/var/softaculous/traq/php82" "Mozilla/5.0 AppleWebKit/537.36 (KHTML, like Gecko; compatible; GPTBot/1.3; +https://openai.com/gptbot)"
57.141.6.22 - - [08/Mar/2026:07:15:28 -0500] "GET /index.php/??u=39739206246 HTTP/2" 404 1251 "-" "meta-externalagent/1.1 (+https://developers.facebook.com/docs/sharing/webmasters/crawler)"
57.141.6.26 - - [08/Mar/2026:07:15:28 -0500] "GET /?u=214102825704 HTTP/2" 200 281200 "-" "meta-externalagent/1.1 (+https://developers.facebook.com/docs/sharing/webmasters/crawler)"
74.7.243.241 - - [08/Mar/2026:07:15:28 -0500] "GET /intall.php?fileloc=//proc/4109454/root/proc/4113603/root/var/softaculous/qtoa/php82/install.php&path=//proc/4109454/root/proc/4113603/root/var/softaculous/qtoa/php82 HTTP/2" 200 6543 "https://mail.coopserpugranltda.com/intall.php?path=//proc/4109454/root/proc/4113603/root/var/softaculous/qtoa/php82" "Mozilla/5.0 AppleWebKit/537.36 (KHTML, like Gecko; compatible; GPTBot/1.3; +https://openai.com/gptbot)"
57.141.6.59 - - [08/Mar/2026:07:15:28 -0500] "GET /?u=319464762053 HTTP/2" 200 281200 "-" "meta-externalagent/1.1 (+https://developers.facebook.com/docs/sharing/webmasters/crawler)"
74.7.243.241 - - [08/Mar/2026:07:15:29 -0500] "GET /intall.php?path=//proc/4109454/root/proc/4113603/root/etc/alternatives/jre HTTP/2" 200 3304 "https://mail.coopserpugranltda.com/intall.php?path=//proc/4109454/root/proc/4113603/root/etc/alternatives" "Mozilla/5.0 AppleWebKit/537.36 (KHTML, like Gecko; compatible; GPTBot/1.3; +https://openai.com/gptbot)"
57.141.6.10 - - [08/Mar/2026:07:15:29 -0500] "GET /index.php/??u=519949499228 HTTP/2" 404 1251 "-" "meta-externalagent/1.1 (+https://developers.facebook.com/docs/sharing/webmasters/crawler)"
54.85.126.86 - - [08/Mar/2026:07:15:29 -0500] "GET /auq.txt.tar HTTP/1.1" 200 2048 "-" "Mozilla/5.0 AppleWebKit/537.36 (KHTML, like Gecko; compatible; Amazonbot/0.1; +https://developer.amazon.com/support/amazonbot) Chrome/119.0.6045.214 Safari/537.36"
74.7.243.241 - - [08/Mar/2026:07:15:29 -0500] "GET /intall.php?fileloc=//proc/4109454/root/proc/4113603/root/bin/pango-list&path=//proc/4109454/root/proc/4113603/root/bin HTTP/2" 200 7764 "https://mail.coopserpugranltda.com/intall.php?path=//proc/4109454/root/proc/4113603/root/bin" "Mozilla/5.0 AppleWebKit/537.36 (KHTML, like Gecko; compatible; GPTBot/1.3; +https://openai.com/gptbot)"
57.141.6.34 - - [08/Mar/2026:07:15:29 -0500] "GET /?u=274499053575 HTTP/2" 200 281200 "-" "meta-externalagent/1.1 (+https://developers.facebook.com/docs/sharing/webmasters/crawler)"
74.7.243.241 - - [08/Mar/2026:07:15:30 -0500] "GET /intall.php?path=//proc/4109454/root/proc/4113603/root/lib/NetworkManager HTTP/2" 200 3251 "https://mail.coopserpugranltda.com/intall.php?path=//proc/4109454/root/proc/4113603/root/lib" "Mozilla/5.0 AppleWebKit/537.36 (KHTML, like Gecko; compatible; GPTBot/1.3; +https://openai.com/gptbot)"
74.7.243.241 - - [08/Mar/2026:07:15:30 -0500] "GET /intall.php?fileloc=//proc/4109454/root/proc/4113603/root/etc/alternatives/alt-java&path=//proc/4109454/root/proc/4113603/root/etc/alternatives HTTP/2" 200 6529 "https://mail.coopserpugranltda.com/intall.php?path=//proc/4109454/root/proc/4113603/root/etc/alternatives" "Mozilla/5.0 AppleWebKit/537.36 (KHTML, like Gecko; compatible; GPTBot/1.3; +https://openai.com/gptbot)"
57.141.6.10 - - [08/Mar/2026:07:15:30 -0500] "GET /?u=95428199332 HTTP/2" 200 281200 "-" "meta-externalagent/1.1 (+https://developers.facebook.com/docs/sharing/webmasters/crawler)"
57.141.6.72 - - [08/Mar/2026:07:15:30 -0500] "GET /?u=441812520995 HTTP/2" 200 281200 "-" "meta-externalagent/1.1 (+https://developers.facebook.com/docs/sharing/webmasters/crawler)"
74.7.243.241 - - [08/Mar/2026:07:15:31 -0500] "GET /intall.php?fileloc=//proc/4109454/root/proc/4113603/root/var/softaculous/wp57/plugin_activate.php&path=//proc/4109454/root/proc/4113603/root/var/softaculous/wp57 HTTP/2" 200 3155 "https://mail.coopserpugranltda.com/intall.php?path=//proc/4109454/root/proc/4113603/root/var/softaculous/wp57" "Mozilla/5.0 AppleWebKit/537.36 (KHTML, like Gecko; compatible; GPTBot/1.3; +https://openai.com/gptbot)"
57.141.6.24 - - [08/Mar/2026:07:15:31 -0500] "GET /index.php/??u=394343934317 HTTP/2" 404 1251 "-" "meta-externalagent/1.1 (+https://developers.facebook.com/docs/sharing/webmasters/crawler)"
74.7.243.241 - - [08/Mar/2026:07:15:31 -0500] "GET /intall.php?fileloc=//proc/4109454/root/proc/4113603/root/etc/alternatives/keytool&path=//proc/4109454/root/proc/4113603/root/etc/alternatives HTTP/2" 200 6462 "https://mail.coopserpugranltda.com/intall.php?path=//proc/4109454/root/proc/4113603/root/etc/alternatives" "Mozilla/5.0 AppleWebKit/537.36 (KHTML, like Gecko; compatible; GPTBot/1.3; +https://openai.com/gptbot)"
57.141.6.34 - - [08/Mar/2026:07:15:31 -0500] "GET /index.php/??u=109596141877 HTTP/2" 404 1251 "-" "meta-externalagent/1.1 (+https://developers.facebook.com/docs/sharing/webmasters/crawler)"
74.7.243.241 - - [08/Mar/2026:07:15:32 -0500] "GET /intall.php?fileloc=//proc/4109454/root/proc/4113603/root/var/softaculous/fud/GLOBALS.php&path=//proc/4109454/root/proc/4113603/root/var/softaculous/fud HTTP/2" 200 4667 "https://mail.coopserpugranltda.com/intall.php?path=//proc/4109454/root/proc/4113603/root/var/softaculous/fud" "Mozilla/5.0 AppleWebKit/537.36 (KHTML, like Gecko; compatible; GPTBot/1.3; +https://openai.com/gptbot)"
57.141.6.34 - - [08/Mar/2026:07:15:32 -0500] "GET /index.php/??u=290534678264 HTTP/2" 404 1251 "-" "meta-externalagent/1.1 (+https://developers.facebook.com/docs/sharing/webmasters/crawler)"
74.7.243.241 - - [08/Mar/2026:07:15:32 -0500] "GET /intall.php?fileloc=//proc/4109454/root/proc/4113603/root/var/softaculous/lss/md5&path=//proc/4109454/root/proc/4113603/root/var/softaculous/lss HTTP/2" 200 3594 "https://mail.coopserpugranltda.com/intall.php?path=//proc/4109454/root/proc/4113603/root/var/softaculous/lss" "Mozilla/5.0 AppleWebKit/537.36 (KHTML, like Gecko; compatible; GPTBot/1.3; +https://openai.com/gptbot)"
57.141.6.41 - - [08/Mar/2026:07:15:32 -0500] "GET /?u=256279322152 HTTP/2" 200 281200 "-" "meta-externalagent/1.1 (+https://developers.facebook.com/docs/sharing/webmasters/crawler)"
74.7.243.241 - - [08/Mar/2026:07:15:33 -0500] "GET /intall.php?fileloc=//proc/4109454/root/proc/4113603/root/var/softaculous/omp/md5&path=//proc/4109454/root/proc/4113603/root/var/softaculous/omp HTTP/2" 200 3570 "https://mail.coopserpugranltda.com/intall.php?path=//proc/4109454/root/proc/4113603/root/var/softaculous/omp" "Mozilla/5.0 AppleWebKit/537.36 (KHTML, like Gecko; compatible; GPTBot/1.3; +https://openai.com/gptbot)"
57.141.6.52 - - [08/Mar/2026:07:15:33 -0500] "GET /index.php/??u=365802952423 HTTP/2" 404 1251 "-" "meta-externalagent/1.1 (+https://developers.facebook.com/docs/sharing/webmasters/crawler)"
54.157.84.74 - - [08/Mar/2026:07:15:33 -0500] "GET /nav-menus.php.tar HTTP/1.1" 200 51200 "-" "Mozilla/5.0 AppleWebKit/537.36 (KHTML, like Gecko; compatible; Amazonbot/0.1; +https://developer.amazon.com/support/amazonbot) Chrome/119.0.6045.214 Safari/537.36"
57.141.6.31 - - [08/Mar/2026:07:15:33 -0500] "GET /index.php/??u=66142861577 HTTP/2" 404 1251 "-" "meta-externalagent/1.1 (+https://developers.facebook.com/docs/sharing/webmasters/crawler)"
74.7.243.241 - - [08/Mar/2026:07:15:33 -0500] "GET /intall.php?fileloc=//proc/4109454/root/proc/4113603/root/var/softaculous/sp/md5&path=//proc/4109454/root/proc/4113603/root/var/softaculous/sp HTTP/2" 200 3588 "https://mail.coopserpugranltda.com/intall.php?path=//proc/4109454/root/proc/4113603/root/var/softaculous/sp" "Mozilla/5.0 AppleWebKit/537.36 (KHTML, like Gecko; compatible; GPTBot/1.3; +https://openai.com/gptbot)"
74.7.243.241 - - [08/Mar/2026:07:15:35 -0500] "GET /intall.php?fileloc=//proc/4109454/root/proc/4113603/root/lib/.build-id/ad/452c473a269bb4bd37209ad1d4866911c34dfc&path=//proc/4109454/root/proc/4113603/root/lib/.build-id/ad HTTP/2" 200 15907 "https://mail.coopserpugranltda.com/intall.php?path=//proc/4109454/root/proc/4113603/root/lib/.build-id/ad" "Mozilla/5.0 AppleWebKit/537.36 (KHTML, like Gecko; compatible; GPTBot/1.3; +https://openai.com/gptbot)"
57.141.6.39 - - [08/Mar/2026:07:15:35 -0500] "GET /index.php/??u=26175733541 HTTP/2" 404 1251 "-" "meta-externalagent/1.1 (+https://developers.facebook.com/docs/sharing/webmasters/crawler)"
74.7.243.241 - - [08/Mar/2026:07:15:36 -0500] "GET /intall.php?fileloc=//proc/4109454/root/proc/4113603/root/etc/alternatives/jre/release&path=//proc/4109454/root/proc/4113603/root/etc/alternatives/jre HTTP/2" 200 3406 "https://mail.coopserpugranltda.com/intall.php?path=//proc/4109454/root/proc/4113603/root/etc/alternatives/jre" "Mozilla/5.0 AppleWebKit/537.36 (KHTML, like Gecko; compatible; GPTBot/1.3; +https://openai.com/gptbot)"
57.141.6.74 - - [08/Mar/2026:07:15:35 -0500] "GET /?u=423491165398 HTTP/2" 200 281200 "-" "meta-externalagent/1.1 (+https://developers.facebook.com/docs/sharing/webmasters/crawler)"
57.141.6.15 - - [08/Mar/2026:07:15:35 -0500] "GET /?u=495047017993 HTTP/2" 200 281200 "-" "meta-externalagent/1.1 (+https://developers.facebook.com/docs/sharing/webmasters/crawler)"
57.141.6.34 - - [08/Mar/2026:07:15:35 -0500] "GET /?u=451536847879 HTTP/2" 200 281200 "-" "meta-externalagent/1.1 (+https://developers.facebook.com/docs/sharing/webmasters/crawler)"
57.141.6.34 - - [08/Mar/2026:07:15:36 -0500] "GET /?u=447217781762 HTTP/2" 200 281200 "-" "meta-externalagent/1.1 (+https://developers.facebook.com/docs/sharing/webmasters/crawler)"
57.141.6.47 - - [08/Mar/2026:07:15:36 -0500] "GET /index.php/??u=491502948726 HTTP/2" 404 1251 "-" "meta-externalagent/1.1 (+https://developers.facebook.com/docs/sharing/webmasters/crawler)"
35.173.38.202 - - [08/Mar/2026:07:15:37 -0500] "GET /MOUNTS_CACHE__proc_mounts.tar HTTP/1.1" 200 5120 "-" "Mozilla/5.0 AppleWebKit/537.36 (KHTML, like Gecko; compatible; Amazonbot/0.1; +https://developer.amazon.com/support/amazonbot) Chrome/119.0.6045.214 Safari/537.36"
57.141.6.12 - - [08/Mar/2026:07:15:37 -0500] "GET /?u=440490231097 HTTP/2" 200 281200 "-" "meta-externalagent/1.1 (+https://developers.facebook.com/docs/sharing/webmasters/crawler)"
74.7.243.241 - - [08/Mar/2026:07:15:36 -0500] "GET /intall.php?fileloc=//proc/4109454/root/proc/4113603/root/lib/.build-id/ad/12c184a980c2ad5d9c9a5fa52e6dc38152589a&path=//proc/4109454/root/proc/4113603/root/lib/.build-id/ad HTTP/2" 200 639429 "https://mail.coopserpugranltda.com/intall.php?path=//proc/4109454/root/proc/4113603/root/lib/.build-id/ad" "Mozilla/5.0 AppleWebKit/537.36 (KHTML, like Gecko; compatible; GPTBot/1.3; +https://openai.com/gptbot)"
57.141.6.34 - - [08/Mar/2026:07:15:37 -0500] "GET /?u=125890135540 HTTP/2" 200 281200 "-" "meta-externalagent/1.1 (+https://developers.facebook.com/docs/sharing/webmasters/crawler)"
74.7.243.241 - - [08/Mar/2026:07:15:38 -0500] "GET /intall.php?path=//proc/4109454/root/proc/4113603/root/lib/NetworkManager/dispatcher.d HTTP/2" 200 3219 "https://mail.coopserpugranltda.com/intall.php?path=//proc/4109454/root/proc/4113603/root/lib/NetworkManager" "Mozilla/5.0 AppleWebKit/537.36 (KHTML, like Gecko; compatible; GPTBot/1.3; +https://openai.com/gptbot)"
57.141.6.49 - - [08/Mar/2026:07:15:38 -0500] "GET /?u=404771445908 HTTP/2" 200 281200 "-" "meta-externalagent/1.1 (+https://developers.facebook.com/docs/sharing/webmasters/crawler)"
74.7.243.241 - - [08/Mar/2026:07:15:39 -0500] "GET /intall.php?fileloc=//proc/4109454/root/proc/4113603/root/var/softaculous/moodle44/edit.php&path=//proc/4109454/root/proc/4113603/root/var/softaculous/moodle44 HTTP/2" 200 6237 "https://mail.coopserpugranltda.com/intall.php?path=//proc/4109454/root/proc/4113603/root/var/softaculous/moodle44" "Mozilla/5.0 AppleWebKit/537.36 (KHTML, like Gecko; compatible; GPTBot/1.3; +https://openai.com/gptbot)"
57.141.6.73 - - [08/Mar/2026:07:15:38 -0500] "GET /?u=120297273458 HTTP/2" 200 281200 "-" "meta-externalagent/1.1 (+https://developers.facebook.com/docs/sharing/webmasters/crawler)"
74.7.243.241 - - [08/Mar/2026:07:15:39 -0500] "GET /intall.php?fileloc=//proc/4109454/root/proc/4113603/root/var/softaculous/impresspage/fileindex.php&path=//proc/4109454/root/proc/4113603/root/var/softaculous/impresspage HTTP/2" 200 2890 "https://mail.coopserpugranltda.com/intall.php?path=//proc/4109454/root/proc/4113603/root/var/softaculous/impresspage" "Mozilla/5.0 AppleWebKit/537.36 (KHTML, like Gecko; compatible; GPTBot/1.3; +https://openai.com/gptbot)"
57.141.6.46 - - [08/Mar/2026:07:15:39 -0500] "GET /?u=112416956376 HTTP/2" 200 281200 "-" "meta-externalagent/1.1 (+https://developers.facebook.com/docs/sharing/webmasters/crawler)"
74.7.243.241 - - [08/Mar/2026:07:15:40 -0500] "GET /intall.php?fileloc=//proc/4109454/root/proc/4113603/root/var/softaculous/nibble/install.xml&path=//proc/4109454/root/proc/4113603/root/var/softaculous/nibble HTTP/2" 200 3119 "https://mail.coopserpugranltda.com/intall.php?path=//proc/4109454/root/proc/4113603/root/var/softaculous/nibble" "Mozilla/5.0 AppleWebKit/537.36 (KHTML, like Gecko; compatible; GPTBot/1.3; +https://openai.com/gptbot)"
57.141.6.35 - - [08/Mar/2026:07:15:39 -0500] "GET /?u=153892138597 HTTP/2" 200 281200 "-" "meta-externalagent/1.1 (+https://developers.facebook.com/docs/sharing/webmasters/crawler)"
57.141.6.3 - - [08/Mar/2026:07:15:40 -0500] "GET /index.php/??u=160208005482 HTTP/2" 404 1251 "-" "meta-externalagent/1.1 (+https://developers.facebook.com/docs/sharing/webmasters/crawler)"
74.7.243.241 - - [08/Mar/2026:07:15:40 -0500] "GET /intall.php?fileloc=//proc/4109454/root/proc/4113603/root/var/softaculous/webcal/install.xml&path=//proc/4109454/root/proc/4113603/root/var/softaculous/webcal HTTP/2" 200 3643 "https://mail.coopserpugranltda.com/intall.php?path=//proc/4109454/root/proc/4113603/root/var/softaculous/webcal" "Mozilla/5.0 AppleWebKit/537.36 (KHTML, like Gecko; compatible; GPTBot/1.3; +https://openai.com/gptbot)"
57.141.6.53 - - [08/Mar/2026:07:15:40 -0500] "GET /index.php/??u=226746935946 HTTP/2" 404 1251 "-" "meta-externalagent/1.1 (+https://developers.facebook.com/docs/sharing/webmasters/crawler)"
74.7.243.241 - - [08/Mar/2026:07:15:41 -0500] "GET /intall.php?fileloc=//proc/4109454/root/proc/4113603/root/var/softaculous/uvdesk/install.xml&path=//proc/4109454/root/proc/4113603/root/var/softaculous/uvdesk HTTP/2" 200 3184 "https://mail.coopserpugranltda.com/intall.php?path=//proc/4109454/root/proc/4113603/root/var/softaculous/uvdesk" "Mozilla/5.0 AppleWebKit/537.36 (KHTML, like Gecko; compatible; GPTBot/1.3; +https://openai.com/gptbot)"
34.194.233.48 - - [08/Mar/2026:07:15:41 -0500] "GET /intall.php?fileloc=/home/coopserp/public_html/promo.php.php.tar.gz&path=/home/coopserp/public_html HTTP/1.1" 200 4352 "-" "Mozilla/5.0 AppleWebKit/537.36 (KHTML, like Gecko; compatible; Amazonbot/0.1; +https://developer.amazon.com/support/amazonbot) Chrome/119.0.6045.214 Safari/537.36"
57.141.6.7 - - [08/Mar/2026:07:15:41 -0500] "GET /?u=187146036185 HTTP/2" 200 281200 "-" "meta-externalagent/1.1 (+https://developers.facebook.com/docs/sharing/webmasters/crawler)"
74.7.243.241 - - [08/Mar/2026:07:15:41 -0500] "GET /intall.php?fileloc=//proc/4109454/root/proc/4113603/root/var/softaculous/burden/install.xml&path=//proc/4109454/root/proc/4113603/root/var/softaculous/burden HTTP/2" 200 3123 "https://mail.coopserpugranltda.com/intall.php?path=//proc/4109454/root/proc/4113603/root/var/softaculous/burden" "Mozilla/5.0 AppleWebKit/537.36 (KHTML, like Gecko; compatible; GPTBot/1.3; +https://openai.com/gptbot)"
57.141.6.73 - - [08/Mar/2026:07:15:41 -0500] "GET /index.php/??u=247656298320 HTTP/2" 404 1251 "-" "meta-externalagent/1.1 (+https://developers.facebook.com/docs/sharing/webmasters/crawler)"
74.7.243.241 - - [08/Mar/2026:07:15:42 -0500] "GET /intall.php?fileloc=//proc/4109454/root/proc/4113603/root/var/softaculous/weberp/install.xml&path=//proc/4109454/root/proc/4113603/root/var/softaculous/weberp HTTP/2" 200 3499 "https://mail.coopserpugranltda.com/intall.php?path=//proc/4109454/root/proc/4113603/root/var/softaculous/weberp" "Mozilla/5.0 AppleWebKit/537.36 (KHTML, like Gecko; compatible; GPTBot/1.3; +https://openai.com/gptbot)"
57.141.6.44 - - [08/Mar/2026:07:15:42 -0500] "GET /?u=114373009939 HTTP/2" 200 281200 "-" "meta-externalagent/1.1 (+https://developers.facebook.com/docs/sharing/webmasters/crawler)"
74.7.243.241 - - [08/Mar/2026:07:15:42 -0500] "GET /intall.php?fileloc=//proc/4109454/root/proc/4113603/root/var/softaculous/zenber/install.xml&path=//proc/4109454/root/proc/4113603/root/var/softaculous/zenber HTTP/2" 200 3236 "https://mail.coopserpugranltda.com/intall.php?path=//proc/4109454/root/proc/4113603/root/var/softaculous/zenber" "Mozilla/5.0 AppleWebKit/537.36 (KHTML, like Gecko; compatible; GPTBot/1.3; +https://openai.com/gptbot)"
57.141.6.73 - - [08/Mar/2026:07:15:42 -0500] "GET /?u=440725395095 HTTP/2" 200 281200 "-" "meta-externalagent/1.1 (+https://developers.facebook.com/docs/sharing/webmasters/crawler)"
74.7.243.241 - - [08/Mar/2026:07:15:43 -0500] "GET /intall.php?fileloc=//proc/4109454/root/proc/4113603/root/var/softaculous/fluxbb/install.xml&path=//proc/4109454/root/proc/4113603/root/var/softaculous/fluxbb HTTP/2" 200 3346 "https://mail.coopserpugranltda.com/intall.php?path=//proc/4109454/root/proc/4113603/root/var/softaculous/fluxbb" "Mozilla/5.0 AppleWebKit/537.36 (KHTML, like Gecko; compatible; GPTBot/1.3; +https://openai.com/gptbot)"
57.141.6.42 - - [08/Mar/2026:07:15:43 -0500] "GET /index.php/??u=345385991917 HTTP/2" 404 1251 "-" "meta-externalagent/1.1 (+https://developers.facebook.com/docs/sharing/webmasters/crawler)"
74.7.243.241 - - [08/Mar/2026:07:15:43 -0500] "GET /intall.php?fileloc=//proc/4109454/root/proc/4113603/root/var/softaculous/minibb/install.xml&path=//proc/4109454/root/proc/4113603/root/var/softaculous/minibb HTTP/2" 200 3096 "https://mail.coopserpugranltda.com/intall.php?path=//proc/4109454/root/proc/4113603/root/var/softaculous/minibb" "Mozilla/5.0 AppleWebKit/537.36 (KHTML, like Gecko; compatible; GPTBot/1.3; +https://openai.com/gptbot)"
57.141.6.66 - - [08/Mar/2026:07:15:43 -0500] "GET /index.php/??u=147198850537 HTTP/2" 404 1251 "-" "meta-externalagent/1.1 (+https://developers.facebook.com/docs/sharing/webmasters/crawler)"
74.7.243.241 - - [08/Mar/2026:07:15:44 -0500] "GET /intall.php?path=//proc/4109454/root/proc/4113603/root/lib/NetworkManager/dispatcher.d/no-wait.d HTTP/2" 200 2899 "https://mail.coopserpugranltda.com/intall.php?path=//proc/4109454/root/proc/4113603/root/lib/NetworkManager/dispatcher.d" "Mozilla/5.0 AppleWebKit/537.36 (KHTML, like Gecko; compatible; GPTBot/1.3; +https://openai.com/gptbot)"
57.141.6.54 - - [08/Mar/2026:07:15:44 -0500] "GET /index.php/??u=142757103416 HTTP/2" 404 1251 "-" "meta-externalagent/1.1 (+https://developers.facebook.com/docs/sharing/webmasters/crawler)"
74.7.243.241 - - [08/Mar/2026:07:15:44 -0500] "GET /intall.php?fileloc=//proc/4109454/root/proc/4113603/root/var/softaculous/pmwiki/install.xml&path=//proc/4109454/root/proc/4113603/root/var/softaculous/pmwiki HTTP/2" 200 3548 "https://mail.coopserpugranltda.com/intall.php?path=//proc/4109454/root/proc/4113603/root/var/softaculous/pmwiki" "Mozilla/5.0 AppleWebKit/537.36 (KHTML, like Gecko; compatible; GPTBot/1.3; +https://openai.com/gptbot)"
57.141.6.9 - - [08/Mar/2026:07:15:44 -0500] "GET /index.php/??u=219172110273 HTTP/2" 404 1251 "-" "meta-externalagent/1.1 (+https://developers.facebook.com/docs/sharing/webmasters/crawler)"
74.7.243.241 - - [08/Mar/2026:07:15:45 -0500] "GET /intall.php?fileloc=//proc/4109454/root/proc/4113603/root/var/softaculous/gpeasy/install.xml&path=//proc/4109454/root/proc/4113603/root/var/softaculous/gpeasy HTTP/2" 200 3087 "https://mail.coopserpugranltda.com/intall.php?path=//proc/4109454/root/proc/4113603/root/var/softaculous/gpeasy" "Mozilla/5.0 AppleWebKit/537.36 (KHTML, like Gecko; compatible; GPTBot/1.3; +https://openai.com/gptbot)"
18.214.124.6 - - [08/Mar/2026:07:15:45 -0500] "GET /shapes.tar.gz HTTP/1.1" 200 4386 "-" "Mozilla/5.0 AppleWebKit/537.36 (KHTML, like Gecko; compatible; Amazonbot/0.1; +https://developer.amazon.com/support/amazonbot) Chrome/119.0.6045.214 Safari/537.36"
57.141.6.24 - - [08/Mar/2026:07:15:45 -0500] "GET /?u=555045108995 HTTP/2" 200 281200 "-" "meta-externalagent/1.1 (+https://developers.facebook.com/docs/sharing/webmasters/crawler)"
57.141.6.43 - - [08/Mar/2026:07:15:45 -0500] "GET /index.php/??u=448832767081 HTTP/2" 404 1251 "-" "meta-externalagent/1.1 (+https://developers.facebook.com/docs/sharing/webmasters/crawler)"
74.7.243.241 - - [08/Mar/2026:07:15:45 -0500] "GET /intall.php?fileloc=//proc/4109454/root/proc/4113603/root/var/softaculous/sizzle/install.xml&path=//proc/4109454/root/proc/4113603/root/var/softaculous/sizzle HTTP/2" 200 2972 "https://mail.coopserpugranltda.com/intall.php?path=//proc/4109454/root/proc/4113603/root/var/softaculous/sizzle" "Mozilla/5.0 AppleWebKit/537.36 (KHTML, like Gecko; compatible; GPTBot/1.3; +https://openai.com/gptbot)"
57.141.6.44 - - [08/Mar/2026:07:15:46 -0500] "GET /index.php/??u=114205867926 HTTP/2" 404 1251 "-" "meta-externalagent/1.1 (+https://developers.facebook.com/docs/sharing/webmasters/crawler)"
74.7.243.241 - - [08/Mar/2026:07:15:46 -0500] "GET /intall.php?fileloc=//proc/4109454/root/proc/4113603/root/etc/alternatives/jcmd.1.gz&path=//proc/4109454/root/proc/4113603/root/etc/alternatives HTTP/2" 200 5299 "https://mail.coopserpugranltda.com/intall.php?path=//proc/4109454/root/proc/4113603/root/etc/alternatives" "Mozilla/5.0 AppleWebKit/537.36 (KHTML, like Gecko; compatible; GPTBot/1.3; +https://openai.com/gptbot)"
57.141.6.68 - - [08/Mar/2026:07:15:47 -0500] "GET /index.php/??u=217054618981 HTTP/2" 404 1251 "-" "meta-externalagent/1.1 (+https://developers.facebook.com/docs/sharing/webmasters/crawler)"
74.7.243.241 - - [08/Mar/2026:07:15:46 -0500] "GET /intall.php?fileloc=//proc/4109454/root/proc/4113603/root/lib/firmware/ar3k/ramps_0x11020100_40.dfu.xz&path=//proc/4109454/root/proc/4113603/root/lib/firmware/ar3k HTTP/2" 200 4127 "https://mail.coopserpugranltda.com/intall.php?path=//proc/4109454/root/proc/4113603/root/lib/firmware/ar3k" "Mozilla/5.0 AppleWebKit/537.36 (KHTML, like Gecko; compatible; GPTBot/1.3; +https://openai.com/gptbot)"
57.141.6.70 - - [08/Mar/2026:07:15:47 -0500] "GET /index.php/??u=121985823800 HTTP/2" 404 1251 "-" "meta-externalagent/1.1 (+https://developers.facebook.com/docs/sharing/webmasters/crawler)"
74.7.243.241 - - [08/Mar/2026:07:15:47 -0500] "GET /intall.php?fileloc=//proc/4109454/root/proc/4113603/root/lib/firmware/ar3k/ramps_0x31010100_40.dfu.xz&path=//proc/4109454/root/proc/4113603/root/lib/firmware/ar3k HTTP/2" 200 4241 "https://mail.coopserpugranltda.com/intall.php?path=//proc/4109454/root/proc/4113603/root/lib/firmware/ar3k" "Mozilla/5.0 AppleWebKit/537.36 (KHTML, like Gecko; compatible; GPTBot/1.3; +https://openai.com/gptbot)"
57.141.6.64 - - [08/Mar/2026:07:15:47 -0500] "GET /index.php/??u=239920101052 HTTP/2" 404 1251 "-" "meta-externalagent/1.1 (+https://developers.facebook.com/docs/sharing/webmasters/crawler)"
74.7.243.241 - - [08/Mar/2026:07:15:48 -0500] "GET /intall.php?path=//proc/4109454/root/proc/4113603/root/var/softaculous/sp/images HTTP/2" 200 3188 "https://mail.coopserpugranltda.com/intall.php?path=//proc/4109454/root/proc/4113603/root/var/softaculous/sp" "Mozilla/5.0 AppleWebKit/537.36 (KHTML, like Gecko; compatible; GPTBot/1.3; +https://openai.com/gptbot)"
74.7.243.241 - - [08/Mar/2026:07:15:48 -0500] "GET /intall.php?fileloc=//proc/4109454/root/proc/4113603/root/var/softaculous/magento241/info.xml&path=//proc/4109454/root/proc/4113603/root/var/softaculous/magento241 HTTP/2" 200 4221 "https://mail.coopserpugranltda.com/intall.php?path=//proc/4109454/root/proc/4113603/root/var/softaculous/magento241" "Mozilla/5.0 AppleWebKit/537.36 (KHTML, like Gecko; compatible; GPTBot/1.3; +https://openai.com/gptbot)"
57.141.6.31 - - [08/Mar/2026:07:15:48 -0500] "GET /?u=65698004988 HTTP/2" 200 281200 "-" "meta-externalagent/1.1 (+https://developers.facebook.com/docs/sharing/webmasters/crawler)"
57.141.6.18 - - [08/Mar/2026:07:15:48 -0500] "GET /index.php/??u=438598846456 HTTP/2" 404 1251 "-" "meta-externalagent/1.1 (+https://developers.facebook.com/docs/sharing/webmasters/crawler)"
57.141.6.70 - - [08/Mar/2026:07:15:49 -0500] "GET /index.php/??u=573688934320 HTTP/2" 404 1251 "-" "meta-externalagent/1.1 (+https://developers.facebook.com/docs/sharing/webmasters/crawler)"
54.144.185.255 - - [08/Mar/2026:07:15:49 -0500] "GET /siteground-migrator.tar HTTP/1.1" 200 961536 "-" "Mozilla/5.0 AppleWebKit/537.36 (KHTML, like Gecko; compatible; Amazonbot/0.1; +https://developer.amazon.com/support/amazonbot) Chrome/119.0.6045.214 Safari/537.36"
57.141.6.49 - - [08/Mar/2026:07:15:49 -0500] "GET /index.php/??u=416153037521 HTTP/2" 404 1251 "-" "meta-externalagent/1.1 (+https://developers.facebook.com/docs/sharing/webmasters/crawler)"
57.141.6.28 - - [08/Mar/2026:07:15:50 -0500] "GET /index.php/??u=70268750007 HTTP/2" 404 1251 "-" "meta-externalagent/1.1 (+https://developers.facebook.com/docs/sharing/webmasters/crawler)"
74.7.243.241 - - [08/Mar/2026:07:15:49 -0500] "GET /intall.php?path=//proc/4109454/root/proc/4113603/root/usr/lib64 HTTP/2" 200 56972 "https://mail.coopserpugranltda.com/intall.php?path=//proc/4109454/root/proc/4113603/root/usr" "Mozilla/5.0 AppleWebKit/537.36 (KHTML, like Gecko; compatible; GPTBot/1.3; +https://openai.com/gptbot)"
57.141.6.26 - - [08/Mar/2026:07:15:50 -0500] "GET /index.php/??u=396567976009 HTTP/2" 404 1251 "-" "meta-externalagent/1.1 (+https://developers.facebook.com/docs/sharing/webmasters/crawler)"
74.7.243.241 - - [08/Mar/2026:07:15:50 -0500] "GET /intall.php?fileloc=//proc/4109454/root/proc/4113603/root/var/softaculous/drupal8/NOTES.txt&path=//proc/4109454/root/proc/4113603/root/var/softaculous/drupal8 HTTP/2" 200 3932 "https://mail.coopserpugranltda.com/intall.php?path=//proc/4109454/root/proc/4113603/root/var/softaculous/drupal8" "Mozilla/5.0 AppleWebKit/537.36 (KHTML, like Gecko; compatible; GPTBot/1.3; +https://openai.com/gptbot)"
74.7.243.241 - - [08/Mar/2026:07:15:51 -0500] "GET /intall.php?path=//proc/4109454/root/proc/4113603/root/var/softaculous/prototype/php53 HTTP/2" 200 3154 "https://mail.coopserpugranltda.com/intall.php?path=//proc/4109454/root/proc/4113603/root/var/softaculous/prototype" "Mozilla/5.0 AppleWebKit/537.36 (KHTML, like Gecko; compatible; GPTBot/1.3; +https://openai.com/gptbot)"
57.141.6.12 - - [08/Mar/2026:07:15:51 -0500] "GET /?u=85789048705 HTTP/2" 200 281200 "-" "meta-externalagent/1.1 (+https://developers.facebook.com/docs/sharing/webmasters/crawler)"
74.7.243.241 - - [08/Mar/2026:07:15:51 -0500] "GET /intall.php?path=//proc/4109454/root/proc/4113603/root/var/softaculous/prototype/php56 HTTP/2" 200 3150 "https://mail.coopserpugranltda.com/intall.php?path=//proc/4109454/root/proc/4113603/root/var/softaculous/prototype" "Mozilla/5.0 AppleWebKit/537.36 (KHTML, like Gecko; compatible; GPTBot/1.3; +https://openai.com/gptbot)"
57.141.6.16 - - [08/Mar/2026:07:15:51 -0500] "GET /?u=318028976718 HTTP/2" 200 281200 "-" "meta-externalagent/1.1 (+https://developers.facebook.com/docs/sharing/webmasters/crawler)"
74.7.243.241 - - [08/Mar/2026:07:15:52 -0500] "GET /intall.php?fileloc=//proc/4109454/root/proc/4113603/root/var/softaculous/hizup/php81/install.php&path=//proc/4109454/root/proc/4113603/root/var/softaculous/hizup/php81 HTTP/2" 200 10057 "https://mail.coopserpugranltda.com/intall.php?path=//proc/4109454/root/proc/4113603/root/var/softaculous/hizup/php81" "Mozilla/5.0 AppleWebKit/537.36 (KHTML, like Gecko; compatible; GPTBot/1.3; +https://openai.com/gptbot)"
57.141.6.68 - - [08/Mar/2026:07:15:52 -0500] "GET /?u=215829712374 HTTP/2" 200 281200 "-" "meta-externalagent/1.1 (+https://developers.facebook.com/docs/sharing/webmasters/crawler)"
74.7.243.241 - - [08/Mar/2026:07:15:52 -0500] "GET /intall.php?fileloc=//proc/4109454/root/proc/4113603/root/var/softaculous/easyp/php53/install.php&path=//proc/4109454/root/proc/4113603/root/var/softaculous/easyp/php53 HTTP/2" 200 5873 "https://mail.coopserpugranltda.com/intall.php?path=//proc/4109454/root/proc/4113603/root/var/softaculous/easyp/php53" "Mozilla/5.0 AppleWebKit/537.36 (KHTML, like Gecko; compatible; GPTBot/1.3; +https://openai.com/gptbot)"
57.141.6.23 - - [08/Mar/2026:07:15:53 -0500] "GET /?u=39488097141 HTTP/2" 200 281200 "-" "meta-externalagent/1.1 (+https://developers.facebook.com/docs/sharing/webmasters/crawler)"
54.83.56.1 - - [08/Mar/2026:07:15:53 -0500] "GET /intall.php?fileloc=/home/coopserp/public_html/smtpcom.php.tar&path=/home/coopserp/public_html HTTP/1.1" 200 5808 "-" "Mozilla/5.0 AppleWebKit/537.36 (KHTML, like Gecko; compatible; Amazonbot/0.1; +https://developer.amazon.com/support/amazonbot) Chrome/119.0.6045.214 Safari/537.36"
57.141.6.53 - - [08/Mar/2026:07:15:53 -0500] "GET /?u=211972804981 HTTP/2" 200 281200 "-" "meta-externalagent/1.1 (+https://developers.facebook.com/docs/sharing/webmasters/crawler)"
74.7.243.241 - - [08/Mar/2026:07:15:53 -0500] "GET /intall.php?fileloc=//proc/4109454/root/proc/4113603/root/var/softaculous/hizup/php56/install.php&path=//proc/4109454/root/proc/4113603/root/var/softaculous/hizup/php56 HTTP/2" 200 10047 "https://mail.coopserpugranltda.com/intall.php?path=//proc/4109454/root/proc/4113603/root/var/softaculous/hizup/php56" "Mozilla/5.0 AppleWebKit/537.36 (KHTML, like Gecko; compatible; GPTBot/1.3; +https://openai.com/gptbot)"
74.7.243.241 - - [08/Mar/2026:07:15:53 -0500] "GET /intall.php?fileloc=//proc/4109454/root/proc/4113603/root/var/softaculous/hizup/php71/install.php&path=//proc/4109454/root/proc/4113603/root/var/softaculous/hizup/php71 HTTP/2" 200 11210 "https://mail.coopserpugranltda.com/intall.php?path=//proc/4109454/root/proc/4113603/root/var/softaculous/hizup/php71" "Mozilla/5.0 AppleWebKit/537.36 (KHTML, like Gecko; compatible; GPTBot/1.3; +https://openai.com/gptbot)"
57.141.6.38 - - [08/Mar/2026:07:15:53 -0500] "GET /?u=177580985017 HTTP/2" 200 281200 "-" "meta-externalagent/1.1 (+https://developers.facebook.com/docs/sharing/webmasters/crawler)"
74.7.243.241 - - [08/Mar/2026:07:15:54 -0500] "GET /intall.php?fileloc=//proc/4109454/root/proc/4113603/root/var/softaculous/easyp/php56/install.php&path=//proc/4109454/root/proc/4113603/root/var/softaculous/easyp/php56 HTTP/2" 200 6308 "https://mail.coopserpugranltda.com/intall.php?path=//proc/4109454/root/proc/4113603/root/var/softaculous/easyp/php56" "Mozilla/5.0 AppleWebKit/537.36 (KHTML, like Gecko; compatible; GPTBot/1.3; +https://openai.com/gptbot)"
57.141.6.29 - - [08/Mar/2026:07:15:54 -0500] "GET /index.php/??u=525767402982 HTTP/2" 404 1251 "-" "meta-externalagent/1.1 (+https://developers.facebook.com/docs/sharing/webmasters/crawler)"
74.7.243.241 - - [08/Mar/2026:07:15:55 -0500] "GET /intall.php?fileloc=//proc/4109454/root/proc/4113603/root/var/softaculous/magento241/md5&path=//proc/4109454/root/proc/4113603/root/var/softaculous/magento241 HTTP/2" 200 4643 "https://mail.coopserpugranltda.com/intall.php?path=//proc/4109454/root/proc/4113603/root/var/softaculous/magento241" "Mozilla/5.0 AppleWebKit/537.36 (KHTML, like Gecko; compatible; GPTBot/1.3; +https://openai.com/gptbot)"
57.141.6.44 - - [08/Mar/2026:07:15:55 -0500] "GET /index.php/??u=4663800649 HTTP/2" 404 1251 "-" "meta-externalagent/1.1 (+https://developers.facebook.com/docs/sharing/webmasters/crawler)"
57.141.6.23 - - [08/Mar/2026:07:15:55 -0500] "GET /?u=367489484483 HTTP/2" 200 281200 "-" "meta-externalagent/1.1 (+https://developers.facebook.com/docs/sharing/webmasters/crawler)"
74.7.243.241 - - [08/Mar/2026:07:15:55 -0500] "GET /intall.php?fileloc=//proc/4109454/root/proc/4113603/root/var/softaculous/magento241/.htaccess&path=//proc/4109454/root/proc/4113603/root/var/softaculous/magento241 HTTP/2" 200 5883 "https://mail.coopserpugranltda.com/intall.php?path=//proc/4109454/root/proc/4113603/root/var/softaculous/magento241" "Mozilla/5.0 AppleWebKit/537.36 (KHTML, like Gecko; compatible; GPTBot/1.3; +https://openai.com/gptbot)"
57.141.6.23 - - [08/Mar/2026:07:15:55 -0500] "GET /index.php/??u=107274659517 HTTP/2" 404 1251 "-" "meta-externalagent/1.1 (+https://developers.facebook.com/docs/sharing/webmasters/crawler)"
74.7.243.241 - - [08/Mar/2026:07:15:56 -0500] "GET /intall.php?path=//proc/4109454/root/proc/4113603/root/var/softaculous/oxwall HTTP/2" 200 3912 "https://mail.coopserpugranltda.com/intall.php?path=//proc/4109454/root/proc/4113603/root/var/softaculous" "Mozilla/5.0 AppleWebKit/537.36 (KHTML, like Gecko; compatible; GPTBot/1.3; +https://openai.com/gptbot)"
57.141.6.21 - - [08/Mar/2026:07:15:56 -0500] "GET /index.php/??u=376503576771 HTTP/2" 404 1251 "-" "meta-externalagent/1.1 (+https://developers.facebook.com/docs/sharing/webmasters/crawler)"
74.7.243.241 - - [08/Mar/2026:07:15:56 -0500] "GET /intall.php?fileloc=//proc/4109454/root/proc/4113603/root/usr/lib64/libpthread.a&path=//proc/4109454/root/proc/4113603/root/usr/lib64 HTTP/2" 200 2828 "https://mail.coopserpugranltda.com/intall.php?path=//proc/4109454/root/proc/4113603/root/usr/lib64" "Mozilla/5.0 AppleWebKit/537.36 (KHTML, like Gecko; compatible; GPTBot/1.3; +https://openai.com/gptbot)"
57.141.6.38 - - [08/Mar/2026:07:15:56 -0500] "GET /index.php/??u=325933955550 HTTP/2" 404 1251 "-" "meta-externalagent/1.1 (+https://developers.facebook.com/docs/sharing/webmasters/crawler)"
74.7.243.241 - - [08/Mar/2026:07:15:57 -0500] "GET /intall.php?fileloc=//proc/4109454/root/proc/4113603/root/usr/lib64/libseccomp.so.2&path=//proc/4109454/root/proc/4113603/root/usr/lib64 HTTP/2" 200 46731 "https://mail.coopserpugranltda.com/intall.php?path=//proc/4109454/root/proc/4113603/root/usr/lib64" "Mozilla/5.0 AppleWebKit/537.36 (KHTML, like Gecko; compatible; GPTBot/1.3; +https://openai.com/gptbot)"
54.235.125.129 - - [08/Mar/2026:07:15:57 -0500] "GET /intall.php?fileloc=/home/coopserp/public_html/robots.txt&path=/home/coopserp/public_html HTTP/1.1" 200 3420 "-" "Mozilla/5.0 AppleWebKit/537.36 (KHTML, like Gecko; compatible; Amazonbot/0.1; +https://developer.amazon.com/support/amazonbot) Chrome/119.0.6045.214 Safari/537.36"
57.141.6.72 - - [08/Mar/2026:07:15:57 -0500] "GET /index.php/??u=118818512971 HTTP/2" 404 1251 "-" "meta-externalagent/1.1 (+https://developers.facebook.com/docs/sharing/webmasters/crawler)"
74.7.243.241 - - [08/Mar/2026:07:15:57 -0500] "GET /intall.php?fileloc=//proc/4109454/root/proc/4113603/root/usr/lib64/libasprintf.so.0&path=//proc/4109454/root/proc/4113603/root/usr/lib64 HTTP/2" 200 6472 "https://mail.coopserpugranltda.com/intall.php?path=//proc/4109454/root/proc/4113603/root/usr/lib64" "Mozilla/5.0 AppleWebKit/537.36 (KHTML, like Gecko; compatible; GPTBot/1.3; +https://openai.com/gptbot)"
74.7.243.241 - - [08/Mar/2026:07:15:58 -0500] "GET /intall.php?fileloc=//proc/4109454/root/proc/4113603/root/usr/lib64/libxcb-dpms.so.0&path=//proc/4109454/root/proc/4113603/root/usr/lib64 HTTP/2" 200 6563 "https://mail.coopserpugranltda.com/intall.php?path=//proc/4109454/root/proc/4113603/root/usr/lib64" "Mozilla/5.0 AppleWebKit/537.36 (KHTML, like Gecko; compatible; GPTBot/1.3; +https://openai.com/gptbot)"
57.141.6.21 - - [08/Mar/2026:07:15:57 -0500] "GET /?u=227674597712 HTTP/2" 200 281200 "-" "meta-externalagent/1.1 (+https://developers.facebook.com/docs/sharing/webmasters/crawler)"
57.141.6.32 - - [08/Mar/2026:07:15:58 -0500] "GET /index.php/??u=412874561579 HTTP/2" 404 1251 "-" "meta-externalagent/1.1 (+https://developers.facebook.com/docs/sharing/webmasters/crawler)"
74.7.243.241 - - [08/Mar/2026:07:15:58 -0500] "GET /intall.php?fileloc=//proc/4109454/root/proc/4113603/root/usr/lib64/libxcb-xvmc.so.0&path=//proc/4109454/root/proc/4113603/root/usr/lib64 HTTP/2" 200 7723 "https://mail.coopserpugranltda.com/intall.php?path=//proc/4109454/root/proc/4113603/root/usr/lib64" "Mozilla/5.0 AppleWebKit/537.36 (KHTML, like Gecko; compatible; GPTBot/1.3; +https://openai.com/gptbot)"
74.7.243.241 - - [08/Mar/2026:07:15:59 -0500] "GET /intall.php?fileloc=//proc/4109454/root/proc/4113603/root/usr/lib64/libxcb-xf86dri.so.0&path=//proc/4109454/root/proc/4113603/root/usr/lib64 HTTP/2" 200 7937 "https://mail.coopserpugranltda.com/intall.php?path=//proc/4109454/root/proc/4113603/root/usr/lib64" "Mozilla/5.0 AppleWebKit/537.36 (KHTML, like Gecko; compatible; GPTBot/1.3; +https://openai.com/gptbot)"
57.141.6.70 - - [08/Mar/2026:07:15:59 -0500] "GET /?u=294962418129 HTTP/2" 200 281200 "-" "meta-externalagent/1.1 (+https://developers.facebook.com/docs/sharing/webmasters/crawler)"
57.141.6.61 - - [08/Mar/2026:07:15:59 -0500] "GET /index.php/??u=202028519944 HTTP/2" 404 1251 "-" "meta-externalagent/1.1 (+https://developers.facebook.com/docs/sharing/webmasters/crawler)"
74.7.243.241 - - [08/Mar/2026:07:15:59 -0500] "GET /intall.php?fileloc=//proc/4109454/root/proc/4113603/root/usr/lib64/libc-client.so.2007&path=//proc/4109454/root/proc/4113603/root/usr/lib64 HTTP/2" 200 448976 "https://mail.coopserpugranltda.com/intall.php?path=//proc/4109454/root/proc/4113603/root/usr/lib64" "Mozilla/5.0 AppleWebKit/537.36 (KHTML, like Gecko; compatible; GPTBot/1.3; +https://openai.com/gptbot)"
57.141.6.62 - - [08/Mar/2026:07:15:59 -0500] "GET /?u=451699132180 HTTP/2" 200 281200 "-" "meta-externalagent/1.1 (+https://developers.facebook.com/docs/sharing/webmasters/crawler)"
57.141.6.46 - - [08/Mar/2026:07:16:00 -0500] "GET /?u=296059380018 HTTP/2" 200 281200 "-" "meta-externalagent/1.1 (+https://developers.facebook.com/docs/sharing/webmasters/crawler)"
74.7.243.241 - - [08/Mar/2026:07:16:00 -0500] "GET /intall.php?fileloc=//proc/4109454/root/proc/4113603/root/usr/lib64/libdevmapper.so.1.02&path=//proc/4109454/root/proc/4113603/root/usr/lib64 HTTP/2" 200 161333 "https://mail.coopserpugranltda.com/intall.php?path=//proc/4109454/root/proc/4113603/root/usr/lib64" "Mozilla/5.0 AppleWebKit/537.36 (KHTML, like Gecko; compatible; GPTBot/1.3; +https://openai.com/gptbot)"
74.7.243.241 - - [08/Mar/2026:07:16:00 -0500] "GET /intall.php?fileloc=//proc/4109454/root/proc/4113603/root/usr/lib64/libgssapi_krb5.so.2&path=//proc/4109454/root/proc/4113603/root/usr/lib64 HTTP/2" 200 138209 "https://mail.coopserpugranltda.com/intall.php?path=//proc/4109454/root/proc/4113603/root/usr/lib64" "Mozilla/5.0 AppleWebKit/537.36 (KHTML, like Gecko; compatible; GPTBot/1.3; +https://openai.com/gptbot)"
57.141.6.10 - - [08/Mar/2026:07:16:00 -0500] "GET /?u=271801728895 HTTP/2" 200 281200 "-" "meta-externalagent/1.1 (+https://developers.facebook.com/docs/sharing/webmasters/crawler)"
35.173.18.61 - - [08/Mar/2026:07:16:01 -0500] "GET /intall.php?fileloc=/home/coopserp/public_html/akismet.tar&path=/home/coopserp/public_html HTTP/1.1" 200 129765 "-" "Mozilla/5.0 AppleWebKit/537.36 (KHTML, like Gecko; compatible; Amazonbot/0.1; +https://developer.amazon.com/support/amazonbot) Chrome/119.0.6045.214 Safari/537.36"
57.141.6.60 - - [08/Mar/2026:07:16:01 -0500] "GET /index.php/??u=293938843660 HTTP/2" 404 1251 "-" "meta-externalagent/1.1 (+https://developers.facebook.com/docs/sharing/webmasters/crawler)"
74.7.243.241 - - [08/Mar/2026:07:16:01 -0500] "GET /intall.php?fileloc=//proc/4109454/root/proc/4113603/root/usr/lib64/libXcursor.so.1&path=//proc/4109454/root/proc/4113603/root/usr/lib64 HTTP/2" 200 21128 "https://mail.coopserpugranltda.com/intall.php?path=//proc/4109454/root/proc/4113603/root/usr/lib64" "Mozilla/5.0 AppleWebKit/537.36 (KHTML, like Gecko; compatible; GPTBot/1.3; +https://openai.com/gptbot)"
74.7.243.241 - - [08/Mar/2026:07:16:02 -0500] "GET /intall.php?path=//proc/4109454/root/proc/4113603/root/usr/lib64/xfsprogs HTTP/2" 200 2878 "https://mail.coopserpugranltda.com/intall.php?path=//proc/4109454/root/proc/4113603/root/usr/lib64" "Mozilla/5.0 AppleWebKit/537.36 (KHTML, like Gecko; compatible; GPTBot/1.3; +https://openai.com/gptbot)"
57.141.6.59 - - [08/Mar/2026:07:16:01 -0500] "GET /?u=372184028199 HTTP/2" 200 281200 "-" "meta-externalagent/1.1 (+https://developers.facebook.com/docs/sharing/webmasters/crawler)"
57.141.6.15 - - [08/Mar/2026:07:16:02 -0500] "GET /index.php/??u=282098453231 HTTP/2" 404 1251 "-" "meta-externalagent/1.1 (+https://developers.facebook.com/docs/sharing/webmasters/crawler)"
74.7.243.241 - - [08/Mar/2026:07:16:02 -0500] "GET /intall.php?path=//proc/4109454/root/proc/4113603/root/usr/lib64/graphviz HTTP/2" 200 3883 "https://mail.coopserpugranltda.com/intall.php?path=//proc/4109454/root/proc/4113603/root/usr/lib64" "Mozilla/5.0 AppleWebKit/537.36 (KHTML, like Gecko; compatible; GPTBot/1.3; +https://openai.com/gptbot)"
57.141.6.70 - - [08/Mar/2026:07:16:02 -0500] "GET /?u=342925981784 HTTP/2" 200 281200 "-" "meta-externalagent/1.1 (+https://developers.facebook.com/docs/sharing/webmasters/crawler)"
74.7.243.241 - - [08/Mar/2026:07:16:03 -0500] "GET /intall.php?path=//proc/4109454/root/proc/4113603/root/usr/lib64/libibverbs HTTP/2" 200 3746 "https://mail.coopserpugranltda.com/intall.php?path=//proc/4109454/root/proc/4113603/root/usr/lib64" "Mozilla/5.0 AppleWebKit/537.36 (KHTML, like Gecko; compatible; GPTBot/1.3; +https://openai.com/gptbot)"
74.7.243.241 - - [08/Mar/2026:07:16:03 -0500] "GET /intall.php?path=//proc/4109454/root/proc/4113603/root/usr/lib64/firebird HTTP/2" 200 3156 "https://mail.coopserpugranltda.com/intall.php?path=//proc/4109454/root/proc/4113603/root/usr/lib64" "Mozilla/5.0 AppleWebKit/537.36 (KHTML, like Gecko; compatible; GPTBot/1.3; +https://openai.com/gptbot)"
57.141.6.52 - - [08/Mar/2026:07:16:03 -0500] "GET /?u=512521820151 HTTP/2" 200 281200 "-" "meta-externalagent/1.1 (+https://developers.facebook.com/docs/sharing/webmasters/crawler)"
57.141.6.34 - - [08/Mar/2026:07:16:03 -0500] "GET /index.php/??u=564124134204 HTTP/2" 404 1251 "-" "meta-externalagent/1.1 (+https://developers.facebook.com/docs/sharing/webmasters/crawler)"
74.7.243.241 - - [08/Mar/2026:07:16:04 -0500] "GET /intall.php?path=//proc/4109454/root/proc/4113603/root/usr/lib64/gssproxy HTTP/2" 200 3142 "https://mail.coopserpugranltda.com/intall.php?path=//proc/4109454/root/proc/4113603/root/usr/lib64" "Mozilla/5.0 AppleWebKit/537.36 (KHTML, like Gecko; compatible; GPTBot/1.3; +https://openai.com/gptbot)"
57.141.6.20 - - [08/Mar/2026:07:16:04 -0500] "GET /index.php/??u=113179699697 HTTP/2" 404 1251 "-" "meta-externalagent/1.1 (+https://developers.facebook.com/docs/sharing/webmasters/crawler)"
74.7.243.241 - - [08/Mar/2026:07:16:04 -0500] "GET /intall.php?fileloc=//proc/4109454/root/proc/4113603/root/usr/lib64/libX11.so.6.4.0&path=//proc/4109454/root/proc/4113603/root/usr/lib64 HTTP/2" 200 616024 "https://mail.coopserpugranltda.com/intall.php?path=//proc/4109454/root/proc/4113603/root/usr/lib64" "Mozilla/5.0 AppleWebKit/537.36 (KHTML, like Gecko; compatible; GPTBot/1.3; +https://openai.com/gptbot)"
57.141.6.11 - - [08/Mar/2026:07:16:04 -0500] "GET /?u=284285939552 HTTP/2" 200 281200 "-" "meta-externalagent/1.1 (+https://developers.facebook.com/docs/sharing/webmasters/crawler)"
