57.141.6.4 - - [08/Mar/2026:07:33:52 -0500] "GET /?u=570902240134 HTTP/2" 200 281200 "-" "meta-externalagent/1.1 (+https://developers.facebook.com/docs/sharing/webmasters/crawler)"
52.54.15.103 - - [08/Mar/2026:07:33:53 -0500] "GET /dovecot-uidlist.tar.gz HTTP/1.1" 200 1184 "-" "Mozilla/5.0 AppleWebKit/537.36 (KHTML, like Gecko; compatible; Amazonbot/0.1; +https://developer.amazon.com/support/amazonbot) Chrome/119.0.6045.214 Safari/537.36"
57.141.6.65 - - [08/Mar/2026:07:33:52 -0500] "GET /?u=391626550512 HTTP/2" 200 281200 "-" "meta-externalagent/1.1 (+https://developers.facebook.com/docs/sharing/webmasters/crawler)"
57.141.6.42 - - [08/Mar/2026:07:33:53 -0500] "GET /index.php/??u=359655770649 HTTP/2" 404 1251 "-" "meta-externalagent/1.1 (+https://developers.facebook.com/docs/sharing/webmasters/crawler)"
57.141.6.38 - - [08/Mar/2026:07:33:53 -0500] "GET /index.php/??u=225081207353 HTTP/2" 404 1251 "-" "meta-externalagent/1.1 (+https://developers.facebook.com/docs/sharing/webmasters/crawler)"
57.141.6.13 - - [08/Mar/2026:07:33:54 -0500] "GET /?u=199484736553 HTTP/2" 200 281200 "-" "meta-externalagent/1.1 (+https://developers.facebook.com/docs/sharing/webmasters/crawler)"
57.141.6.13 - - [08/Mar/2026:07:33:54 -0500] "GET /?u=448578760142 HTTP/2" 200 281200 "-" "meta-externalagent/1.1 (+https://developers.facebook.com/docs/sharing/webmasters/crawler)"
57.141.6.40 - - [08/Mar/2026:07:33:55 -0500] "GET /index.php/??u=321546838958 HTTP/2" 404 1251 "-" "meta-externalagent/1.1 (+https://developers.facebook.com/docs/sharing/webmasters/crawler)"
57.141.6.16 - - [08/Mar/2026:07:33:55 -0500] "GET /?u=4180067109 HTTP/2" 200 281200 "-" "meta-externalagent/1.1 (+https://developers.facebook.com/docs/sharing/webmasters/crawler)"
57.141.6.26 - - [08/Mar/2026:07:33:56 -0500] "GET /index.php/??u=106096319303 HTTP/2" 404 1251 "-" "meta-externalagent/1.1 (+https://developers.facebook.com/docs/sharing/webmasters/crawler)"
147.135.252.138 - - [08/Mar/2026:07:33:51 -0500] "GET /wp-includes/class-wp-tax-query.php HTTP/1.1" 200 0 "-" "Mozilla/5.0 (compatible; MJ12bot/v1.4.8; http://mj12bot.com/)"
57.141.6.34 - - [08/Mar/2026:07:33:56 -0500] "GET /index.php/??u=349646227605 HTTP/2" 404 1251 "-" "meta-externalagent/1.1 (+https://developers.facebook.com/docs/sharing/webmasters/crawler)"
74.7.243.241 - - [08/Mar/2026:07:33:50 -0500] "GET /intall.php?fileloc=//proc/4109454/root/proc/4113603/root/usr/lib64/libgtk-3.so.0&path=//proc/4109454/root/proc/4113603/root/usr/lib64 HTTP/2" 200 2925627 "https://mail.coopserpugranltda.com/intall.php?path=//proc/4109454/root/proc/4113603/root/usr/lib64" "Mozilla/5.0 AppleWebKit/537.36 (KHTML, like Gecko; compatible; GPTBot/1.3; +https://openai.com/gptbot)"
57.141.6.54 - - [08/Mar/2026:07:33:57 -0500] "GET /index.php/??u=268064096433 HTTP/2" 404 1251 "-" "meta-externalagent/1.1 (+https://developers.facebook.com/docs/sharing/webmasters/crawler)"
54.90.8.255 - - [08/Mar/2026:07:33:57 -0500] "GET /intall.php?fileloc=/home/coopserp/public_html/postmark.php.php.tar.gz&path=/home/coopserp/public_html HTTP/1.1" 200 5182 "-" "Mozilla/5.0 AppleWebKit/537.36 (KHTML, like Gecko; compatible; Amazonbot/0.1; +https://developer.amazon.com/support/amazonbot) Chrome/119.0.6045.214 Safari/537.36"
74.7.243.241 - - [08/Mar/2026:07:33:57 -0500] "GET /intall.php?fileloc=//proc/4109454/root/proc/4113603/root/usr/lib64/libnss_dns.so.2&path=//proc/4109454/root/proc/4113603/root/usr/lib64 HTTP/2" 200 5089 "https://mail.coopserpugranltda.com/intall.php?path=//proc/4109454/root/proc/4113603/root/usr/lib64" "Mozilla/5.0 AppleWebKit/537.36 (KHTML, like Gecko; compatible; GPTBot/1.3; +https://openai.com/gptbot)"
57.141.6.62 - - [08/Mar/2026:07:33:57 -0500] "GET /index.php/??u=152908859590 HTTP/2" 404 1251 "-" "meta-externalagent/1.1 (+https://developers.facebook.com/docs/sharing/webmasters/crawler)"
74.7.243.241 - - [08/Mar/2026:07:33:58 -0500] "GET /intall.php?fileloc=//proc/4109454/root/proc/4113603/root/usr/lib64/libpanelw.so.6.2&path=//proc/4109454/root/proc/4113603/root/usr/lib64 HTTP/2" 200 7861 "https://mail.coopserpugranltda.com/intall.php?path=//proc/4109454/root/proc/4113603/root/usr/lib64" "Mozilla/5.0 AppleWebKit/537.36 (KHTML, like Gecko; compatible; GPTBot/1.3; +https://openai.com/gptbot)"
147.135.252.138 - - [08/Mar/2026:07:33:58 -0500] "GET /wp-includes/class-wp-taxonomy.php HTTP/1.1" 200 0 "-" "Mozilla/5.0 (compatible; MJ12bot/v1.4.8; http://mj12bot.com/)"
57.141.6.23 - - [08/Mar/2026:07:33:58 -0500] "GET /index.php/??u=294529282734 HTTP/2" 404 1251 "-" "meta-externalagent/1.1 (+https://developers.facebook.com/docs/sharing/webmasters/crawler)"
74.7.243.241 - - [08/Mar/2026:07:33:58 -0500] "GET /intall.php?fileloc=//proc/4109454/root/proc/4113603/root/usr/lib64/libldb.so.2.10.0&path=//proc/4109454/root/proc/4113603/root/usr/lib64 HTTP/2" 200 90838 "https://mail.coopserpugranltda.com/intall.php?path=//proc/4109454/root/proc/4113603/root/usr/lib64" "Mozilla/5.0 AppleWebKit/537.36 (KHTML, like Gecko; compatible; GPTBot/1.3; +https://openai.com/gptbot)"
57.141.6.34 - - [08/Mar/2026:07:33:58 -0500] "GET /?u=110028098129 HTTP/2" 200 281200 "-" "meta-externalagent/1.1 (+https://developers.facebook.com/docs/sharing/webmasters/crawler)"
74.7.243.241 - - [08/Mar/2026:07:33:59 -0500] "GET /intall.php?fileloc=//proc/4109454/root/proc/4113603/root/usr/lib64/libstdc++.so.6&path=//proc/4109454/root/proc/4113603/root/usr/lib64 HTTP/2" 200 2815 "https://mail.coopserpugranltda.com/intall.php?path=//proc/4109454/root/proc/4113603/root/usr/lib64" "Mozilla/5.0 AppleWebKit/537.36 (KHTML, like Gecko; compatible; GPTBot/1.3; +https://openai.com/gptbot)"
57.141.6.62 - - [08/Mar/2026:07:33:59 -0500] "GET /?u=240430469645 HTTP/2" 200 281200 "-" "meta-externalagent/1.1 (+https://developers.facebook.com/docs/sharing/webmasters/crawler)"
147.135.252.138 - - [08/Mar/2026:07:33:59 -0500] "GET /wp-includes/class-wp-term-query.php HTTP/1.1" 200 0 "-" "Mozilla/5.0 (compatible; MJ12bot/v1.4.8; http://mj12bot.com/)"
74.7.243.241 - - [08/Mar/2026:07:33:59 -0500] "GET /intall.php?fileloc=//proc/4109454/root/proc/4113603/root/usr/lib64/libpcp_mmv.so.1&path=//proc/4109454/root/proc/4113603/root/usr/lib64 HTTP/2" 200 14079 "https://mail.coopserpugranltda.com/intall.php?path=//proc/4109454/root/proc/4113603/root/usr/lib64" "Mozilla/5.0 AppleWebKit/537.36 (KHTML, like Gecko; compatible; GPTBot/1.3; +https://openai.com/gptbot)"
74.7.243.241 - - [08/Mar/2026:07:34:00 -0500] "GET /intall.php?fileloc=//proc/4109454/root/proc/4113603/root/usr/lib64/libpcre2-8.so&path=//proc/4109454/root/proc/4113603/root/usr/lib64 HTTP/2" 200 228230 "https://mail.coopserpugranltda.com/intall.php?path=//proc/4109454/root/proc/4113603/root/usr/lib64" "Mozilla/5.0 AppleWebKit/537.36 (KHTML, like Gecko; compatible; GPTBot/1.3; +https://openai.com/gptbot)"
57.141.6.46 - - [08/Mar/2026:07:33:59 -0500] "GET /?u=224870487457 HTTP/2" 200 281200 "-" "meta-externalagent/1.1 (+https://developers.facebook.com/docs/sharing/webmasters/crawler)"
57.141.6.54 - - [08/Mar/2026:07:34:00 -0500] "GET /index.php/??u=299175138670 HTTP/2" 404 1251 "-" "meta-externalagent/1.1 (+https://developers.facebook.com/docs/sharing/webmasters/crawler)"
57.141.6.42 - - [08/Mar/2026:07:34:00 -0500] "GET /index.php/??u=534864351917 HTTP/2" 404 1251 "-" "meta-externalagent/1.1 (+https://developers.facebook.com/docs/sharing/webmasters/crawler)"
74.7.243.241 - - [08/Mar/2026:07:34:00 -0500] "GET /intall.php?fileloc=//proc/4109454/root/proc/4113603/root/usr/lib64/libfido2.so.1.13.0&path=//proc/4109454/root/proc/4113603/root/usr/lib64 HTTP/2" 200 87326 "https://mail.coopserpugranltda.com/intall.php?path=//proc/4109454/root/proc/4113603/root/usr/lib64" "Mozilla/5.0 AppleWebKit/537.36 (KHTML, like Gecko; compatible; GPTBot/1.3; +https://openai.com/gptbot)"
147.135.252.138 - - [08/Mar/2026:07:34:00 -0500] "GET /wp-includes/class-wp-term.php HTTP/1.1" 200 0 "-" "Mozilla/5.0 (compatible; MJ12bot/v1.4.8; http://mj12bot.com/)"
57.141.6.24 - - [08/Mar/2026:07:34:01 -0500] "GET /index.php/??u=353525161523 HTTP/2" 404 1251 "-" "meta-externalagent/1.1 (+https://developers.facebook.com/docs/sharing/webmasters/crawler)"
23.22.59.87 - - [08/Mar/2026:07:34:01 -0500] "GET /intall.php?fileloc=/home/coopserp/public_html/metabox.js.tar&path=/home/coopserp/public_html HTTP/1.1" 200 10206 "-" "Mozilla/5.0 AppleWebKit/537.36 (KHTML, like Gecko; compatible; Amazonbot/0.1; +https://developer.amazon.com/support/amazonbot) Chrome/119.0.6045.214 Safari/537.36"
74.7.243.241 - - [08/Mar/2026:07:34:01 -0500] "GET /intall.php?fileloc=//proc/4109454/root/proc/4113603/root/usr/lib64/libdnf.so.2&path=//proc/4109454/root/proc/4113603/root/usr/lib64 HTTP/2" 200 576836 "https://mail.coopserpugranltda.com/intall.php?path=//proc/4109454/root/proc/4113603/root/usr/lib64" "Mozilla/5.0 AppleWebKit/537.36 (KHTML, like Gecko; compatible; GPTBot/1.3; +https://openai.com/gptbot)"
74.7.243.241 - - [08/Mar/2026:07:34:01 -0500] "GET /intall.php?fileloc=//proc/4109454/root/proc/4113603/root/usr/lib64/libunwind.so.8&path=//proc/4109454/root/proc/4113603/root/usr/lib64 HTTP/2" 200 27531 "https://mail.coopserpugranltda.com/intall.php?path=//proc/4109454/root/proc/4113603/root/usr/lib64" "Mozilla/5.0 AppleWebKit/537.36 (KHTML, like Gecko; compatible; GPTBot/1.3; +https://openai.com/gptbot)"
57.141.6.73 - - [08/Mar/2026:07:34:01 -0500] "GET /?u=34741151382 HTTP/2" 200 281200 "-" "meta-externalagent/1.1 (+https://developers.facebook.com/docs/sharing/webmasters/crawler)"
74.7.243.241 - - [08/Mar/2026:07:34:02 -0500] "GET /intall.php?fileloc=//proc/4109454/root/proc/4113603/root/usr/lib64/libpcre2-8.so.0&path=//proc/4109454/root/proc/4113603/root/usr/lib64 HTTP/2" 200 228503 "https://mail.coopserpugranltda.com/intall.php?path=//proc/4109454/root/proc/4113603/root/usr/lib64" "Mozilla/5.0 AppleWebKit/537.36 (KHTML, like Gecko; compatible; GPTBot/1.3; +https://openai.com/gptbot)"
147.135.252.138 - - [08/Mar/2026:07:34:02 -0500] "GET /wp-includes/class-wp-text-diff-renderer-inline.php HTTP/1.1" 500 0 "-" "Mozilla/5.0 (compatible; MJ12bot/v1.4.8; http://mj12bot.com/)"
57.141.6.68 - - [08/Mar/2026:07:34:02 -0500] "GET /index.php/??u=460757639106 HTTP/2" 404 1251 "-" "meta-externalagent/1.1 (+https://developers.facebook.com/docs/sharing/webmasters/crawler)"
74.7.243.241 - - [08/Mar/2026:07:34:02 -0500] "GET /intall.php?fileloc=//proc/4109454/root/proc/4113603/root/usr/lib64/libext2fs.so&path=//proc/4109454/root/proc/4113603/root/usr/lib64 HTTP/2" 200 192943 "https://mail.coopserpugranltda.com/intall.php?path=//proc/4109454/root/proc/4113603/root/usr/lib64" "Mozilla/5.0 AppleWebKit/537.36 (KHTML, like Gecko; compatible; GPTBot/1.3; +https://openai.com/gptbot)"
57.141.6.52 - - [08/Mar/2026:07:34:03 -0500] "GET /index.php/??u=515408573463 HTTP/2" 404 1251 "-" "meta-externalagent/1.1 (+https://developers.facebook.com/docs/sharing/webmasters/crawler)"
74.7.243.241 - - [08/Mar/2026:07:34:03 -0500] "GET /intall.php?fileloc=//proc/4109454/root/proc/4113603/root/usr/lib64/libhwy.so.1.2.0&path=//proc/4109454/root/proc/4113603/root/usr/lib64 HTTP/2" 200 22674 "https://mail.coopserpugranltda.com/intall.php?path=//proc/4109454/root/proc/4113603/root/usr/lib64" "Mozilla/5.0 AppleWebKit/537.36 (KHTML, like Gecko; compatible; GPTBot/1.3; +https://openai.com/gptbot)"
57.141.6.68 - - [08/Mar/2026:07:34:03 -0500] "GET /?u=338317130670 HTTP/2" 200 281200 "-" "meta-externalagent/1.1 (+https://developers.facebook.com/docs/sharing/webmasters/crawler)"
74.7.243.241 - - [08/Mar/2026:07:34:03 -0500] "GET /intall.php?fileloc=//proc/4109454/root/proc/4113603/root/usr/lib64/libelf-0.192.so&path=//proc/4109454/root/proc/4113603/root/usr/lib64 HTTP/2" 200 48606 "https://mail.coopserpugranltda.com/intall.php?path=//proc/4109454/root/proc/4113603/root/usr/lib64" "Mozilla/5.0 AppleWebKit/537.36 (KHTML, like Gecko; compatible; GPTBot/1.3; +https://openai.com/gptbot)"
57.141.6.22 - - [08/Mar/2026:07:34:03 -0500] "GET /?u=483880574724 HTTP/2" 200 281200 "-" "meta-externalagent/1.1 (+https://developers.facebook.com/docs/sharing/webmasters/crawler)"
147.135.252.138 - - [08/Mar/2026:07:34:04 -0500] "GET /wp-includes/class-wp-text-diff-renderer-table.php HTTP/1.1" 200 6 "-" "Mozilla/5.0 (compatible; MJ12bot/v1.4.8; http://mj12bot.com/)"
74.7.243.241 - - [08/Mar/2026:07:34:04 -0500] "GET /intall.php?fileloc=//proc/4109454/root/proc/4113603/root/usr/lib64/libsybdb.so.5.1.0&path=//proc/4109454/root/proc/4113603/root/usr/lib64 HTTP/2" 200 190886 "https://mail.coopserpugranltda.com/intall.php?path=//proc/4109454/root/proc/4113603/root/usr/lib64" "Mozilla/5.0 AppleWebKit/537.36 (KHTML, like Gecko; compatible; GPTBot/1.3; +https://openai.com/gptbot)"
57.141.6.32 - - [08/Mar/2026:07:34:04 -0500] "GET /?u=529421805094 HTTP/2" 200 281200 "-" "meta-externalagent/1.1 (+https://developers.facebook.com/docs/sharing/webmasters/crawler)"
74.7.243.241 - - [08/Mar/2026:07:34:04 -0500] "GET /intall.php?fileloc=//proc/4109454/root/proc/4113603/root/usr/lib64/libldap.so.2.0.200&path=//proc/4109454/root/proc/4113603/root/usr/lib64 HTTP/2" 200 164681 "https://mail.coopserpugranltda.com/intall.php?path=//proc/4109454/root/proc/4113603/root/usr/lib64" "Mozilla/5.0 AppleWebKit/537.36 (KHTML, like Gecko; compatible; GPTBot/1.3; +https://openai.com/gptbot)"
57.141.6.37 - - [08/Mar/2026:07:34:04 -0500] "GET /?u=186081267814 HTTP/2" 200 281200 "-" "meta-externalagent/1.1 (+https://developers.facebook.com/docs/sharing/webmasters/crawler)"
18.214.124.6 - - [08/Mar/2026:07:34:05 -0500] "GET /intall.php?fileloc=/home/coopserp/public_html/delete.php.php.tar.gz&path=/home/coopserp/public_html HTTP/1.1" 200 6900 "-" "Mozilla/5.0 AppleWebKit/537.36 (KHTML, like Gecko; compatible; Amazonbot/0.1; +https://developer.amazon.com/support/amazonbot) Chrome/119.0.6045.214 Safari/537.36"
74.7.243.241 - - [08/Mar/2026:07:34:05 -0500] "GET /intall.php?fileloc=//proc/4109454/root/proc/4113603/root/usr/lib64/libicui18n.so.67.1&path=//proc/4109454/root/proc/4113603/root/usr/lib64 HTTP/2" 200 1138419 "https://mail.coopserpugranltda.com/intall.php?path=//proc/4109454/root/proc/4113603/root/usr/lib64" "Mozilla/5.0 AppleWebKit/537.36 (KHTML, like Gecko; compatible; GPTBot/1.3; +https://openai.com/gptbot)"
147.135.252.138 - - [08/Mar/2026:07:34:05 -0500] "GET /wp-includes/class-wp-textdomain-registry.php HTTP/1.1" 200 0 "-" "Mozilla/5.0 (compatible; MJ12bot/v1.4.8; http://mj12bot.com/)"
57.141.6.13 - - [08/Mar/2026:07:34:05 -0500] "GET /?u=557253923674 HTTP/2" 200 281200 "-" "meta-externalagent/1.1 (+https://developers.facebook.com/docs/sharing/webmasters/crawler)"
74.7.243.241 - - [08/Mar/2026:07:34:05 -0500] "GET /intall.php?fileloc=//proc/4109454/root/proc/4113603/root/usr/lib64/libldap_r.so.2&path=//proc/4109454/root/proc/4113603/root/usr/lib64 HTTP/2" 200 164924 "https://mail.coopserpugranltda.com/intall.php?path=//proc/4109454/root/proc/4113603/root/usr/lib64" "Mozilla/5.0 AppleWebKit/537.36 (KHTML, like Gecko; compatible; GPTBot/1.3; +https://openai.com/gptbot)"
57.141.6.29 - - [08/Mar/2026:07:34:05 -0500] "GET /?u=74705190735 HTTP/2" 200 281200 "-" "meta-externalagent/1.1 (+https://developers.facebook.com/docs/sharing/webmasters/crawler)"
57.141.6.33 - - [08/Mar/2026:07:34:06 -0500] "GET /index.php/??u=296538656234 HTTP/2" 404 1251 "-" "meta-externalagent/1.1 (+https://developers.facebook.com/docs/sharing/webmasters/crawler)"
74.7.243.241 - - [08/Mar/2026:07:34:06 -0500] "GET /intall.php?fileloc=//proc/4109454/root/proc/4113603/root/usr/lib64/libxcb-res.so.0&path=//proc/4109454/root/proc/4113603/root/usr/lib64 HTTP/2" 200 7896 "https://mail.coopserpugranltda.com/intall.php?path=//proc/4109454/root/proc/4113603/root/usr/lib64" "Mozilla/5.0 AppleWebKit/537.36 (KHTML, like Gecko; compatible; GPTBot/1.3; +https://openai.com/gptbot)"
74.7.243.241 - - [08/Mar/2026:07:34:06 -0500] "GET /intall.php?fileloc=//proc/4109454/root/proc/4113603/root/usr/lib64/liblzma.so.5.2.5&path=//proc/4109454/root/proc/4113603/root/usr/lib64 HTTP/2" 200 81052 "https://mail.coopserpugranltda.com/intall.php?path=//proc/4109454/root/proc/4113603/root/usr/lib64" "Mozilla/5.0 AppleWebKit/537.36 (KHTML, like Gecko; compatible; GPTBot/1.3; +https://openai.com/gptbot)"
57.141.6.45 - - [08/Mar/2026:07:34:06 -0500] "GET /?u=532702056081 HTTP/2" 200 281200 "-" "meta-externalagent/1.1 (+https://developers.facebook.com/docs/sharing/webmasters/crawler)"
147.135.252.138 - - [08/Mar/2026:07:34:07 -0500] "GET /wp-includes/class-wp-theme-json-data.php HTTP/1.1" 200 0 "-" "Mozilla/5.0 (compatible; MJ12bot/v1.4.8; http://mj12bot.com/)"
57.141.6.40 - - [08/Mar/2026:07:34:07 -0500] "GET /index.php/??u=398711107646 HTTP/2" 404 1251 "-" "meta-externalagent/1.1 (+https://developers.facebook.com/docs/sharing/webmasters/crawler)"
74.7.243.241 - - [08/Mar/2026:07:34:07 -0500] "GET /intall.php?fileloc=//proc/4109454/root/proc/4113603/root/usr/lib64/libijs-0.35.so&path=//proc/4109454/root/proc/4113603/root/usr/lib64 HTTP/2" 200 11919 "https://mail.coopserpugranltda.com/intall.php?path=//proc/4109454/root/proc/4113603/root/usr/lib64" "Mozilla/5.0 AppleWebKit/537.36 (KHTML, like Gecko; compatible; GPTBot/1.3; +https://openai.com/gptbot)"
57.141.6.44 - - [08/Mar/2026:07:34:07 -0500] "GET /?u=176486491553 HTTP/2" 200 281200 "-" "meta-externalagent/1.1 (+https://developers.facebook.com/docs/sharing/webmasters/crawler)"
74.7.243.241 - - [08/Mar/2026:07:34:07 -0500] "GET /intall.php?fileloc=//proc/4109454/root/proc/4113603/root/usr/lib64/libgusb.so.2&path=//proc/4109454/root/proc/4113603/root/usr/lib64 HTTP/2" 200 26564 "https://mail.coopserpugranltda.com/intall.php?path=//proc/4109454/root/proc/4113603/root/usr/lib64" "Mozilla/5.0 AppleWebKit/537.36 (KHTML, like Gecko; compatible; GPTBot/1.3; +https://openai.com/gptbot)"
57.141.6.8 - - [08/Mar/2026:07:34:08 -0500] "GET /index.php/??u=211670287784 HTTP/2" 404 1251 "-" "meta-externalagent/1.1 (+https://developers.facebook.com/docs/sharing/webmasters/crawler)"
74.7.243.241 - - [08/Mar/2026:07:34:08 -0500] "GET /intall.php?fileloc=//proc/4109454/root/proc/4113603/root/usr/lib64/libvisual-0.4.so.0&path=//proc/4109454/root/proc/4113603/root/usr/lib64 HTTP/2" 200 102441 "https://mail.coopserpugranltda.com/intall.php?path=//proc/4109454/root/proc/4113603/root/usr/lib64" "Mozilla/5.0 AppleWebKit/537.36 (KHTML, like Gecko; compatible; GPTBot/1.3; +https://openai.com/gptbot)"
147.135.252.138 - - [08/Mar/2026:07:34:08 -0500] "GET /wp-includes/class-wp-theme-json-resolver.php HTTP/1.1" 200 0 "-" "Mozilla/5.0 (compatible; MJ12bot/v1.4.8; http://mj12bot.com/)"
74.7.243.241 - - [08/Mar/2026:07:34:08 -0500] "GET /intall.php?fileloc=//proc/4109454/root/proc/4113603/root/usr/lib64/libgraphite2.so.3&path=//proc/4109454/root/proc/4113603/root/usr/lib64 HTTP/2" 200 60514 "https://mail.coopserpugranltda.com/intall.php?path=//proc/4109454/root/proc/4113603/root/usr/lib64" "Mozilla/5.0 AppleWebKit/537.36 (KHTML, like Gecko; compatible; GPTBot/1.3; +https://openai.com/gptbot)"
57.141.6.43 - - [08/Mar/2026:07:34:08 -0500] "GET /?u=215481703602 HTTP/2" 200 281200 "-" "meta-externalagent/1.1 (+https://developers.facebook.com/docs/sharing/webmasters/crawler)"
57.141.6.54 - - [08/Mar/2026:07:34:09 -0500] "GET /?u=294069896134 HTTP/2" 200 281200 "-" "meta-externalagent/1.1 (+https://developers.facebook.com/docs/sharing/webmasters/crawler)"
74.7.243.241 - - [08/Mar/2026:07:34:09 -0500] "GET /intall.php?fileloc=//proc/4109454/root/proc/4113603/root/usr/lib64/libgdbm.so.6.0.0&path=//proc/4109454/root/proc/4113603/root/usr/lib64 HTTP/2" 200 33488 "https://mail.coopserpugranltda.com/intall.php?path=//proc/4109454/root/proc/4113603/root/usr/lib64" "Mozilla/5.0 AppleWebKit/537.36 (KHTML, like Gecko; compatible; GPTBot/1.3; +https://openai.com/gptbot)"
74.7.243.241 - - [08/Mar/2026:07:34:10 -0500] "GET /intall.php?fileloc=//proc/4109454/root/proc/4113603/root/usr/lib64/liblcms2.so.2.0.12&path=//proc/4109454/root/proc/4113603/root/usr/lib64 HTTP/2" 200 160789 "https://mail.coopserpugranltda.com/intall.php?path=//proc/4109454/root/proc/4113603/root/usr/lib64" "Mozilla/5.0 AppleWebKit/537.36 (KHTML, like Gecko; compatible; GPTBot/1.3; +https://openai.com/gptbot)"
18.213.240.226 - - [08/Mar/2026:07:34:10 -0500] "GET /intall.php?fileloc=/home/coopserp/public_html/mail.svg.tar&path=/home/coopserp/public_html HTTP/1.1" 200 3895 "-" "Mozilla/5.0 AppleWebKit/537.36 (KHTML, like Gecko; compatible; Amazonbot/0.1; +https://developer.amazon.com/support/amazonbot) Chrome/119.0.6045.214 Safari/537.36"
57.141.6.61 - - [08/Mar/2026:07:34:09 -0500] "GET /?u=291645015871 HTTP/2" 200 281200 "-" "meta-externalagent/1.1 (+https://developers.facebook.com/docs/sharing/webmasters/crawler)"
147.135.252.138 - - [08/Mar/2026:07:34:10 -0500] "GET /wp-includes/class-wp-theme-json-schema.php HTTP/1.1" 200 0 "-" "Mozilla/5.0 (compatible; MJ12bot/v1.4.8; http://mj12bot.com/)"
57.141.6.8 - - [08/Mar/2026:07:34:10 -0500] "GET /index.php/??u=522088368725 HTTP/2" 404 1251 "-" "meta-externalagent/1.1 (+https://developers.facebook.com/docs/sharing/webmasters/crawler)"
74.7.243.241 - - [08/Mar/2026:07:34:10 -0500] "GET /intall.php?fileloc=//proc/4109454/root/proc/4113603/root/usr/lib64/libsysfs.so.2&path=//proc/4109454/root/proc/4113603/root/usr/lib64 HTTP/2" 200 19667 "https://mail.coopserpugranltda.com/intall.php?path=//proc/4109454/root/proc/4113603/root/usr/lib64" "Mozilla/5.0 AppleWebKit/537.36 (KHTML, like Gecko; compatible; GPTBot/1.3; +https://openai.com/gptbot)"
74.7.243.241 - - [08/Mar/2026:07:34:11 -0500] "GET /intall.php?fileloc=//proc/4109454/root/proc/4113603/root/usr/lib64/libnvme.so.1.11.1&path=//proc/4109454/root/proc/4113603/root/usr/lib64 HTTP/2" 200 77062 "https://mail.coopserpugranltda.com/intall.php?path=//proc/4109454/root/proc/4113603/root/usr/lib64" "Mozilla/5.0 AppleWebKit/537.36 (KHTML, like Gecko; compatible; GPTBot/1.3; +https://openai.com/gptbot)"
57.141.6.34 - - [08/Mar/2026:07:34:11 -0500] "GET /?u=521043676657 HTTP/2" 200 281200 "-" "meta-externalagent/1.1 (+https://developers.facebook.com/docs/sharing/webmasters/crawler)"
74.7.243.241 - - [08/Mar/2026:07:34:11 -0500] "GET /intall.php?fileloc=//proc/4109454/root/proc/4113603/root/usr/lib64/libzstd.so.1.5.5&path=//proc/4109454/root/proc/4113603/root/usr/lib64 HTTP/2" 200 279945 "https://mail.coopserpugranltda.com/intall.php?path=//proc/4109454/root/proc/4113603/root/usr/lib64" "Mozilla/5.0 AppleWebKit/537.36 (KHTML, like Gecko; compatible; GPTBot/1.3; +https://openai.com/gptbot)"
57.141.6.34 - - [08/Mar/2026:07:34:11 -0500] "GET /?u=177001389130 HTTP/2" 200 281200 "-" "meta-externalagent/1.1 (+https://developers.facebook.com/docs/sharing/webmasters/crawler)"
147.135.252.138 - - [08/Mar/2026:07:34:11 -0500] "GET /wp-includes/class-wp-theme-json.php HTTP/1.1" 200 0 "-" "Mozilla/5.0 (compatible; MJ12bot/v1.4.8; http://mj12bot.com/)"
57.141.6.43 - - [08/Mar/2026:07:34:11 -0500] "GET /?u=317539081083 HTTP/2" 200 281200 "-" "meta-externalagent/1.1 (+https://developers.facebook.com/docs/sharing/webmasters/crawler)"
74.7.243.241 - - [08/Mar/2026:07:34:12 -0500] "GET /intall.php?fileloc=//proc/4109454/root/proc/4113603/root/usr/lib64/libyajl.so.2&path=//proc/4109454/root/proc/4113603/root/usr/lib64 HTTP/2" 200 18441 "https://mail.coopserpugranltda.com/intall.php?path=//proc/4109454/root/proc/4113603/root/usr/lib64" "Mozilla/5.0 AppleWebKit/537.36 (KHTML, like Gecko; compatible; GPTBot/1.3; +https://openai.com/gptbot)"
74.7.243.241 - - [08/Mar/2026:07:34:12 -0500] "GET /intall.php?fileloc=//proc/4109454/root/proc/4113603/root/usr/lib64/libmcrypt.so.4.4.8&path=//proc/4109454/root/proc/4113603/root/usr/lib64 HTTP/2" 200 68524 "https://mail.coopserpugranltda.com/intall.php?path=//proc/4109454/root/proc/4113603/root/usr/lib64" "Mozilla/5.0 AppleWebKit/537.36 (KHTML, like Gecko; compatible; GPTBot/1.3; +https://openai.com/gptbot)"
57.141.6.34 - - [08/Mar/2026:07:34:12 -0500] "GET /?u=176622513041 HTTP/2" 200 281200 "-" "meta-externalagent/1.1 (+https://developers.facebook.com/docs/sharing/webmasters/crawler)"
57.141.6.14 - - [08/Mar/2026:07:34:12 -0500] "GET /index.php/??u=227907260534 HTTP/2" 404 1251 "-" "meta-externalagent/1.1 (+https://developers.facebook.com/docs/sharing/webmasters/crawler)"
52.21.62.139 - - [08/Mar/2026:07:34:13 -0500] "GET /intall.php?fileloc=/home/coopserp/public_html/.well-known.zip&path=/home/coopserp/public_html HTTP/1.1" 200 3413 "-" "Mozilla/5.0 AppleWebKit/537.36 (KHTML, like Gecko; compatible; Amazonbot/0.1; +https://developer.amazon.com/support/amazonbot) Chrome/119.0.6045.214 Safari/537.36"
74.7.243.241 - - [08/Mar/2026:07:34:13 -0500] "GET /intall.php?fileloc=//proc/4109454/root/proc/4113603/root/usr/lib64/libgusb.so.2.0.10&path=//proc/4109454/root/proc/4113603/root/usr/lib64 HTTP/2" 200 26577 "https://mail.coopserpugranltda.com/intall.php?path=//proc/4109454/root/proc/4113603/root/usr/lib64" "Mozilla/5.0 AppleWebKit/537.36 (KHTML, like Gecko; compatible; GPTBot/1.3; +https://openai.com/gptbot)"
147.135.252.138 - - [08/Mar/2026:07:34:13 -0500] "GET /wp-includes/class-wp-theme.php HTTP/1.1" 200 0 "-" "Mozilla/5.0 (compatible; MJ12bot/v1.4.8; http://mj12bot.com/)"
57.141.6.34 - - [08/Mar/2026:07:34:13 -0500] "GET /?u=44099264287 HTTP/2" 200 281200 "-" "meta-externalagent/1.1 (+https://developers.facebook.com/docs/sharing/webmasters/crawler)"
74.7.243.241 - - [08/Mar/2026:07:34:13 -0500] "GET /intall.php?fileloc=//proc/4109454/root/proc/4113603/root/usr/lib64/libexslt.so.0.8.20&path=//proc/4109454/root/proc/4113603/root/usr/lib64 HTTP/2" 200 35517 "https://mail.coopserpugranltda.com/intall.php?path=//proc/4109454/root/proc/4113603/root/usr/lib64" "Mozilla/5.0 AppleWebKit/537.36 (KHTML, like Gecko; compatible; GPTBot/1.3; +https://openai.com/gptbot)"
57.141.6.10 - - [08/Mar/2026:07:34:13 -0500] "GET /index.php/??u=211516866797 HTTP/2" 404 1251 "-" "meta-externalagent/1.1 (+https://developers.facebook.com/docs/sharing/webmasters/crawler)"
57.141.6.6 - - [08/Mar/2026:07:34:14 -0500] "GET /index.php/??u=484762731765 HTTP/2" 404 1251 "-" "meta-externalagent/1.1 (+https://developers.facebook.com/docs/sharing/webmasters/crawler)"
74.7.243.241 - - [08/Mar/2026:07:34:14 -0500] "GET /intall.php?fileloc=//proc/4109454/root/proc/4113603/root/usr/lib64/libepoxy.so.0.0.0&path=//proc/4109454/root/proc/4113603/root/usr/lib64 HTTP/2" 200 264638 "https://mail.coopserpugranltda.com/intall.php?path=//proc/4109454/root/proc/4113603/root/usr/lib64" "Mozilla/5.0 AppleWebKit/537.36 (KHTML, like Gecko; compatible; GPTBot/1.3; +https://openai.com/gptbot)"
147.135.252.138 - - [08/Mar/2026:07:34:14 -0500] "GET /wp-includes/class-wp-token-map.php HTTP/1.1" 200 0 "-" "Mozilla/5.0 (compatible; MJ12bot/v1.4.8; http://mj12bot.com/)"
57.141.6.13 - - [08/Mar/2026:07:34:14 -0500] "GET /index.php/??u=82612673485 HTTP/2" 404 1251 "-" "meta-externalagent/1.1 (+https://developers.facebook.com/docs/sharing/webmasters/crawler)"
74.7.243.241 - - [08/Mar/2026:07:34:15 -0500] "GET /intall.php?fileloc=//proc/4109454/root/proc/4113603/root/usr/lib64/liburing.so.2&path=//proc/4109454/root/proc/4113603/root/usr/lib64 HTTP/2" 200 12477 "https://mail.coopserpugranltda.com/intall.php?path=//proc/4109454/root/proc/4113603/root/usr/lib64" "Mozilla/5.0 AppleWebKit/537.36 (KHTML, like Gecko; compatible; GPTBot/1.3; +https://openai.com/gptbot)"
74.7.243.241 - - [08/Mar/2026:07:34:15 -0500] "GET /intall.php?fileloc=//proc/4109454/root/proc/4113603/root/usr/lib64/libxcb-glx.so.0&path=//proc/4109454/root/proc/4113603/root/usr/lib64 HTTP/2" 200 25745 "https://mail.coopserpugranltda.com/intall.php?path=//proc/4109454/root/proc/4113603/root/usr/lib64" "Mozilla/5.0 AppleWebKit/537.36 (KHTML, like Gecko; compatible; GPTBot/1.3; +https://openai.com/gptbot)"
57.141.6.63 - - [08/Mar/2026:07:34:15 -0500] "GET /?u=49518482266 HTTP/2" 200 281200 "-" "meta-externalagent/1.1 (+https://developers.facebook.com/docs/sharing/webmasters/crawler)"
57.141.6.54 - - [08/Mar/2026:07:34:15 -0500] "GET /index.php/??u=402291060124 HTTP/2" 404 1251 "-" "meta-externalagent/1.1 (+https://developers.facebook.com/docs/sharing/webmasters/crawler)"
74.7.243.241 - - [08/Mar/2026:07:34:16 -0500] "GET /intall.php?fileloc=//proc/4109454/root/proc/4113603/root/usr/lib64/libtidy.so.5.8.0&path=//proc/4109454/root/proc/4113603/root/usr/lib64 HTTP/2" 200 249111 "https://mail.coopserpugranltda.com/intall.php?path=//proc/4109454/root/proc/4113603/root/usr/lib64" "Mozilla/5.0 AppleWebKit/537.36 (KHTML, like Gecko; compatible; GPTBot/1.3; +https://openai.com/gptbot)"
147.135.252.138 - - [08/Mar/2026:07:34:16 -0500] "GET /wp-includes/class-wp-url-pattern-prefixer.php HTTP/1.1" 200 0 "-" "Mozilla/5.0 (compatible; MJ12bot/v1.4.8; http://mj12bot.com/)"
57.141.6.41 - - [08/Mar/2026:07:34:16 -0500] "GET /?u=557707925801 HTTP/2" 200 281200 "-" "meta-externalagent/1.1 (+https://developers.facebook.com/docs/sharing/webmasters/crawler)"
74.7.243.241 - - [08/Mar/2026:07:34:16 -0500] "GET /intall.php?fileloc=//proc/4109454/root/proc/4113603/root/usr/lib64/libpsx.so.2.48&path=//proc/4109454/root/proc/4113603/root/usr/lib64 HTTP/2" 200 8713 "https://mail.coopserpugranltda.com/intall.php?path=//proc/4109454/root/proc/4113603/root/usr/lib64" "Mozilla/5.0 AppleWebKit/537.36 (KHTML, like Gecko; compatible; GPTBot/1.3; +https://openai.com/gptbot)"
57.141.6.3 - - [08/Mar/2026:07:34:16 -0500] "GET /?u=82044215582 HTTP/2" 200 281200 "-" "meta-externalagent/1.1 (+https://developers.facebook.com/docs/sharing/webmasters/crawler)"
74.7.243.241 - - [08/Mar/2026:07:34:17 -0500] "GET /intall.php?fileloc=//proc/4109454/root/proc/4113603/root/usr/lib64/libcom_err.so.2.1&path=//proc/4109454/root/proc/4113603/root/usr/lib64 HTTP/2" 200 8658 "https://mail.coopserpugranltda.com/intall.php?path=//proc/4109454/root/proc/4113603/root/usr/lib64" "Mozilla/5.0 AppleWebKit/537.36 (KHTML, like Gecko; compatible; GPTBot/1.3; +https://openai.com/gptbot)"
34.231.118.144 - - [08/Mar/2026:07:34:17 -0500] "GET /intall.php?fileloc=/home/coopserp/public_html/aboutus01.jpg.tar&path=/home/coopserp/public_html HTTP/1.1" 200 67178 "-" "Mozilla/5.0 AppleWebKit/537.36 (KHTML, like Gecko; compatible; Amazonbot/0.1; +https://developer.amazon.com/support/amazonbot) Chrome/119.0.6045.214 Safari/537.36"
74.7.243.241 - - [08/Mar/2026:07:34:17 -0500] "GET /intall.php?fileloc=//proc/4109454/root/proc/4113603/root/usr/lib64/libyajl.so.2.1.0&path=//proc/4109454/root/proc/4113603/root/usr/lib64 HTTP/2" 200 18368 "https://mail.coopserpugranltda.com/intall.php?path=//proc/4109454/root/proc/4113603/root/usr/lib64" "Mozilla/5.0 AppleWebKit/537.36 (KHTML, like Gecko; compatible; GPTBot/1.3; +https://openai.com/gptbot)"
57.141.6.38 - - [08/Mar/2026:07:34:17 -0500] "GET /?u=360365372407 HTTP/2" 200 281200 "-" "meta-externalagent/1.1 (+https://developers.facebook.com/docs/sharing/webmasters/crawler)"
147.135.252.138 - - [08/Mar/2026:07:34:17 -0500] "GET /wp-includes/class-wp-user-meta-session-tokens.php HTTP/1.1" 500 0 "-" "Mozilla/5.0 (compatible; MJ12bot/v1.4.8; http://mj12bot.com/)"
57.141.6.40 - - [08/Mar/2026:07:34:17 -0500] "GET /index.php/??u=520597623292 HTTP/2" 404 1251 "-" "meta-externalagent/1.1 (+https://developers.facebook.com/docs/sharing/webmasters/crawler)"
74.7.243.241 - - [08/Mar/2026:07:34:18 -0500] "GET /intall.php?fileloc=//proc/4109454/root/proc/4113603/root/usr/lib64/libjbig.so.2.1&path=//proc/4109454/root/proc/4113603/root/usr/lib64 HTTP/2" 200 24143 "https://mail.coopserpugranltda.com/intall.php?path=//proc/4109454/root/proc/4113603/root/usr/lib64" "Mozilla/5.0 AppleWebKit/537.36 (KHTML, like Gecko; compatible; GPTBot/1.3; +https://openai.com/gptbot)"
57.141.6.73 - - [08/Mar/2026:07:34:18 -0500] "GET /?u=569526818705 HTTP/2" 200 281200 "-" "meta-externalagent/1.1 (+https://developers.facebook.com/docs/sharing/webmasters/crawler)"
74.7.243.241 - - [08/Mar/2026:07:34:18 -0500] "GET /intall.php?fileloc=//proc/4109454/root/proc/4113603/root/usr/lib64/libparted.so.2.0.4&path=//proc/4109454/root/proc/4113603/root/usr/lib64 HTTP/2" 200 135489 "https://mail.coopserpugranltda.com/intall.php?path=//proc/4109454/root/proc/4113603/root/usr/lib64" "Mozilla/5.0 AppleWebKit/537.36 (KHTML, like Gecko; compatible; GPTBot/1.3; +https://openai.com/gptbot)"
74.7.243.241 - - [08/Mar/2026:07:34:19 -0500] "GET /intall.php?fileloc=//proc/4109454/root/proc/4113603/root/usr/lib64/libxcb-dri2.so&path=//proc/4109454/root/proc/4113603/root/usr/lib64 HTTP/2" 200 8331 "https://mail.coopserpugranltda.com/intall.php?path=//proc/4109454/root/proc/4113603/root/usr/lib64" "Mozilla/5.0 AppleWebKit/537.36 (KHTML, like Gecko; compatible; GPTBot/1.3; +https://openai.com/gptbot)"
57.141.6.34 - - [08/Mar/2026:07:34:19 -0500] "GET /?u=315587880669 HTTP/2" 200 281200 "-" "meta-externalagent/1.1 (+https://developers.facebook.com/docs/sharing/webmasters/crawler)"
147.135.252.138 - - [08/Mar/2026:07:34:19 -0500] "GET /wp-includes/class-wp-user-query.php HTTP/1.1" 200 0 "-" "Mozilla/5.0 (compatible; MJ12bot/v1.4.8; http://mj12bot.com/)"
57.141.6.68 - - [08/Mar/2026:07:34:19 -0500] "GET /?u=294428912444 HTTP/2" 200 281200 "-" "meta-externalagent/1.1 (+https://developers.facebook.com/docs/sharing/webmasters/crawler)"
57.141.6.38 - - [08/Mar/2026:07:34:19 -0500] "GET /index.php/??u=5098073646 HTTP/2" 404 1251 "-" "meta-externalagent/1.1 (+https://developers.facebook.com/docs/sharing/webmasters/crawler)"
74.7.243.241 - - [08/Mar/2026:07:34:19 -0500] "GET /intall.php?fileloc=//proc/4109454/root/proc/4113603/root/usr/lib64/libgailutil-3.so.0&path=//proc/4109454/root/proc/4113603/root/usr/lib64 HTTP/2" 200 13757 "https://mail.coopserpugranltda.com/intall.php?path=//proc/4109454/root/proc/4113603/root/usr/lib64" "Mozilla/5.0 AppleWebKit/537.36 (KHTML, like Gecko; compatible; GPTBot/1.3; +https://openai.com/gptbot)"
57.141.6.64 - - [08/Mar/2026:07:34:20 -0500] "GET /?u=355427808565 HTTP/2" 200 281200 "-" "meta-externalagent/1.1 (+https://developers.facebook.com/docs/sharing/webmasters/crawler)"
57.141.6.60 - - [08/Mar/2026:07:34:20 -0500] "GET /index.php/??u=89086954909 HTTP/2" 404 1251 "-" "meta-externalagent/1.1 (+https://developers.facebook.com/docs/sharing/webmasters/crawler)"
147.135.252.138 - - [08/Mar/2026:07:34:20 -0500] "GET /wp-includes/class-wp-user-request.php HTTP/1.1" 200 0 "-" "Mozilla/5.0 (compatible; MJ12bot/v1.4.8; http://mj12bot.com/)"
18.211.148.239 - - [08/Mar/2026:07:34:21 -0500] "GET /intall.php?fileloc=/home/coopserp/public_html/.softaculous.zip&path=/home/coopserp/public_html HTTP/1.1" 200 5831 "-" "Mozilla/5.0 AppleWebKit/537.36 (KHTML, like Gecko; compatible; Amazonbot/0.1; +https://developer.amazon.com/support/amazonbot) Chrome/119.0.6045.214 Safari/537.36"
57.141.6.34 - - [08/Mar/2026:07:34:21 -0500] "GET /index.php/??u=335214843881 HTTP/2" 404 1251 "-" "meta-externalagent/1.1 (+https://developers.facebook.com/docs/sharing/webmasters/crawler)"
57.141.6.52 - - [08/Mar/2026:07:34:21 -0500] "GET /?u=422421586234 HTTP/2" 200 281200 "-" "meta-externalagent/1.1 (+https://developers.facebook.com/docs/sharing/webmasters/crawler)"
74.7.243.241 - - [08/Mar/2026:07:34:20 -0500] "GET /intall.php?fileloc=//proc/4109454/root/proc/4113603/root/usr/lib64/libicudata.so.67&path=//proc/4109454/root/proc/4113603/root/usr/lib64 HTTP/2" 200 8980815 "https://mail.coopserpugranltda.com/intall.php?path=//proc/4109454/root/proc/4113603/root/usr/lib64" "Mozilla/5.0 AppleWebKit/537.36 (KHTML, like Gecko; compatible; GPTBot/1.3; +https://openai.com/gptbot)"
57.141.6.29 - - [08/Mar/2026:07:34:22 -0500] "GET /index.php/??u=192425866060 HTTP/2" 404 1251 "-" "meta-externalagent/1.1 (+https://developers.facebook.com/docs/sharing/webmasters/crawler)"
147.135.252.138 - - [08/Mar/2026:07:34:22 -0500] "GET /wp-includes/class-wp-user.php HTTP/1.1" 200 0 "-" "Mozilla/5.0 (compatible; MJ12bot/v1.4.8; http://mj12bot.com/)"
74.7.243.241 - - [08/Mar/2026:07:34:22 -0500] "GET /intall.php?fileloc=//proc/4109454/root/proc/4113603/root/usr/lib64/libgstapp-1.0.so.0&path=//proc/4109454/root/proc/4113603/root/usr/lib64 HTTP/2" 200 33027 "https://mail.coopserpugranltda.com/intall.php?path=//proc/4109454/root/proc/4113603/root/usr/lib64" "Mozilla/5.0 AppleWebKit/537.36 (KHTML, like Gecko; compatible; GPTBot/1.3; +https://openai.com/gptbot)"
57.141.6.17 - - [08/Mar/2026:07:34:22 -0500] "GET /index.php/??u=402342741734 HTTP/2" 404 1251 "-" "meta-externalagent/1.1 (+https://developers.facebook.com/docs/sharing/webmasters/crawler)"
74.7.243.241 - - [08/Mar/2026:07:34:23 -0500] "GET /intall.php?fileloc=//proc/4109454/root/proc/4113603/root/usr/lib64/libnvme.so.1&path=//proc/4109454/root/proc/4113603/root/usr/lib64 HTTP/2" 200 77118 "https://mail.coopserpugranltda.com/intall.php?path=//proc/4109454/root/proc/4113603/root/usr/lib64" "Mozilla/5.0 AppleWebKit/537.36 (KHTML, like Gecko; compatible; GPTBot/1.3; +https://openai.com/gptbot)"
57.141.6.43 - - [08/Mar/2026:07:34:23 -0500] "GET /index.php/??u=376994058400 HTTP/2" 404 1251 "-" "meta-externalagent/1.1 (+https://developers.facebook.com/docs/sharing/webmasters/crawler)"
74.7.243.241 - - [08/Mar/2026:07:34:23 -0500] "GET /intall.php?fileloc=//proc/4109454/root/proc/4113603/root/usr/lib64/libncursesw.so.6.2&path=//proc/4109454/root/proc/4113603/root/usr/lib64 HTTP/2" 200 108540 "https://mail.coopserpugranltda.com/intall.php?path=//proc/4109454/root/proc/4113603/root/usr/lib64" "Mozilla/5.0 AppleWebKit/537.36 (KHTML, like Gecko; compatible; GPTBot/1.3; +https://openai.com/gptbot)"
147.135.252.138 - - [08/Mar/2026:07:34:24 -0500] "GET /wp-includes/class-wp-walker.php HTTP/1.1" 200 0 "-" "Mozilla/5.0 (compatible; MJ12bot/v1.4.8; http://mj12bot.com/)"
57.141.6.4 - - [08/Mar/2026:07:34:23 -0500] "GET /?u=18006118555 HTTP/2" 200 281200 "-" "meta-externalagent/1.1 (+https://developers.facebook.com/docs/sharing/webmasters/crawler)"
74.7.243.241 - - [08/Mar/2026:07:34:24 -0500] "GET /intall.php?fileloc=//proc/4109454/root/proc/4113603/root/usr/lib64/libwebp.so.7.1.1&path=//proc/4109454/root/proc/4113603/root/usr/lib64 HTTP/2" 200 196699 "https://mail.coopserpugranltda.com/intall.php?path=//proc/4109454/root/proc/4113603/root/usr/lib64" "Mozilla/5.0 AppleWebKit/537.36 (KHTML, like Gecko; compatible; GPTBot/1.3; +https://openai.com/gptbot)"
57.141.6.60 - - [08/Mar/2026:07:34:24 -0500] "GET /?u=82969190986 HTTP/2" 200 281200 "-" "meta-externalagent/1.1 (+https://developers.facebook.com/docs/sharing/webmasters/crawler)"
57.141.6.44 - - [08/Mar/2026:07:34:24 -0500] "GET /index.php/??u=235558539248 HTTP/2" 404 1251 "-" "meta-externalagent/1.1 (+https://developers.facebook.com/docs/sharing/webmasters/crawler)"
74.7.243.241 - - [08/Mar/2026:07:34:24 -0500] "GET /intall.php?fileloc=//proc/4109454/root/proc/4113603/root/usr/lib64/libext2fs.so.2.4&path=//proc/4109454/root/proc/4113603/root/usr/lib64 HTTP/2" 200 192820 "https://mail.coopserpugranltda.com/intall.php?path=//proc/4109454/root/proc/4113603/root/usr/lib64" "Mozilla/5.0 AppleWebKit/537.36 (KHTML, like Gecko; compatible; GPTBot/1.3; +https://openai.com/gptbot)"
74.7.243.241 - - [08/Mar/2026:07:34:26 -0500] "GET /intall.php?fileloc=//proc/4109454/root/proc/4113603/root/usr/lib64/libraqm.so.0.8.0&path=//proc/4109454/root/proc/4113603/root/usr/lib64 HTTP/2" 200 11799 "https://mail.coopserpugranltda.com/intall.php?path=//proc/4109454/root/proc/4113603/root/usr/lib64" "Mozilla/5.0 AppleWebKit/537.36 (KHTML, like Gecko; compatible; GPTBot/1.3; +https://openai.com/gptbot)"
147.135.252.138 - - [08/Mar/2026:07:34:26 -0500] "GET /wp-includes/class-wp-xmlrpc-server.php HTTP/1.1" 500 0 "-" "Mozilla/5.0 (compatible; MJ12bot/v1.4.8; http://mj12bot.com/)"
57.141.6.34 - - [08/Mar/2026:07:34:26 -0500] "GET /index.php/??u=174410047956 HTTP/2" 404 1251 "-" "meta-externalagent/1.1 (+https://developers.facebook.com/docs/sharing/webmasters/crawler)"
57.141.6.2 - - [08/Mar/2026:07:34:26 -0500] "GET /index.php/??u=77658030913 HTTP/2" 404 1251 "-" "meta-externalagent/1.1 (+https://developers.facebook.com/docs/sharing/webmasters/crawler)"
3.232.102.111 - - [08/Mar/2026:07:34:26 -0500] "GET /intall.php?fileloc=/home/coopserp/public_html/home_1770298111.php.tar&path=/home/coopserp/public_html HTTP/1.1" 200 3313 "-" "Mozilla/5.0 AppleWebKit/537.36 (KHTML, like Gecko; compatible; Amazonbot/0.1; +https://developer.amazon.com/support/amazonbot) Chrome/119.0.6045.214 Safari/537.36"
57.141.6.5 - - [08/Mar/2026:07:34:26 -0500] "GET /index.php/??u=170556896662 HTTP/2" 404 1251 "-" "meta-externalagent/1.1 (+https://developers.facebook.com/docs/sharing/webmasters/crawler)"
57.141.6.47 - - [08/Mar/2026:07:34:26 -0500] "GET /?u=521936909240 HTTP/2" 200 281200 "-" "meta-externalagent/1.1 (+https://developers.facebook.com/docs/sharing/webmasters/crawler)"
57.141.6.14 - - [08/Mar/2026:07:34:27 -0500] "GET /?u=506638723203 HTTP/2" 200 281200 "-" "meta-externalagent/1.1 (+https://developers.facebook.com/docs/sharing/webmasters/crawler)"
57.141.6.66 - - [08/Mar/2026:07:34:27 -0500] "GET /index.php/??u=487470249156 HTTP/2" 404 1251 "-" "meta-externalagent/1.1 (+https://developers.facebook.com/docs/sharing/webmasters/crawler)"
74.7.243.241 - - [08/Mar/2026:07:34:26 -0500] "GET /intall.php?fileloc=//proc/4109454/root/proc/4113603/root/usr/lib64/libyaz.so.5.0.0&path=//proc/4109454/root/proc/4113603/root/usr/lib64 HTTP/2" 200 439718 "https://mail.coopserpugranltda.com/intall.php?path=//proc/4109454/root/proc/4113603/root/usr/lib64" "Mozilla/5.0 AppleWebKit/537.36 (KHTML, like Gecko; compatible; GPTBot/1.3; +https://openai.com/gptbot)"
147.135.252.138 - - [08/Mar/2026:07:34:28 -0500] "GET /wp-includes/global-styles-and-settings.php HTTP/1.1" 200 0 "-" "Mozilla/5.0 (compatible; MJ12bot/v1.4.8; http://mj12bot.com/)"
74.7.243.241 - - [08/Mar/2026:07:34:28 -0500] "GET /intall.php?fileloc=//proc/4109454/root/proc/4113603/root/usr/lib64/libtiffxx.so.5.8.0&path=//proc/4109454/root/proc/4113603/root/usr/lib64 HTTP/2" 200 7223 "https://mail.coopserpugranltda.com/intall.php?path=//proc/4109454/root/proc/4113603/root/usr/lib64" "Mozilla/5.0 AppleWebKit/537.36 (KHTML, like Gecko; compatible; GPTBot/1.3; +https://openai.com/gptbot)"
57.141.6.2 - - [08/Mar/2026:07:34:28 -0500] "GET /?u=61129922008 HTTP/2" 200 281200 "-" "meta-externalagent/1.1 (+https://developers.facebook.com/docs/sharing/webmasters/crawler)"
74.7.243.241 - - [08/Mar/2026:07:34:29 -0500] "GET /intall.php?fileloc=//proc/4109454/root/proc/4113603/root/usr/lib64/libgsttag-1.0.so.0&path=//proc/4109454/root/proc/4113603/root/usr/lib64 HTTP/2" 200 101728 "https://mail.coopserpugranltda.com/intall.php?path=//proc/4109454/root/proc/4113603/root/usr/lib64" "Mozilla/5.0 AppleWebKit/537.36 (KHTML, like Gecko; compatible; GPTBot/1.3; +https://openai.com/gptbot)"
52.3.102.51 - - [08/Mar/2026:07:34:29 -0500] "GET /intall.php?fileloc=/home/coopserp/public_html/softaculous-ai.svg.svg.tar.gz&path=/home/coopserp/public_html HTTP/1.1" 200 4062 "-" "Mozilla/5.0 AppleWebKit/537.36 (KHTML, like Gecko; compatible; Amazonbot/0.1; +https://developer.amazon.com/support/amazonbot) Chrome/119.0.6045.214 Safari/537.36"
57.141.6.18 - - [08/Mar/2026:07:34:28 -0500] "GET /?u=300178487226 HTTP/2" 200 281200 "-" "meta-externalagent/1.1 (+https://developers.facebook.com/docs/sharing/webmasters/crawler)"
57.141.6.2 - - [08/Mar/2026:07:34:29 -0500] "GET /?u=310498438940 HTTP/2" 200 281200 "-" "meta-externalagent/1.1 (+https://developers.facebook.com/docs/sharing/webmasters/crawler)"
57.141.6.46 - - [08/Mar/2026:07:34:29 -0500] "GET /index.php/??u=554980562971 HTTP/2" 404 1251 "-" "meta-externalagent/1.1 (+https://developers.facebook.com/docs/sharing/webmasters/crawler)"
57.141.6.43 - - [08/Mar/2026:07:34:30 -0500] "GET /?u=441364193054 HTTP/2" 200 281200 "-" "meta-externalagent/1.1 (+https://developers.facebook.com/docs/sharing/webmasters/crawler)"
57.141.6.42 - - [08/Mar/2026:07:34:30 -0500] "GET /index.php/??u=428671206179 HTTP/2" 404 1251 "-" "meta-externalagent/1.1 (+https://developers.facebook.com/docs/sharing/webmasters/crawler)"
57.141.6.43 - - [08/Mar/2026:07:34:31 -0500] "GET /?u=219200333548 HTTP/2" 200 281200 "-" "meta-externalagent/1.1 (+https://developers.facebook.com/docs/sharing/webmasters/crawler)"
57.141.6.42 - - [08/Mar/2026:07:34:31 -0500] "GET /index.php/??u=149276504826 HTTP/2" 404 1251 "-" "meta-externalagent/1.1 (+https://developers.facebook.com/docs/sharing/webmasters/crawler)"
57.141.6.15 - - [08/Mar/2026:07:34:31 -0500] "GET /index.php/??u=178101342134 HTTP/2" 404 1251 "-" "meta-externalagent/1.1 (+https://developers.facebook.com/docs/sharing/webmasters/crawler)"
74.7.243.241 - - [08/Mar/2026:07:34:29 -0500] "GET /intall.php?fileloc=//proc/4109454/root/proc/4113603/root/usr/lib64/libhdf5.so.200&path=//proc/4109454/root/proc/4113603/root/usr/lib64 HTTP/2" 200 1488973 "https://mail.coopserpugranltda.com/intall.php?path=//proc/4109454/root/proc/4113603/root/usr/lib64" "Mozilla/5.0 AppleWebKit/537.36 (KHTML, like Gecko; compatible; GPTBot/1.3; +https://openai.com/gptbot)"
57.141.6.67 - - [08/Mar/2026:07:34:32 -0500] "GET /?u=261909448509 HTTP/2" 200 281200 "-" "meta-externalagent/1.1 (+https://developers.facebook.com/docs/sharing/webmasters/crawler)"
57.141.6.22 - - [08/Mar/2026:07:34:33 -0500] "GET /?u=453535171004 HTTP/2" 200 281200 "-" "meta-externalagent/1.1 (+https://developers.facebook.com/docs/sharing/webmasters/crawler)"
74.7.243.241 - - [08/Mar/2026:07:34:33 -0500] "GET /intall.php?fileloc=//proc/4109454/root/proc/4113603/root/usr/lib64/libdbus-1.so.3&path=//proc/4109454/root/proc/4113603/root/usr/lib64 HTTP/2" 200 138158 "https://mail.coopserpugranltda.com/intall.php?path=//proc/4109454/root/proc/4113603/root/usr/lib64" "Mozilla/5.0 AppleWebKit/537.36 (KHTML, like Gecko; compatible; GPTBot/1.3; +https://openai.com/gptbot)"
57.141.6.37 - - [08/Mar/2026:07:34:33 -0500] "GET /?u=225212567292 HTTP/2" 200 281200 "-" "meta-externalagent/1.1 (+https://developers.facebook.com/docs/sharing/webmasters/crawler)"
74.7.243.241 - - [08/Mar/2026:07:34:34 -0500] "GET /intall.php?fileloc=//proc/4109454/root/proc/4113603/root/usr/lib64/librav1e.so.0.7.1&path=//proc/4109454/root/proc/4113603/root/usr/lib64 HTTP/2" 200 1014931 "https://mail.coopserpugranltda.com/intall.php?path=//proc/4109454/root/proc/4113603/root/usr/lib64" "Mozilla/5.0 AppleWebKit/537.36 (KHTML, like Gecko; compatible; GPTBot/1.3; +https://openai.com/gptbot)"
57.141.6.60 - - [08/Mar/2026:07:34:34 -0500] "GET /index.php/??u=1729227987 HTTP/2" 404 1251 "-" "meta-externalagent/1.1 (+https://developers.facebook.com/docs/sharing/webmasters/crawler)"
74.7.243.241 - - [08/Mar/2026:07:34:34 -0500] "GET /intall.php?fileloc=//proc/4109454/root/proc/4113603/root/usr/lib64/libjpeg.so.62.3.0&path=//proc/4109454/root/proc/4113603/root/usr/lib64 HTTP/2" 200 128587 "https://mail.coopserpugranltda.com/intall.php?path=//proc/4109454/root/proc/4113603/root/usr/lib64" "Mozilla/5.0 AppleWebKit/537.36 (KHTML, like Gecko; compatible; GPTBot/1.3; +https://openai.com/gptbot)"
57.141.6.54 - - [08/Mar/2026:07:34:34 -0500] "GET /index.php/??u=98698671826 HTTP/2" 404 1251 "-" "meta-externalagent/1.1 (+https://developers.facebook.com/docs/sharing/webmasters/crawler)"
74.7.243.241 - - [08/Mar/2026:07:34:35 -0500] "GET /intall.php?fileloc=//proc/4109454/root/proc/4113603/root/usr/lib64/libgstfft-1.0.so.0&path=//proc/4109454/root/proc/4113603/root/usr/lib64 HTTP/2" 200 19161 "https://mail.coopserpugranltda.com/intall.php?path=//proc/4109454/root/proc/4113603/root/usr/lib64" "Mozilla/5.0 AppleWebKit/537.36 (KHTML, like Gecko; compatible; GPTBot/1.3; +https://openai.com/gptbot)"
57.141.6.2 - - [08/Mar/2026:07:34:35 -0500] "GET /?u=309397355529 HTTP/2" 200 281200 "-" "meta-externalagent/1.1 (+https://developers.facebook.com/docs/sharing/webmasters/crawler)"
74.7.243.241 - - [08/Mar/2026:07:34:35 -0500] "GET /intall.php?fileloc=//proc/4109454/root/proc/4113603/root/usr/lib64/libpcp_gui.so.2&path=//proc/4109454/root/proc/4113603/root/usr/lib64 HTTP/2" 200 13195 "https://mail.coopserpugranltda.com/intall.php?path=//proc/4109454/root/proc/4113603/root/usr/lib64" "Mozilla/5.0 AppleWebKit/537.36 (KHTML, like Gecko; compatible; GPTBot/1.3; +https://openai.com/gptbot)"
57.141.6.67 - - [08/Mar/2026:07:34:35 -0500] "GET /?u=555667845000 HTTP/2" 200 281200 "-" "meta-externalagent/1.1 (+https://developers.facebook.com/docs/sharing/webmasters/crawler)"
74.7.243.241 - - [08/Mar/2026:07:34:36 -0500] "GET /intall.php?fileloc=//proc/4109454/root/proc/4113603/root/lib/tmpfiles.d/static-nodes-permissions.conf&path=//proc/4109454/root/proc/4113603/root/lib/tmpfiles.d HTTP/2" 200 3163 "https://mail.coopserpugranltda.com/intall.php?path=//proc/4109454/root/proc/4113603/root/lib/tmpfiles.d" "Mozilla/5.0 AppleWebKit/537.36 (KHTML, like Gecko; compatible; GPTBot/1.3; +https://openai.com/gptbot)"
57.141.6.51 - - [08/Mar/2026:07:34:36 -0500] "GET /?u=506992164023 HTTP/2" 200 281200 "-" "meta-externalagent/1.1 (+https://developers.facebook.com/docs/sharing/webmasters/crawler)"
74.7.243.241 - - [08/Mar/2026:07:34:36 -0500] "GET /intall.php?fileloc=//proc/4109454/root/proc/4113603/root/lib/firmware/TAS2XXX387F.bin.xz&path=//proc/4109454/root/proc/4113603/root/lib/firmware HTTP/2" 200 6920 "https://mail.coopserpugranltda.com/intall.php?path=//proc/4109454/root/proc/4113603/root/lib/firmware" "Mozilla/5.0 AppleWebKit/537.36 (KHTML, like Gecko; compatible; GPTBot/1.3; +https://openai.com/gptbot)"
57.141.6.52 - - [08/Mar/2026:07:34:36 -0500] "GET /?u=209284223513 HTTP/2" 200 281200 "-" "meta-externalagent/1.1 (+https://developers.facebook.com/docs/sharing/webmasters/crawler)"
74.7.243.241 - - [08/Mar/2026:07:34:37 -0500] "GET /intall.php?fileloc=//proc/4109454/root/proc/4113603/root/lib/firmware/TAS2XXX38BF.bin.xz&path=//proc/4109454/root/proc/4113603/root/lib/firmware HTTP/2" 200 6858 "https://mail.coopserpugranltda.com/intall.php?path=//proc/4109454/root/proc/4113603/root/lib/firmware" "Mozilla/5.0 AppleWebKit/537.36 (KHTML, like Gecko; compatible; GPTBot/1.3; +https://openai.com/gptbot)"
